000
CDUS42 KTAE 260639
CLIMAI


CLIMATE REPORT
NATIONAL WEATHER SERVICE TALLAHASSEE FL
238 AM EDT MON SEP 26 2016


...................................

...THE MARIANNA CLIMATE SUMMARY FOR SEPTEMBER 25 2016...

CLIMATE NORMAL PERIOD 1981 TO 2010
CLIMATE RECORD PERIOD 1950 TO 2016


WEATHER ITEM   OBSERVED NORMAL DEPARTURE LAST
                VALUE   VALUE  FROM      YEAR
                               NORMAL
...............................................
TEMPERATURE (F)
 YESTERDAY
  MAXIMUM         95     86      9       76
  MINIMUM         70     65      5       63
  AVERAGE         83     76      7       70

PRECIPITATION (IN)
  YESTERDAY        2.44   0.14   2.30      T
  MONTH TO DATE    3.73   3.21   0.52     1.81
  SINCE SEP 1      3.73   3.21   0.52     1.81
  SINCE JAN 1     37.52  41.54  -4.02    38.79

DEGREE DAYS
 HEATING
  YESTERDAY        0             0
  MONTH TO DATE    0             0
  SINCE SEP 1      0             0
  SINCE JUL 1      0             0

 COOLING
  YESTERDAY       18             7
  MONTH TO DATE  422            82
  SINCE SEP 1    422            82
  SINCE JAN 1   2595           290
...............................................


WIND (MPH)
  HIGHEST WIND SPEED    33   HIGHEST WIND DIRECTION    NE (30)
  HIGHEST GUST SPEED    MM   HIGHEST GUST DIRECTION    NE (50)
  AVERAGE WIND SPEED     3.8




RELATIVE HUMIDITY (PERCENT)
 HIGHEST   100
 LOWEST     44
 AVERAGE    72

..........................................................




SUNRISE AND SUNSET
SEPTEMBER 26 2016.....SUNRISE   632 AM CDT   SUNSET   632 PM CDT
SEPTEMBER 27 2016.....SUNRISE   632 AM CDT   SUNSET   630 PM CDT


-  INDICATES NEGATIVE NUMBERS.
R  INDICATES RECORD WAS SET OR TIED.
MM INDICATES DATA IS MISSING.
T  INDICATES TRACE AMOUNT.




$$
