000
CDUS42 KTAE 240642
CLIMAI


CLIMATE REPORT
NATIONAL WEATHER SERVICE TALLAHASSEE FL
142 AM EST FRI NOV 24 2017


...................................

...THE MARIANNA CLIMATE SUMMARY FOR NOVEMBER 23 2017...

CLIMATE NORMAL PERIOD 1981 TO 2010
CLIMATE RECORD PERIOD 1950 TO 2017


WEATHER ITEM   OBSERVED NORMAL DEPARTURE LAST
                VALUE   VALUE  FROM      YEAR
                               NORMAL
...............................................
TEMPERATURE (F)
 YESTERDAY
  MAXIMUM         69     70     -1       76
  MINIMUM         50     47      3       40
  AVERAGE         60     58      2       58

PRECIPITATION (IN)
  YESTERDAY        0.00   0.16  -0.16     0.00
  MONTH TO DATE    0.21   3.09  -2.88      T
  SINCE SEP 1      4.38  10.31  -5.93     4.04
  SINCE JAN 1     44.08  48.64  -4.56    37.83

DEGREE DAYS
 HEATING
  YESTERDAY        5            -3
  MONTH TO DATE   86           -41
  SINCE SEP 1    138           -38
  SINCE JUL 1    138           -38

 COOLING
  YESTERDAY        0            -1
  MONTH TO DATE   45            12
  SINCE SEP 1    720           142
  SINCE JAN 1   2983           440
...............................................


WIND (MPH)
  HIGHEST WIND SPEED    10   HIGHEST WIND DIRECTION     N (10)
  HIGHEST GUST SPEED    13   HIGHEST GUST DIRECTION     N (20)
  AVERAGE WIND SPEED     4.6




RELATIVE HUMIDITY (PERCENT)
 HIGHEST   100
 LOWEST     52
 AVERAGE    76

..........................................................




SUNRISE AND SUNSET
NOVEMBER 24 2017......SUNRISE   615 AM CST   SUNSET   440 PM CST
NOVEMBER 25 2017......SUNRISE   616 AM CST   SUNSET   439 PM CST


-  INDICATES NEGATIVE NUMBERS.
R  INDICATES RECORD WAS SET OR TIED.
MM INDICATES DATA IS MISSING.
T  INDICATES TRACE AMOUNT.




$$
