000
CDUS42 KTAE 310655
CLIMAI


CLIMATE REPORT
NATIONAL WEATHER SERVICE TALLAHASSEE FL
251 AM EDT THU JUL 31 2014


...................................

...THE MARIANNA CLIMATE SUMMARY FOR JULY 30 2014...

CLIMATE NORMAL PERIOD 1981 TO 2010
CLIMATE RECORD PERIOD 1950 TO 2014


WEATHER ITEM   OBSERVED NORMAL DEPARTURE LAST
                VALUE   VALUE  FROM      YEAR
                               NORMAL
...............................................
TEMPERATURE (F)
 YESTERDAY
  MAXIMUM         88     91     -3
  MINIMUM         67     73     -6
  AVERAGE         78     82     -4

PRECIPITATION (IN)
  YESTERDAY        0.00   0.14  -0.14      T
  MONTH TO DATE    4.83   4.96  -0.13    11.21
  SINCE JUN 1      7.50  10.53  -3.03    15.31
  SINCE JAN 1     39.22  32.75   6.47    36.21

DEGREE DAYS
 HEATING
  YESTERDAY        0             0
  MONTH TO DATE    0             0
  SINCE JUN 1      0             0
  SINCE JUL 1      0             0

 COOLING
  YESTERDAY       13            -4
  MONTH TO DATE  511             1
  SINCE JUN 1   1008            39
  SINCE JAN 1   1442             3
...............................................


WIND (MPH)
  HIGHEST WIND SPEED    13   HIGHEST WIND DIRECTION     N (350)
  HIGHEST GUST SPEED    16   HIGHEST GUST DIRECTION     W (280)
  AVERAGE WIND SPEED     2.8




RELATIVE HUMIDITY (PERCENT)
 HIGHEST   100
 LOWEST     39
 AVERAGE    70

..........................................................




SUNRISE AND SUNSET
JULY 31 2014..........SUNRISE   558 AM CDT   SUNSET   736 PM CDT
AUGUST  1 2014........SUNRISE   558 AM CDT   SUNSET   735 PM CDT


-  INDICATES NEGATIVE NUMBERS.
R  INDICATES RECORD WAS SET OR TIED.
MM INDICATES DATA IS MISSING.
T  INDICATES TRACE AMOUNT.




$$
