000
CDUS42 KTAE 100635
CLIMAI


CLIMATE REPORT
NATIONAL WEATHER SERVICE TALLAHASSEE FL
134 AM EST WED FEB 10 2016


...................................

...THE MARIANNA CLIMATE SUMMARY FOR FEBRUARY 9 2016...

CLIMATE NORMAL PERIOD 1981 TO 2010
CLIMATE RECORD PERIOD 1950 TO 2016


WEATHER ITEM   OBSERVED NORMAL DEPARTURE LAST
                VALUE   VALUE  FROM      YEAR
                               NORMAL
...............................................
TEMPERATURE (F)
 YESTERDAY
  MAXIMUM         52     65    -13       72
  MINIMUM         32     42    -10       49
  AVERAGE         42     53    -11       61

PRECIPITATION (IN)
  YESTERDAY        0.00   0.18  -0.18     0.25
  MONTH TO DATE    2.17   1.53   0.64     1.80
  SINCE DEC 1     16.07  10.48   5.59    10.61
  SINCE JAN 1      6.94   6.57   0.37     5.24

DEGREE DAYS
 HEATING
  YESTERDAY       23            11
  MONTH TO DATE  112            -1
  SINCE DEC 1    744          -231
  SINCE JUL 1    848          -365

 COOLING
  YESTERDAY        0             0
  MONTH TO DATE    0             0
  SINCE DEC 1     74            58
  SINCE JAN 1      0            -4
...............................................


WIND (MPH)
  HIGHEST WIND SPEED    25   HIGHEST WIND DIRECTION     W (280)
  HIGHEST GUST SPEED    32   HIGHEST GUST DIRECTION     W (280)
  AVERAGE WIND SPEED    11.0




RELATIVE HUMIDITY (PERCENT)
 HIGHEST    69
 LOWEST     24
 AVERAGE    47

..........................................................




SUNRISE AND SUNSET
FEBRUARY 10 2016......SUNRISE   626 AM CST   SUNSET   524 PM CST
FEBRUARY 11 2016......SUNRISE   625 AM CST   SUNSET   525 PM CST


-  INDICATES NEGATIVE NUMBERS.
R  INDICATES RECORD WAS SET OR TIED.
MM INDICATES DATA IS MISSING.
T  INDICATES TRACE AMOUNT.




$$
