000
CDUS42 KTAE 200635
CLIMAI


CLIMATE REPORT
NATIONAL WEATHER SERVICE TALLAHASSEE FL
231 AM EDT WED SEP 20 2017


...................................

...THE MARIANNA CLIMATE SUMMARY FOR SEPTEMBER 19 2017...

CLIMATE NORMAL PERIOD 1981 TO 2010
CLIMATE RECORD PERIOD 1950 TO 2017


WEATHER ITEM   OBSERVED NORMAL DEPARTURE LAST
                VALUE   VALUE  FROM      YEAR
                               NORMAL
...............................................
TEMPERATURE (F)
 YESTERDAY
  MAXIMUM         93     88      5       92
  MINIMUM         72     67      5       74
  AVERAGE         83     77      6       83

PRECIPITATION (IN)
  YESTERDAY        0.03   0.11  -0.08     0.00
  MONTH TO DATE    3.04   2.44   0.60     0.85
  SINCE SEP 1      3.04   2.44   0.60     0.85
  SINCE JAN 1     42.74  40.77   1.97    34.64

DEGREE DAYS
 HEATING
  YESTERDAY        0             0
  MONTH TO DATE    2             2
  SINCE SEP 1      2             2
  SINCE JUL 1      2             2

 COOLING
  YESTERDAY       18             6
  MONTH TO DATE  237           -34
  SINCE SEP 1    237           -34
  SINCE JAN 1   2500           264
...............................................


WIND (MPH)
  HIGHEST WIND SPEED    13   HIGHEST WIND DIRECTION     N (20)
  HIGHEST GUST SPEED    21   HIGHEST GUST DIRECTION    NE (40)
  AVERAGE WIND SPEED     4.0




RELATIVE HUMIDITY (PERCENT)
 HIGHEST   100
 LOWEST     46
 AVERAGE    73

..........................................................




SUNRISE AND SUNSET
SEPTEMBER 20 2017.....SUNRISE   628 AM CDT   SUNSET   640 PM CDT
SEPTEMBER 21 2017.....SUNRISE   629 AM CDT   SUNSET   638 PM CDT


-  INDICATES NEGATIVE NUMBERS.
R  INDICATES RECORD WAS SET OR TIED.
MM INDICATES DATA IS MISSING.
T  INDICATES TRACE AMOUNT.




$$
