000
CDUS42 KTAE 050626
CLIMAI


CLIMATE REPORT
NATIONAL WEATHER SERVICE TALLAHASSEE FL
224 AM EDT SAT SEP 5 2015

...................................

...THE MARIANNA CLIMATE SUMMARY FOR SEPTEMBER 4 2015...

CLIMATE NORMAL PERIOD 1981 TO 2010
CLIMATE RECORD PERIOD 1950 TO 2015


WEATHER ITEM   OBSERVED NORMAL DEPARTURE LAST
                VALUE   VALUE  FROM      YEAR
                               NORMAL
...............................................
TEMPERATURE (F)
 YESTERDAY
  MAXIMUM         94     90      4       92
  MINIMUM         71     71      0       73
  AVERAGE         83     80      3       83

PRECIPITATION (IN)
  YESTERDAY        0.00   0.13  -0.13     0.03
  MONTH TO DATE    0.60   0.53   0.07     0.79
  SINCE SEP 1      0.60   0.53   0.07     0.79
  SINCE JAN 1     37.58  38.86  -1.28    43.73

DEGREE DAYS
 HEATING
  YESTERDAY        0             0
  MONTH TO DATE    0             0
  SINCE SEP 1      0             0
  SINCE JUL 1      0             0

 COOLING
  YESTERDAY       18             3
  MONTH TO DATE   74            12
  SINCE SEP 1     74            12
  SINCE JAN 1   2422           395
...............................................


WIND (MPH)
  HIGHEST WIND SPEED    14   HIGHEST WIND DIRECTION     S (190)
  HIGHEST GUST SPEED    28   HIGHEST GUST DIRECTION     W (270)
  AVERAGE WIND SPEED     3.1




RELATIVE HUMIDITY (PERCENT)
 HIGHEST   100
 LOWEST     52
 AVERAGE    76

..........................................................



SUNRISE AND SUNSET
SEPTEMBER  5 2015.....SUNRISE   619 AM CDT   SUNSET   659 PM CDT
SEPTEMBER  6 2015.....SUNRISE   620 AM CDT   SUNSET   658 PM CDT


-  INDICATES NEGATIVE NUMBERS.
R  INDICATES RECORD WAS SET OR TIED.
MM INDICATES DATA IS MISSING.
T  INDICATES TRACE AMOUNT.

$$
