000
CDUS43 KABR 051031
CLIMBG


CLIMATE REPORT
NATIONAL WEATHER SERVICE ABERDEEN SD
531 AM CDT THU MAY 5 2016


...................................

...THE MOBRIDGE SD CLIMATE SUMMARY FOR MAY 4 2016...

CLIMATE NORMAL PERIOD 1981 TO 2010
CLIMATE RECORD PERIOD 1911 TO 2016


WEATHER ITEM   OBSERVED TIME   RECORD YEAR NORMAL DEPARTURE LAST
                VALUE   (LST)  VALUE       VALUE  FROM      YEAR
                                                  NORMAL
..................................................................
TEMPERATURE (F)
 YESTERDAY
  MAXIMUM         77    433 PM  92    1918  65     12       67
                                      1939
  MINIMUM         37    548 AM  21    2013  40     -3       35
  AVERAGE         57                        52      5       51

PRECIPITATION (IN)
  YESTERDAY        0.00          1.04 1999   0.09  -0.09     0.00
  MONTH TO DATE    0.42                      0.35   0.07      T
  SINCE MAR 1      5.83                      2.82   3.01     0.67
  SINCE JAN 1      7.05                      3.55   3.50     1.47

DEGREE DAYS
 HEATING
  YESTERDAY        8                        13     -5       14
  MONTH TO DATE   44                        53     -9       32
  SINCE MAR 1   1274                      1673   -399     1322
  SINCE JUL 1   6149                      7648  -1499     7081

 COOLING
  YESTERDAY        0                         0      0        0
  MONTH TO DATE    0                         0      0        5
  SINCE MAR 1      2                         1      1        5
  SINCE JAN 1      2                         1      1        5
..................................................................


WIND (MPH)
  HIGHEST WIND SPEED    13   HIGHEST WIND DIRECTION    SE (150)
  HIGHEST GUST SPEED    14   HIGHEST GUST DIRECTION    SE (140)
  AVERAGE WIND SPEED     5.8


SKY COVER
  POSSIBLE SUNSHINE  MM
  AVERAGE SKY COVER 0.0


WEATHER CONDITIONS
 THE FOLLOWING WEATHER WAS RECORDED YESTERDAY.
  NO SIGNIFICANT WEATHER WAS OBSERVED.


RELATIVE HUMIDITY (PERCENT)
 HIGHEST    92           600 AM
 LOWEST     31           200 PM
 AVERAGE    62

..........................................................


THE MOBRIDGE SD CLIMATE NORMALS FOR TODAY
                         NORMAL    RECORD    YEAR
 MAXIMUM TEMPERATURE (F)   66        93      1939
 MINIMUM TEMPERATURE (F)   40        18      1944


SUNRISE AND SUNSET
MAY  5 2016...........SUNRISE   623 AM CDT   SUNSET   854 PM CDT
MAY  6 2016...........SUNRISE   622 AM CDT   SUNSET   856 PM CDT


-  INDICATES NEGATIVE NUMBERS.
R  INDICATES RECORD WAS SET OR TIED.
MM INDICATES DATA IS MISSING.
T  INDICATES TRACE AMOUNT.




$$
