000
CDUS43 KABR 211044
CLIMBG


CLIMATE REPORT
NATIONAL WEATHER SERVICE ABERDEEN SD
542 AM CDT FRI JUL 21 2017


...................................

...THE MOBRIDGE SD CLIMATE SUMMARY FOR JULY 20 2017...

CLIMATE NORMAL PERIOD 1981 TO 2010
CLIMATE RECORD PERIOD 1911 TO 2017


WEATHER ITEM   OBSERVED TIME   RECORD YEAR NORMAL DEPARTURE LAST
                VALUE   (LST)  VALUE       VALUE  FROM      YEAR
                                                  NORMAL
..................................................................
TEMPERATURE (F)
 YESTERDAY
  MAXIMUM         93    511 PM 115    1934  87      6      105
  MINIMUM         61    401 AM  46    1944  60      1       74
  AVERAGE         77                        73      4       90

PRECIPITATION (IN)
  YESTERDAY        0.78          2.39 2001   0.09   0.69     0.05
  MONTH TO DATE    2.76                      1.78   0.98     0.69
  SINCE JUN 1      4.26                      4.94  -0.68     3.10
  SINCE JAN 1      6.79                     10.96  -4.17    13.48

DEGREE DAYS
 HEATING
  YESTERDAY        0                         0      0        0
  MONTH TO DATE    0                         5     -5        1
  SINCE JUN 1     29                        80    -51       13
  SINCE JUL 1      0                         5     -5        1

 COOLING
  YESTERDAY       12                         9      3       25
  MONTH TO DATE  265                       153    112      205
  SINCE JUN 1    444                       252    192      425
  SINCE JAN 1    464                       268    196      441
..................................................................


WIND (MPH)
  HIGHEST WIND SPEED    35   HIGHEST WIND DIRECTION    NW (310)
  HIGHEST GUST SPEED    49   HIGHEST GUST DIRECTION    NW (310)
  AVERAGE WIND SPEED    12.9


SKY COVER
  POSSIBLE SUNSHINE  MM
  AVERAGE SKY COVER 0.2


WEATHER CONDITIONS
 THE FOLLOWING WEATHER WAS RECORDED YESTERDAY.
  THUNDERSTORM
  HEAVY RAIN
  RAIN
  LIGHT RAIN
  FOG
  FOG W/VISIBILITY <= 1/4 MILE
  HAZE


RELATIVE HUMIDITY (PERCENT)
 HIGHEST   100           300 AM
 LOWEST     28           400 PM
 AVERAGE    64

..........................................................


THE MOBRIDGE SD CLIMATE NORMALS FOR TODAY
                         NORMAL    RECORD    YEAR
 MAXIMUM TEMPERATURE (F)   87       108      1960
 MINIMUM TEMPERATURE (F)   60        44      1947


SUNRISE AND SUNSET
JULY 21 2017..........SUNRISE   614 AM CDT   SUNSET   922 PM CDT
JULY 22 2017..........SUNRISE   615 AM CDT   SUNSET   921 PM CDT


-  INDICATES NEGATIVE NUMBERS.
R  INDICATES RECORD WAS SET OR TIED.
MM INDICATES DATA IS MISSING.
T  INDICATES TRACE AMOUNT.




$$
