000
CDUS43 KABR 240916
CLIMBG


CLIMATE REPORT
NATIONAL WEATHER SERVICE ABERDEEN SD
415 AM CDT SUN JUL 24 2016


...................................

...THE MOBRIDGE SD CLIMATE SUMMARY FOR JULY 23 2016...

CLIMATE NORMAL PERIOD 1981 TO 2010
CLIMATE RECORD PERIOD 1911 TO 2016


WEATHER ITEM   OBSERVED TIME   RECORD YEAR NORMAL DEPARTURE LAST
                VALUE   (LST)  VALUE       VALUE  FROM      YEAR
                                                  NORMAL
..................................................................
TEMPERATURE (F)
 YESTERDAY
  MAXIMUM         88    543 PM 108    1940  87      1       97
  MINIMUM         64   1159 PM  46    1952  60      4       69
  AVERAGE         76                        74      2       83

PRECIPITATION (IN)
  YESTERDAY        0.03          0.64 1949   0.08  -0.05     0.01
  MONTH TO DATE    1.10                      2.03  -0.93     1.41
  SINCE JUN 1      3.51                      5.19  -1.68     4.96
  SINCE JAN 1     13.89                     11.21   2.68    15.75

DEGREE DAYS
 HEATING
  YESTERDAY        0                         0      0        0
  MONTH TO DATE    1                         5     -4        0
  SINCE JUN 1     13                        80    -67       18
  SINCE JUL 1      1                         5     -4        0

 COOLING
  YESTERDAY       11                         9      2       18
  MONTH TO DATE  253                       180     73      237
  SINCE JUN 1    473                       279    194      386
  SINCE JAN 1    489                       295    194      402
..................................................................


WIND (MPH)
  HIGHEST WIND SPEED    37   HIGHEST WIND DIRECTION     S (170)
  HIGHEST GUST SPEED    45   HIGHEST GUST DIRECTION     S (170)
  AVERAGE WIND SPEED    11.0


SKY COVER
  POSSIBLE SUNSHINE  MM
  AVERAGE SKY COVER 0.2


WEATHER CONDITIONS
 THE FOLLOWING WEATHER WAS RECORDED YESTERDAY.
  THUNDERSTORM
  LIGHT RAIN


RELATIVE HUMIDITY (PERCENT)
 HIGHEST    85           900 AM
 LOWEST     29           600 PM
 AVERAGE    57

..........................................................


THE MOBRIDGE SD CLIMATE NORMALS FOR TODAY
                         NORMAL    RECORD    YEAR
 MAXIMUM TEMPERATURE (F)   87       109      1952
 MINIMUM TEMPERATURE (F)   60        47      2004


SUNRISE AND SUNSET
JULY 24 2016..........SUNRISE   617 AM CDT   SUNSET   919 PM CDT
JULY 25 2016..........SUNRISE   618 AM CDT   SUNSET   918 PM CDT


-  INDICATES NEGATIVE NUMBERS.
R  INDICATES RECORD WAS SET OR TIED.
MM INDICATES DATA IS MISSING.
T  INDICATES TRACE AMOUNT.




$$
