000
CDUS43 KABR 281037
CLIMBG


CLIMATE REPORT
NATIONAL WEATHER SERVICE ABERDEEN SD
536 AM CDT WED SEP 28 2016


...................................

...THE MOBRIDGE SD CLIMATE SUMMARY FOR SEPTEMBER 27 2016...

CLIMATE NORMAL PERIOD 1981 TO 2010
CLIMATE RECORD PERIOD 1911 TO 2016


WEATHER ITEM   OBSERVED TIME   RECORD YEAR NORMAL DEPARTURE LAST
                VALUE   (LST)  VALUE       VALUE  FROM      YEAR
                                                  NORMAL
..................................................................
TEMPERATURE (F)
 YESTERDAY
  MAXIMUM         80    240 PM 101    1952  69     11       88
  MINIMUM         38    622 AM  17    1928  42     -4       57
  AVERAGE         59                        55      4       73

PRECIPITATION (IN)
  YESTERDAY        0.00          0.43 1929   0.05  -0.05     0.00
  MONTH TO DATE    0.60                      1.39  -0.79     0.74
  SINCE SEP 1      0.60                      1.39  -0.79     0.74
  SINCE JAN 1     17.57                     15.30   2.27    21.16

DEGREE DAYS
 HEATING
  YESTERDAY        6                        10     -4        0
  MONTH TO DATE   83                       155    -72       37
  SINCE SEP 1     83                       155    -72       37
  SINCE JUL 1     97                       188    -91       59

 COOLING
  YESTERDAY        0                         0      0        8
  MONTH TO DATE   66                        60      6      132
  SINCE SEP 1     66                        60      6      132
  SINCE JAN 1    944                       641    303      844
..................................................................


WIND (MPH)
  HIGHEST WIND SPEED    17   HIGHEST WIND DIRECTION    NE (30)
  HIGHEST GUST SPEED    23   HIGHEST GUST DIRECTION    NE (30)
  AVERAGE WIND SPEED     5.7


SKY COVER
  POSSIBLE SUNSHINE  MM
  AVERAGE SKY COVER 0.0


WEATHER CONDITIONS
 THE FOLLOWING WEATHER WAS RECORDED YESTERDAY.
  NO SIGNIFICANT WEATHER WAS OBSERVED.


RELATIVE HUMIDITY (PERCENT)
 HIGHEST    86           700 AM
 LOWEST     27           500 PM
 AVERAGE    57

..........................................................


THE MOBRIDGE SD CLIMATE NORMALS FOR TODAY
                         NORMAL    RECORD    YEAR
 MAXIMUM TEMPERATURE (F)   68        88      1995
 MINIMUM TEMPERATURE (F)   42        22      1945


SUNRISE AND SUNSET
SEPTEMBER 28 2016.....SUNRISE   737 AM CDT   SUNSET   727 PM CDT
SEPTEMBER 29 2016.....SUNRISE   738 AM CDT   SUNSET   725 PM CDT


-  INDICATES NEGATIVE NUMBERS.
R  INDICATES RECORD WAS SET OR TIED.
MM INDICATES DATA IS MISSING.
T  INDICATES TRACE AMOUNT.




$$
