000
CDUS43 KABR 231037
CLIMBG


CLIMATE REPORT
NATIONAL WEATHER SERVICE ABERDEEN SD
437 AM CST THU NOV 23 2017


...................................

...THE MOBRIDGE SD CLIMATE SUMMARY FOR NOVEMBER 22 2017...

CLIMATE NORMAL PERIOD 1981 TO 2010
CLIMATE RECORD PERIOD 1911 TO 2017


WEATHER ITEM   OBSERVED TIME   RECORD YEAR NORMAL DEPARTURE LAST
                VALUE   (LST)  VALUE       VALUE  FROM      YEAR
                                                  NORMAL
..................................................................
TEMPERATURE (F)
 YESTERDAY
  MAXIMUM         57    517 PM  67    1912  39     18       47
  MINIMUM         14   1245 AM  -8    1929  17     -3       34
  AVERAGE         36                        28      8       41

PRECIPITATION (IN)
  YESTERDAY        0.00          0.28 1931   0.01  -0.01     0.00
  MONTH TO DATE    0.17                      0.44  -0.27     0.21
  SINCE SEP 1      2.36                      3.48  -1.12     1.32
  SINCE JAN 1     15.06                     17.39  -2.33    18.29

SNOWFALL (IN)
  YESTERDAY        0.0
  MONTH TO DATE    0.4
  SINCE OCT 1      0.4
  SINCE JUL 1      0.4
  SNOW DEPTH       0

DEGREE DAYS
 HEATING
  YESTERDAY       29                        37     -8       24
  MONTH TO DATE  722                       677     45      408
  SINCE SEP 1   1315                      1418   -103      887
  SINCE JUL 1   1321                      1451   -130      901

 COOLING
  YESTERDAY        0                         0      0        0
  MONTH TO DATE    0                         0      0        0
  SINCE SEP 1     80                        63     17       83
  SINCE JAN 1    791                       644    147      961
..................................................................


WIND (MPH)
  HIGHEST WIND SPEED    20   HIGHEST WIND DIRECTION     S (170)
  HIGHEST GUST SPEED    24   HIGHEST GUST DIRECTION     S (170)
  AVERAGE WIND SPEED     9.5


SKY COVER
  POSSIBLE SUNSHINE  MM
  AVERAGE SKY COVER 0.2


WEATHER CONDITIONS
 THE FOLLOWING WEATHER WAS RECORDED YESTERDAY.
  NO SIGNIFICANT WEATHER WAS OBSERVED.


RELATIVE HUMIDITY (PERCENT)
 HIGHEST    89          1100 PM
 LOWEST     35           200 PM
 AVERAGE    62

..........................................................


THE MOBRIDGE SD CLIMATE NORMALS FOR TODAY
                         NORMAL    RECORD    YEAR
 MAXIMUM TEMPERATURE (F)   38        56      2005
                                             1957
 MINIMUM TEMPERATURE (F)   17       -10      1985


SUNRISE AND SUNSET
NOVEMBER 23 2017......SUNRISE   752 AM CST   SUNSET   504 PM CST
NOVEMBER 24 2017......SUNRISE   753 AM CST   SUNSET   503 PM CST


-  INDICATES NEGATIVE NUMBERS.
R  INDICATES RECORD WAS SET OR TIED.
MM INDICATES DATA IS MISSING.
T  INDICATES TRACE AMOUNT.




$$
