000
CDUS43 KABR 261030
CLIMBG


CLIMATE REPORT
NATIONAL WEATHER SERVICE ABERDEEN SD
530 AM CDT TUE MAY 26 2015


...................................

...THE MOBRIDGE SD CLIMATE SUMMARY FOR MAY 25 2015...

CLIMATE NORMAL PERIOD 1981 TO 2010
CLIMATE RECORD PERIOD 1911 TO 2015


WEATHER ITEM   OBSERVED TIME   RECORD YEAR NORMAL DEPARTURE LAST
                VALUE   (LST)  VALUE       VALUE  FROM      YEAR
                                                  NORMAL
..................................................................
TEMPERATURE (F)
 YESTERDAY
  MAXIMUM         66    622 PM  96    1941  71     -5       79
  MINIMUM         53   1156 PM  35    2002  47      6       58
                                      2000
  AVERAGE         60                        59      1       69

PRECIPITATION (IN)
  YESTERDAY        0.35          1.80 1960   0.10   0.25     0.39
  MONTH TO DATE    9.16                      2.25   6.91     1.64
  SINCE MAR 1      9.83                      4.72   5.11     4.50
  SINCE JAN 1     10.63                      5.45   5.18     5.11

DEGREE DAYS
 HEATING
  YESTERDAY        5                         7     -2        0
  MONTH TO DATE  270                       254     16      313
  SINCE MAR 1   1560                      1874   -314     2130
  SINCE JUL 1   7319                      7849   -530     8670

 COOLING
  YESTERDAY        0                         1     -1        4
  MONTH TO DATE    6                         7     -1       16
  SINCE MAR 1      6                         8     -2       16
  SINCE JAN 1      6                         8     -2       16
..................................................................


WIND (MPH)
  HIGHEST WIND SPEED    16   HIGHEST WIND DIRECTION     E (80)
  HIGHEST GUST SPEED    22   HIGHEST GUST DIRECTION     E (70)
  AVERAGE WIND SPEED     7.6


SKY COVER
  POSSIBLE SUNSHINE  MM
  AVERAGE SKY COVER 0.7


WEATHER CONDITIONS
 THE FOLLOWING WEATHER WAS RECORDED YESTERDAY.
  RAIN
  LIGHT RAIN
  FOG


RELATIVE HUMIDITY (PERCENT)
 HIGHEST   100          1200 AM
 LOWEST     67           400 PM
 AVERAGE    84

..........................................................


THE MOBRIDGE SD CLIMATE NORMALS FOR TODAY
                         NORMAL    RECORD    YEAR
 MAXIMUM TEMPERATURE (F)   71        98      2006
 MINIMUM TEMPERATURE (F)   47        32      1947


SUNRISE AND SUNSET
MAY 26 2015...........SUNRISE   600 AM CDT   SUNSET   917 PM CDT
MAY 27 2015...........SUNRISE   600 AM CDT   SUNSET   918 PM CDT


-  INDICATES NEGATIVE NUMBERS.
R  INDICATES RECORD WAS SET OR TIED.
MM INDICATES DATA IS MISSING.
T  INDICATES TRACE AMOUNT.




$$
