000
CDUS43 KABR 172334
CLIMBG


CLIMATE REPORT
NATIONAL WEATHER SERVICE ABERDEEN SD
533 PM CST SAT FEB 17 2018


...................................

...THE MOBRIDGE SD CLIMATE SUMMARY FOR FEBRUARY 17 2018...
VALID TODAY AS OF 0500 PM LOCAL TIME.

CLIMATE NORMAL PERIOD 1981 TO 2010
CLIMATE RECORD PERIOD 1911 TO 2018


WEATHER ITEM   OBSERVED TIME   RECORD YEAR NORMAL DEPARTURE LAST
                VALUE   (LST)  VALUE       VALUE  FROM      YEAR
                                                  NORMAL
..................................................................
TEMPERATURE (F)
 TODAY
  MAXIMUM         28    116 PM  63    1954  32     -4       51
  MINIMUM         13    343 AM -26    1936  10      3       25
  AVERAGE         21                        21      0       38

PRECIPITATION (IN)
  TODAY            T             0.29 1991   0.01  -0.01     0.00
  MONTH TO DATE    0.40                      0.24   0.16     0.07
  SINCE DEC 1      1.00                      0.97   0.03     2.90
  SINCE JAN 1      0.46                      0.53  -0.07     0.60

SNOWFALL (IN)
  TODAY            T
  MONTH TO DATE    6.4
  SINCE OCT 1     16.7
  SINCE JUL 1     16.7
  SNOW DEPTH       3

DEGREE DAYS
 HEATING
  TODAY           44                        44      0       27
  MONTH TO DATE  981                       781    200      748
  SINCE DEC 1   3784                      3748     36     3954
  SINCE JUL 1   5285                      5514   -229     5105

 COOLING
  TODAY            0                         0      0        0
  MONTH TO DATE    0                         0      0        0
  SINCE DEC 1      0                         0      0        0
  SINCE JAN 1      0                         0      0        0
..................................................................


WIND (MPH)
  HIGHEST WIND SPEED    20   HIGHEST WIND DIRECTION    NW (330)
  HIGHEST GUST SPEED    25   HIGHEST GUST DIRECTION    NW (320)
  AVERAGE WIND SPEED     8.5


SKY COVER
  POSSIBLE SUNSHINE  MM
  AVERAGE SKY COVER 0.4


WEATHER CONDITIONS
 THE FOLLOWING WEATHER WAS RECORDED TODAY.
  LIGHT SNOW


RELATIVE HUMIDITY (PERCENT)
 HIGHEST    88           200 AM
 LOWEST     55           400 PM
 AVERAGE    72

..........................................................


THE MOBRIDGE SD CLIMATE NORMALS FOR TOMORROW
                         NORMAL    RECORD    YEAR
 MAXIMUM TEMPERATURE (F)   32        67      1930
 MINIMUM TEMPERATURE (F)   11       -24      1938


SUNRISE AND SUNSET
FEBRUARY 17 2018......SUNRISE   740 AM CST   SUNSET   612 PM CST
FEBRUARY 18 2018......SUNRISE   739 AM CST   SUNSET   613 PM CST


-  INDICATES NEGATIVE NUMBERS.
R  INDICATES RECORD WAS SET OR TIED.
MM INDICATES DATA IS MISSING.
T  INDICATES TRACE AMOUNT.




$$
