000
CDUS43 KDTX 260546
CLIMBS


CLIMATE REPORT
NATIONAL WEATHER SERVICE DETROIT/PONTIAC MI
1245 AM EST FRI DEC 26 2014


...................................

...THE  TRI CITIES MI CLIMATE SUMMARY FOR DECEMBER 25 2014...

CLIMATE NORMAL PERIOD 1981 TO 2010
CLIMATE RECORD PERIOD 1898 TO 2014


WEATHER ITEM   OBSERVED TIME   NORMAL DEPARTURE
                VALUE   (LST)  VALUE  FROM
                                      NORMAL
...................................................
TEMPERATURE (F)
 YESTERDAY
  MAXIMUM         38    550 PM  31      7
  MINIMUM         34   1159 PM  19     15
  AVERAGE         36            25     11

PRECIPITATION (IN)
  YESTERDAY        0.01          0.06  -0.05
  MONTH TO DATE    1.47          1.52  -0.05
  SINCE DEC 1      1.47          1.52  -0.05
  SINCE JAN 1     31.84         31.20   0.64

SNOWFALL (IN)
  YESTERDAY        T
  MONTH TO DATE    0.9
  SINCE DEC 1      0.9
  SINCE JUL 1      3.8
  SNOW DEPTH       T

DEGREE DAYS
 HEATING
  YESTERDAY       29                  -11
  MONTH TO DATE  802                 -120
  SINCE DEC 1    802                 -120
  SINCE JUL 1   2298                  -97

 COOLING
  YESTERDAY        0                    0
  MONTH TO DATE    0                    0
  SINCE DEC 1      0                    0
  SINCE JAN 1    539                  -18
...................................................


WIND (MPH)
  HIGHEST WIND SPEED    22   HIGHEST WIND DIRECTION     W (260)
  HIGHEST GUST SPEED    28   HIGHEST GUST DIRECTION    SW (240)
  AVERAGE WIND SPEED    13.6




RELATIVE HUMIDITY (PERCENT)
 HIGHEST    92
 LOWEST     70
 AVERAGE    81

..........................................................


THE  TRI CITIES MI CLIMATE NORMALS FOR TODAY
                         NORMAL
 MAXIMUM TEMPERATURE (F)   31
 MINIMUM TEMPERATURE (F)   18


SUNRISE AND SUNSET
DECEMBER 26 2014......SUNRISE   808 AM EST   SUNSET   506 PM EST
DECEMBER 27 2014......SUNRISE   809 AM EST   SUNSET   506 PM EST


-  INDICATES NEGATIVE NUMBERS.
R  INDICATES RECORD WAS SET OR TIED.
MM INDICATES DATA IS MISSING.
T  INDICATES TRACE AMOUNT.




$$
