000
CDUS43 KDTX 292045
CLIMBS


CLIMATE REPORT
NATIONAL WEATHER SERVICE DETROIT/PONTIAC MI
445 PM EDT WED MAR 29 2017


...................................

...THE TRI CITIES MI CLIMATE SUMMARY FOR MARCH 29 2017...
VALID TODAY AS OF 0400 PM LOCAL TIME.

CLIMATE NORMAL PERIOD 1981 TO 2010
CLIMATE RECORD PERIOD 1898 TO 2017


WEATHER ITEM   OBSERVED TIME   NORMAL DEPARTURE LAST
                VALUE   (LST)  VALUE  FROM      YEAR
                                      NORMAL
......................................................
TEMPERATURE (F)
 TODAY
  MAXIMUM         47   1041 AM  48     -1       49
  MINIMUM         29    654 AM  30     -1       30
  AVERAGE         38            39     -1       40

PRECIPITATION (IN)
  TODAY            0.00          0.07  -0.07     0.00
  MONTH TO DATE    1.80          1.91  -0.11     2.86
  SINCE MAR 1      1.80          1.91  -0.11     2.86
  SINCE JAN 1      6.31          5.23   1.08     6.78

SNOWFALL (IN)
  TODAY            0.0           0.1   -0.1      0.0
  MONTH TO DATE    7.5           6.1    1.4     14.9
  SINCE MAR 1      7.5           6.1    1.4     14.9
  SINCE JUL 1     37.4          39.5   -2.1     48.6
  SNOW DEPTH       0

DEGREE DAYS
 HEATING
  TODAY           27            26      1       25
  MONTH TO DATE  932           918     14      759
  SINCE MAR 1    932           918     14      759
  SINCE JUL 1   5101          6017   -916     4772

 COOLING
  TODAY            0             0      0        0
  MONTH TO DATE    0             0      0        0
  SINCE MAR 1      0             0      0        0
  SINCE JAN 1      0             0      0        0
......................................................


WIND (MPH)
  HIGHEST WIND SPEED    18   HIGHEST WIND DIRECTION    NE (50)
  HIGHEST GUST SPEED    24   HIGHEST GUST DIRECTION    NE (50)
  AVERAGE WIND SPEED     7.8


SKY COVER
  AVERAGE SKY COVER 0.0


WEATHER CONDITIONS
 THE FOLLOWING WEATHER WAS RECORDED TODAY.
  NO SIGNIFICANT WEATHER WAS OBSERVED.


..........................................................


THE TRI CITIES MI CLIMATE NORMALS FOR TOMORROW
                         NORMAL
 MAXIMUM TEMPERATURE (F)   49
 MINIMUM TEMPERATURE (F)   30


SUNRISE AND SUNSET
MARCH 29 2017.........SUNRISE   723 AM EDT   SUNSET   800 PM EDT
MARCH 30 2017.........SUNRISE   721 AM EDT   SUNSET   801 PM EDT


-  INDICATES NEGATIVE NUMBERS.
R  INDICATES RECORD WAS SET OR TIED.
MM INDICATES DATA IS MISSING.
T  INDICATES TRACE AMOUNT.




$$
