000
CDUS46 KHNX 080825
CLIMCE


CLIMATE REPORT
NATIONAL WEATHER SERVICE SAN JOAQUIN VALLEY, CA
1224 AM PST THU DEC 8 2016


...................................

...THE MERCED  CA CLIMATE SUMMARY FOR DECEMBER 7 2016...

CLIMATE NORMAL PERIOD 1981 TO 2010
CLIMATE RECORD PERIOD 1998 TO 2016


WEATHER ITEM   OBSERVED TIME   RECORD YEAR NORMAL DEPARTURE
                VALUE   (LST)  VALUE       VALUE  FROM
                                                  NORMAL
...............................................................
TEMPERATURE (F)
 YESTERDAY
  MAXIMUM         49    433 PM  65    2014  55     -6
                                      2006
  MINIMUM         29R   638 AM  29    2011  36     -7
                                      2009
                                      2006
  AVERAGE         39                        46     -7

PRECIPITATION (IN)
  YESTERDAY        T             0.65 2004   0.03  -0.03
  MONTH TO DATE    T                         0.21  -0.21
  SINCE OCT 1      2.32                      2.20   0.12
  SINCE JAN 1     13.26                     11.19   2.07

SNOWFALL (IN)
  YESTERDAY        0.0
  MONTH TO DATE    0.0
  SINCE DEC 1      0.0
  SINCE JUL 1      0.0
  SNOW DEPTH       0

DEGREE DAYS
 HEATING
  YESTERDAY       26
  MONTH TO DATE  147
  SINCE DEC 1    147
  SINCE JUL 1    492

 COOLING
  YESTERDAY        0
  MONTH TO DATE    0
  SINCE DEC 1      0
  SINCE JAN 1   1649
...............................................................


WIND (MPH)
  HIGHEST WIND SPEED    10   HIGHEST WIND DIRECTION     E (100)
  HIGHEST GUST SPEED    12   HIGHEST GUST DIRECTION     E (100)
  AVERAGE WIND SPEED     2.6




RELATIVE HUMIDITY (PERCENT)
 HIGHEST    96
 LOWEST     66
 AVERAGE    81

..........................................................


THE MERCED  CA CLIMATE NORMALS FOR TODAY
                         NORMAL    RECORD    YEAR
 MAXIMUM TEMPERATURE (F)   55        71      2006
 MINIMUM TEMPERATURE (F)   36        24      2009


SUNRISE AND SUNSET
DECEMBER  8 2016......SUNRISE   704 AM PST   SUNSET   445 PM PST
DECEMBER  9 2016......SUNRISE   705 AM PST   SUNSET   445 PM PST


-  INDICATES NEGATIVE NUMBERS.
R  INDICATES RECORD WAS SET OR TIED.
MM INDICATES DATA IS MISSING.
T  INDICATES TRACE AMOUNT.




$$
