000
CDUS46 KHNX 290823
CLIMCE


CLIMATE REPORT
NATIONAL WEATHER SERVICE SAN JOAQUIN VALLEY, CA
122 AM PDT WED MAR 29 2017


...................................

...THE MERCED  CA CLIMATE SUMMARY FOR MARCH 28 2017...

CLIMATE NORMAL PERIOD 1981 TO 2010
CLIMATE RECORD PERIOD 1998 TO 2017


WEATHER ITEM   OBSERVED TIME   RECORD YEAR NORMAL DEPARTURE
                VALUE   (LST)  VALUE       VALUE  FROM
                                                  NORMAL
...............................................................
TEMPERATURE (F)
 YESTERDAY
  MAXIMUM         68    430 PM  81    2015  67      1
  MINIMUM         44    604 AM  33    1999  43      1
  AVERAGE         56                        55      1

PRECIPITATION (IN)
  YESTERDAY        0.00          0.18 2005   0.05  -0.05
  MONTH TO DATE    1.28                      1.91  -0.63
  SINCE OCT 1     14.63                     10.37   4.26
  SINCE JAN 1     10.40                      6.86   3.54

SNOWFALL (IN)
  YESTERDAY        0.0
  MONTH TO DATE    0.0
  SINCE MAR 1      0.0
  SINCE JUL 1      0.0
  SNOW DEPTH       0

DEGREE DAYS
 HEATING
  YESTERDAY        9
  MONTH TO DATE  271
  SINCE MAR 1    271
  SINCE JUL 1   2141

 COOLING
  YESTERDAY        0
  MONTH TO DATE    0
  SINCE MAR 1      0
  SINCE JAN 1      0
...............................................................


WIND (MPH)
  HIGHEST WIND SPEED    16   HIGHEST WIND DIRECTION     N (20)
  HIGHEST GUST SPEED    20   HIGHEST GUST DIRECTION     N (350)
  AVERAGE WIND SPEED     6.9




RELATIVE HUMIDITY (PERCENT)
 HIGHEST    89
 LOWEST     42
 AVERAGE    66

..........................................................


THE MERCED  CA CLIMATE NORMALS FOR TODAY
                         NORMAL    RECORD    YEAR
 MAXIMUM TEMPERATURE (F)   68        84      2015
                                             2004
 MINIMUM TEMPERATURE (F)   43        32      1999


SUNRISE AND SUNSET
MARCH 29 2017.........SUNRISE   652 AM PDT   SUNSET   723 PM PDT
MARCH 30 2017.........SUNRISE   650 AM PDT   SUNSET   724 PM PDT


-  INDICATES NEGATIVE NUMBERS.
R  INDICATES RECORD WAS SET OR TIED.
MM INDICATES DATA IS MISSING.
T  INDICATES TRACE AMOUNT.




$$
