000
CDUS46 KHNX 011053
CLIMCE


CLIMATE REPORT
NATIONAL WEATHER SERVICE SAN JOAQUIN VALLEY, CA
125 AM PDT SAT OCT 1 2016


...................................

...THE MERCED  CA CLIMATE SUMMARY FOR SEPTEMBER 30 2016...

CLIMATE NORMAL PERIOD 1981 TO 2010
CLIMATE RECORD PERIOD 1998 TO 2016


WEATHER ITEM   OBSERVED TIME   RECORD YEAR NORMAL DEPARTURE
                VALUE   (LST)  VALUE       VALUE  FROM
                                                  NORMAL
...............................................................
TEMPERATURE (F)
 YESTERDAY
  MAXIMUM         84    323 PM  98    2010  85     -1
  MINIMUM         57    613 AM  43    2007  52      5
  AVERAGE         71                        68      3

PRECIPITATION (IN)
  YESTERDAY        0.00          T    1999   0.01  -0.01
  MONTH TO DATE    T                         0.29  -0.29
  SINCE OCT 1     14.66                     12.50   2.16
  SINCE JAN 1     10.94                      8.99   1.95

SNOWFALL (IN)
  YESTERDAY        0.0
  MONTH TO DATE    0.0
  SINCE SEP 1      0.0
  SINCE JUL 1      0.0
  SNOW DEPTH       0

DEGREE DAYS
 HEATING
  YESTERDAY        0
  MONTH TO DATE    9
  SINCE SEP 1      9
  SINCE JUL 1      9

 COOLING
  YESTERDAY        6
  MONTH TO DATE  227
  SINCE SEP 1    227
  SINCE JAN 1   1620
...............................................................


WIND (MPH)
  HIGHEST WIND SPEED    21   HIGHEST WIND DIRECTION    NW (330)
  HIGHEST GUST SPEED    26   HIGHEST GUST DIRECTION    NW (330)
  AVERAGE WIND SPEED     9.5




RELATIVE HUMIDITY (PERCENT)
 HIGHEST    51
 LOWEST     18
 AVERAGE    35

..........................................................


THE MERCED  CA CLIMATE NORMALS FOR TODAY
                         NORMAL    RECORD    YEAR
 MAXIMUM TEMPERATURE (F)   84        99      2012
 MINIMUM TEMPERATURE (F)   52        43      2009


SUNRISE AND SUNSET
OCTOBER  1 2016.......SUNRISE   658 AM PDT   SUNSET   645 PM PDT
OCTOBER  2 2016.......SUNRISE   659 AM PDT   SUNSET   643 PM PDT


-  INDICATES NEGATIVE NUMBERS.
R  INDICATES RECORD WAS SET OR TIED.
MM INDICATES DATA IS MISSING.
T  INDICATES TRACE AMOUNT.




$$
