000
CDUS46 KHNX 210821
CLIMCE


CLIMATE REPORT
NATIONAL WEATHER SERVICE SAN JOAQUIN VALLEY, CA
1220 AM PST FRI NOV 21 2014


...................................

...THE MERCED  CA CLIMATE SUMMARY FOR NOVEMBER 20 2014...

CLIMATE NORMAL PERIOD 1981 TO 2010
CLIMATE RECORD PERIOD 1998 TO 2014


WEATHER ITEM   OBSERVED TIME   RECORD YEAR NORMAL DEPARTURE
                VALUE   (LST)  VALUE       VALUE  FROM
                                                  NORMAL
...............................................................
TEMPERATURE (F)
 YESTERDAY
  MAXIMUM         59    304 PM  74    2005  62     -3
  MINIMUM         47    255 AM  31    2000  39      8
  AVERAGE         53                        51      2

PRECIPITATION (IN)
  YESTERDAY        0.03          0.89 2010   0.04  -0.01
  MONTH TO DATE    0.48                      0.83  -0.35
  SINCE JUL 1      1.14                      1.95  -0.81
  SINCE JAN 1      5.10                     10.63  -5.53

SNOWFALL (IN)
  YESTERDAY       MM
  MONTH TO DATE    0.0
  SINCE SEP 1      0.0
  SINCE JUL 1      0.0
  SNOW DEPTH       0

DEGREE DAYS
 HEATING
  YESTERDAY       12
  MONTH TO DATE  144
  SINCE SEP 1    171
  SINCE JUL 1    171

 COOLING
  YESTERDAY        0
  MONTH TO DATE    0
  SINCE SEP 1    499
  SINCE JAN 1   2147
...............................................................


WIND (MPH)
  HIGHEST WIND SPEED    13   HIGHEST WIND DIRECTION     E (110)
  HIGHEST GUST SPEED    25   HIGHEST GUST DIRECTION     E (80)
  AVERAGE WIND SPEED     3.5




RELATIVE HUMIDITY (PERCENT)
 HIGHEST    96
 LOWEST     71
 AVERAGE    84

..........................................................


THE MERCED  CA CLIMATE NORMALS FOR TODAY
                         NORMAL    RECORD    YEAR
 MAXIMUM TEMPERATURE (F)   61        73      2005
 MINIMUM TEMPERATURE (F)   39        35      2011
                                             2009
                                             2000


SUNRISE AND SUNSET
NOVEMBER 21 2014......SUNRISE   648 AM PST   SUNSET   448 PM PST
NOVEMBER 22 2014......SUNRISE   649 AM PST   SUNSET   448 PM PST


-  INDICATES NEGATIVE NUMBERS.
R  INDICATES RECORD WAS SET OR TIED.
MM INDICATES DATA IS MISSING.
T  INDICATES TRACE AMOUNT.




$$
