000
CDUS46 KHNX 200022
CLIMCE


CLIMATE REPORT
NATIONAL WEATHER SERVICE SAN JOAQUIN VALLEY, CA
521 PM PDT FRI SEP 19 2014


...................................

...THE MERCED  CA CLIMATE SUMMARY FOR SEPTEMBER 19 2014...
VALID AS OF 0500 PM LOCAL TIME.

CLIMATE NORMAL PERIOD 1981 TO 2010
CLIMATE RECORD PERIOD 1998 TO 2014


WEATHER ITEM   OBSERVED TIME   RECORD YEAR NORMAL DEPARTURE LAST
                VALUE   (LST)  VALUE       VALUE  FROM      YEAR
                                                  NORMAL
..................................................................
TEMPERATURE (F)
 TODAY
  MAXIMUM         90    342 PM  99    2000  88      2       91
  MINIMUM         64    641 AM  48    2004  55      9       54
  AVERAGE         77                        71      6       73

PRECIPITATION (IN)
  TODAY            0.00          0.11 2004   0.01  -0.01     0.00
  MONTH TO DATE    0.00                      0.16  -0.16     0.00
  SINCE JUL 1      T                         0.18  -0.18      T
  SINCE JAN 1      3.96                      8.86  -4.90     2.78

SNOWFALL (IN)
  TODAY            0.0
  MONTH TO DATE    0.0
  SINCE SEP 1      0.0
  SINCE JUL 1      0.0
  SNOW DEPTH       0

DEGREE DAYS
 HEATING
  TODAY            0                                         0
  MONTH TO DATE    0                                         0
  SINCE SEP 1      0                                         0
  SINCE JUL 1      0                                         0

 COOLING
  TODAY           12                                         8
  MONTH TO DATE  280                                       239
  SINCE SEP 1    280                                       239
  SINCE JAN 1   1928                                      1762
..................................................................


WIND (MPH)
  HIGHEST WIND SPEED    13   HIGHEST WIND DIRECTION    NW (320)
  HIGHEST GUST SPEED    18   HIGHEST GUST DIRECTION     N (350)
  AVERAGE WIND SPEED     8.4




RELATIVE HUMIDITY (PERCENT)
 HIGHEST    78
 LOWEST     27
 AVERAGE    53

..........................................................


THE MERCED  CA CLIMATE NORMALS FOR TOMORROW
                         NORMAL    RECORD    YEAR
 MAXIMUM TEMPERATURE (F)   88       100      2011
                                             2000
 MINIMUM TEMPERATURE (F)   55        42      2007


SUNRISE AND SUNSET
SEPTEMBER 19 2014.....SUNRISE   648 AM PDT   SUNSET   704 PM PDT
SEPTEMBER 20 2014.....SUNRISE   649 AM PDT   SUNSET   702 PM PDT


-  INDICATES NEGATIVE NUMBERS.
R  INDICATES RECORD WAS SET OR TIED.
MM INDICATES DATA IS MISSING.
T  INDICATES TRACE AMOUNT.




$$
