000
CDUS46 KHNX 260824
CLIMCE


CLIMATE REPORT
NATIONAL WEATHER SERVICE SAN JOAQUIN VALLEY, CA
124 AM PDT WED JUL 26 2017


...................................

...THE MERCED  CA CLIMATE SUMMARY FOR JULY 25 2017...

CLIMATE NORMAL PERIOD 1981 TO 2010
CLIMATE RECORD PERIOD 1998 TO 2017


WEATHER ITEM   OBSERVED TIME   RECORD YEAR NORMAL DEPARTURE
                VALUE   (LST)  VALUE       VALUE  FROM
                                                  NORMAL
...............................................................
TEMPERATURE (F)
 YESTERDAY
  MAXIMUM         94        MM 109    2006  95     -1
  MINIMUM         62        MM  55    1999  61      1
  AVERAGE         78                        78      0

PRECIPITATION (IN)
  YESTERDAY        0.00          T    2010   0.00   0.00
  MONTH TO DATE    0.00                      0.00   0.00
  SINCE OCT 1     16.03                     12.19   3.84
  SINCE JAN 1     11.80                      8.68   3.12

SNOWFALL (IN)
  YESTERDAY        0.0
  MONTH TO DATE    0.0
  SINCE JUN 1      0.0
  SINCE JUL 1      0.0
  SNOW DEPTH       0

DEGREE DAYS
 HEATING
  YESTERDAY        0
  MONTH TO DATE    0
  SINCE JUN 1     10
  SINCE JUL 1      0

 COOLING
  YESTERDAY       13
  MONTH TO DATE  419
  SINCE JUN 1    781
  SINCE JAN 1    933
...............................................................


WIND (MPH)
  HIGHEST WIND SPEED    14   HIGHEST WIND DIRECTION    NW (330)
  HIGHEST GUST SPEED    35   HIGHEST GUST DIRECTION    SE (150)
  AVERAGE WIND SPEED     7.3




RELATIVE HUMIDITY (PERCENT)
 HIGHEST    72
 LOWEST     22
 AVERAGE    47

..........................................................


THE MERCED  CA CLIMATE NORMALS FOR TODAY
                         NORMAL    RECORD    YEAR
 MAXIMUM TEMPERATURE (F)   95       107      2006
 MINIMUM TEMPERATURE (F)   61        58      2007


SUNRISE AND SUNSET
JULY 26 2017..........SUNRISE   602 AM PDT   SUNSET   815 PM PDT
JULY 27 2017..........SUNRISE   603 AM PDT   SUNSET   814 PM PDT


-  INDICATES NEGATIVE NUMBERS.
R  INDICATES RECORD WAS SET OR TIED.
MM INDICATES DATA IS MISSING.
T  INDICATES TRACE AMOUNT.




$$
