000
CDUS46 KHNX 280826
CLIMCE


CLIMATE REPORT
NATIONAL WEATHER SERVICE SAN JOAQUIN VALLEY, CA
124 AM PDT SAT MAY 28 2016


...................................

...THE MERCED  CA CLIMATE SUMMARY FOR MAY 27 2016...

CLIMATE NORMAL PERIOD 1981 TO 2010
CLIMATE RECORD PERIOD 1998 TO 2016


WEATHER ITEM   OBSERVED TIME   RECORD YEAR NORMAL DEPARTURE
                VALUE   (LST)  VALUE       VALUE  FROM
                                                  NORMAL
...............................................................
TEMPERATURE (F)
 YESTERDAY
  MAXIMUM         89    314 PM  97    2009  85      4
  MINIMUM         53    534 AM  49    2012  54     -1
  AVERAGE         71                        69      2

PRECIPITATION (IN)
  YESTERDAY        0.00          T    2008   0.01  -0.01
                                      2008
                                      2013
  MONTH TO DATE    0.11                      0.55  -0.44
  SINCE OCT 1     14.66                     12.03   2.63
  SINCE JAN 1     10.94                      8.52   2.42

SNOWFALL (IN)
  YESTERDAY        0.0
  MONTH TO DATE    0.0
  SINCE MAR 1      0.0
  SINCE JUL 1      0.0
  SNOW DEPTH       0

DEGREE DAYS
 HEATING
  YESTERDAY        0
  MONTH TO DATE   30
  SINCE MAR 1    369
  SINCE JUL 1   2266

 COOLING
  YESTERDAY        6
  MONTH TO DATE   94
  SINCE MAR 1    123
  SINCE JAN 1    123
...............................................................


WIND (MPH)
  HIGHEST WIND SPEED    18   HIGHEST WIND DIRECTION     N (340)
  HIGHEST GUST SPEED    26   HIGHEST GUST DIRECTION     W (290)
  AVERAGE WIND SPEED     7.7




RELATIVE HUMIDITY (PERCENT)
 HIGHEST    77
 LOWEST     26
 AVERAGE    52

..........................................................


THE MERCED  CA CLIMATE NORMALS FOR TODAY
                         NORMAL    RECORD    YEAR
 MAXIMUM TEMPERATURE (F)   85       102      2003
 MINIMUM TEMPERATURE (F)   54        45      2010


SUNRISE AND SUNSET
MAY 28 2016...........SUNRISE   545 AM PDT   SUNSET   815 PM PDT
MAY 29 2016...........SUNRISE   544 AM PDT   SUNSET   816 PM PDT


-  INDICATES NEGATIVE NUMBERS.
R  INDICATES RECORD WAS SET OR TIED.
MM INDICATES DATA IS MISSING.
T  INDICATES TRACE AMOUNT.




$$
