000
CDUS46 KHNX 310825
CLIMCE


CLIMATE REPORT
NATIONAL WEATHER SERVICE SAN JOAQUIN VALLEY, CA
124 AM PDT FRI JUL 31 2015


...................................

...THE MERCED  CA CLIMATE SUMMARY FOR JULY 30 2015...

CLIMATE NORMAL PERIOD 1981 TO 2010
CLIMATE RECORD PERIOD 1998 TO 2015


WEATHER ITEM   OBSERVED TIME   RECORD YEAR NORMAL DEPARTURE
                VALUE   (LST)  VALUE       VALUE  FROM
                                                  NORMAL
...............................................................
TEMPERATURE (F)
 YESTERDAY
  MAXIMUM        101    405 PM 106    2014  95      6
  MINIMUM         68    608 AM  56    2001  60      8
  AVERAGE         85                        78      7

PRECIPITATION (IN)
  YESTERDAY        T   R         T    2003   0.00   0.00
  MONTH TO DATE    T                         0.00   0.00
  SINCE OCT 1      7.84                     12.19  -4.35
  SINCE JAN 1      3.09                      8.68  -5.59

SNOWFALL (IN)
  YESTERDAY        0.0
  MONTH TO DATE    0.0
  SINCE JUN 1      0.0
  SINCE JUL 1      0.0
  SNOW DEPTH       0

DEGREE DAYS
 HEATING
  YESTERDAY        0
  MONTH TO DATE    0
  SINCE JUN 1      0
  SINCE JUL 1      0

 COOLING
  YESTERDAY       20
  MONTH TO DATE  413
  SINCE JUN 1    805
  SINCE JAN 1    927
...............................................................


WIND (MPH)
  HIGHEST WIND SPEED    16   HIGHEST WIND DIRECTION    NW (330)
  HIGHEST GUST SPEED    20   HIGHEST GUST DIRECTION     N (360)
  AVERAGE WIND SPEED     7.1




RELATIVE HUMIDITY (PERCENT)
 HIGHEST    59
 LOWEST     17
 AVERAGE    38

..........................................................


THE MERCED  CA CLIMATE NORMALS FOR TODAY
                         NORMAL    RECORD    YEAR
 MAXIMUM TEMPERATURE (F)   95       105      2014
 MINIMUM TEMPERATURE (F)   60        54      2001


SUNRISE AND SUNSET
JULY 31 2015..........SUNRISE   606 AM PDT   SUNSET   811 PM PDT
AUGUST  1 2015........SUNRISE   607 AM PDT   SUNSET   810 PM PDT


-  INDICATES NEGATIVE NUMBERS.
R  INDICATES RECORD WAS SET OR TIED.
MM INDICATES DATA IS MISSING.
T  INDICATES TRACE AMOUNT.




$$
