000
CDAK49 PAMC 050921 COR
CLIMCG

CLIMATE REPORT
NATIONAL WEATHER SERVICE MCGRATH, AK
122 AM AKDT SUN JUL 5 2015

...................................
...THE MCGRATH AIRPORT CLIMATE SUMMARY FOR JULY 4 2015...

CLIMATE NORMAL PERIOD  1981 TO  2010
CLIMATE RECORD PERIOD  1940 TO  2015

WEATHER ITEM   OBSERVED TIME    RECORD YEAR NORMAL DEPARTURE LAST
               VALUE    (LST)   VALUE       VALUE  FROM      YEAR
                                                   NORMAL
...................................................................
TEMPERATURE
YESTERDAY
 MAXIMUM            MM    MM       86  1997     71      MM     81
 MINIMUM            MM    MM       38  1954     51      MM     53
 AVERAGE            MM                          61      MM     67

PRECIPITATION
(INCHES)
 YESTERDAY        0.00           1.19  1960   0.06   -0.06   0.00
 MONTH TO DATE    0.12                        0.26   -0.14      T
 SINCE JUN 1      1.20                        1.78   -0.58   1.52
 SINCE JAN 1      2.54                        6.45   -3.91   4.25

SNOWFALL
(INCHES)
 YESTERDAY         0.0            0.0  2015    0.0     0.0    0.0
 MONTH TO DATE     0.0                         0.0     0.0    0.0
 SINCE JUN 1       0.0                         0.0     0.0    0.0
 SINCE JUL 1       0.0                         0.0     0.0    0.0
 SNOW DEPTH (IN)     0                                          0

DEGREE DAYS
 HEATING
  YESTERDAY         MM                           5      MM      0
  MONTH TO DATE     MM                          20      MM     12
  SINCE JUN 1      282                         254      28    317
  SINCE JUL 1       89                          20      69     12

 COOLING
  YESTERDAY         MM                           1      MM      2
  MONTH TO DATE     MM                           4      MM      2
  SINCE JUN 1       26                           9      17      2
  SINCE JAN 1       MM                           9      MM      2
...................................................................

WIND (MPH)
 HIGHEST WIND SPEED    MM     HIGHEST WIND DIRECTION     MM
 HIGHEST GUST SPEED    MM     HIGHEST GUST DIRECTION     MM
 AVERAGE WIND SPEED    MM

WEATHER CONDITIONS
 THE FOLLOWING WEATHER WAS RECORDED YESTERDAY.
 NO SIGNIFICANT WEATHER WAS OBSERVED.
...................................................................

THE MCGRATH CLIMATE NORMALS FOR TODAY
                           NORMAL    RECORD   YEAR
 MAXIMUM TEMPERATURE (F)     71        85     2014
 MINIMUM TEMPERATURE (F)     51        38     1955

SUNRISE AND SUNSET
 JUL 5 2015..........SUNRISE  4:31 AM      SUNSET 12:23 AM
 JUL 6 2015..........SUNRISE  4:33 AM      SUNSET 12:21 AM

-  INDICATES NEGATIVE NUMBERS.
R  INDICATES RECORD HAS BEEN SET OR TIED.
MM INDICATES DATA IS MISSING.
T  INDICATES TRACE OF PRECIPITATION.

&&
-------------------------------------------------------------------

AMOUNT OF DAYLIGHT TODAY  (HOUR:MIN)........19 HOURS 52 MINUTES
LOSS SINCE YESTERDAY (HOUR:MIN:SEC)....-0:03:16

$$
ADJ JUL 15
