000
CDAK49 PAMC 290907
CLIMCG

CLIMATE REPORT
NATIONAL WEATHER SERVICE MCGRATH, AK
107 AM AKDT FRI MAY 29 2015

...................................
...THE MCGRATH AIRPORT CLIMATE SUMMARY FOR MAY 28 2015...

CLIMATE NORMAL PERIOD  1981 TO  2015
CLIMATE RECORD PERIOD  1939 TO  2015

WEATHER ITEM   OBSERVED TIME    RECORD YEAR NORMAL DEPARTURE LAST
               VALUE    (LST)   VALUE       VALUE  FROM      YEAR
                                                   NORMAL
...................................................................
TEMPERATURE
YESTERDAY
 MAXIMUM            63  0649 PM    83  2013     62       1     59
 MINIMUM            47  1159 PM    31  1987     40       7     49
 AVERAGE            55                          51       4     54

PRECIPITATION
(INCHES)
 YESTERDAY        0.01           0.31  1980   0.04   -0.03   0.06
 MONTH TO DATE    0.38                        0.96   -0.58   0.44
 SINCE MAR 1      0.90                        2.51   -1.61   0.56
 SINCE JAN 1      1.34                        4.54   -3.20   2.25

SNOWFALL
(INCHES)
 YESTERDAY         0.0              T  1984    0.0     0.0    0.0
 MONTH TO DATE     0.0                         0.9    -0.9      T
 SINCE MAR 1       8.5                        17.3    -8.8    1.1
 SINCE JUL 1      41.6                        97.3   -55.7   47.1
 SNOW DEPTH (IN)     0                                          0

DEGREE DAYS
 HEATING
  YESTERDAY         10                          14      -4     11
  MONTH TO DATE    377                         528    -151    445
  SINCE MAR 1     2711                        3244    -533   3026
  SINCE JUL 1    11777                       13482   -1705  11853

 COOLING
  YESTERDAY          0                           0       0      0
  MONTH TO DATE      0                           0       0      0
  SINCE MAR 1        0                           0       0      0
  SINCE JAN 1        0                           0       0      0
...................................................................

WIND (MPH)
 HIGHEST WIND SPEED    14     HIGHEST WIND DIRECTION    200
 HIGHEST GUST SPEED    17     HIGHEST GUST DIRECTION    200
 AVERAGE WIND SPEED   3.8

WEATHER CONDITIONS
 THE FOLLOWING WEATHER WAS RECORDED YESTERDAY.
  RAIN

...................................................................

THE MCGRATH CLIMATE NORMALS FOR TODAY
                           NORMAL    RECORD   YEAR
 MAXIMUM TEMPERATURE (F)     63        86     2013
 MINIMUM TEMPERATURE (F)     41        31     1987

SUNRISE AND SUNSET
 MAY 29 2015..........SUNRISE  4:43 AM      SUNSET 11:59 PM
 MAY 30 2015..........SUNRISE  4:41 AM      SUNSET 12:02 AM

-  INDICATES NEGATIVE NUMBERS.
R  INDICATES RECORD HAS BEEN SET OR TIED.
MM INDICATES DATA IS MISSING.
T  INDICATES TRACE OF PRECIPITATION.

&&
-------------------------------------------------------------------

AMOUNT OF DAYLIGHT TODAY  (HOUR:MIN)........19 HOURS 16 MINUTES
GAIN/LOSS SINCE YESTERDAY (HOUR:MIN:SEC)....+0:04:50

$$
TR MAY 15
