000
CDAK49 PAMC 291110
CLIMCG

CLIMATE REPORT
NATIONAL WEATHER SERVICE MCGRATH, AK
310 AM AKDT TUE JUL 29 2014

...................................
...THE MCGRATH AIRPORT CLIMATE SUMMARY FOR JULY 28 2014...

CLIMATE NORMAL PERIOD  1981 TO  2010
CLIMATE RECORD PERIOD  1940 TO  2014

WEATHER ITEM   OBSERVED TIME    RECORD YEAR NORMAL DEPARTURE LAST
               VALUE    (LST)   VALUE       VALUE  FROM      YEAR
                                                   NORMAL
...................................................................
TEMPERATURE
YESTERDAY
 MAXIMUM            56  0706 PM    85  2013     67     -11     85
 MINIMUM            50  0927 AM    37  1941     50       0     53
 AVERAGE            53                          58      -5     69

PRECIPITATION
(INCHES)
 YESTERDAY        0.48R          0.45  1946   0.08    0.40   0.02
 MONTH TO DATE    2.44                        2.11    0.33   1.92
 SINCE JUN 1      3.96                        3.63    0.33   2.78
 SINCE JAN 1      6.69                        8.30   -1.61   6.64

SNOWFALL
(INCHES)
 YESTERDAY         0.0            0.0  2014    0.0     0.0    0.0
 MONTH TO DATE     0.0                         0.0     0.0    0.0
 SINCE JUN 1       0.0                         0.0     0.0    0.0
 SINCE JUL 1       0.0                         0.0     0.0    0.0
 SNOW DEPTH (IN)     0                                          0

DEGREE DAYS
 HEATING
  YESTERDAY         12                           7       5      0
  MONTH TO DATE    174                         151      23    165
  SINCE JUN 1      479                         385      94    300
  SINCE JUL 1      174                         151      23    165

 COOLING
  YESTERDAY          0                           0       0      4
  MONTH TO DATE     11                          11       0     11
  SINCE JUN 1       11                          16      -5     62
  SINCE JAN 1       11                          16      -5     71
...................................................................

WIND (MPH)
 HIGHEST WIND SPEED    13     HIGHEST WIND DIRECTION     50
 HIGHEST GUST SPEED    15     HIGHEST GUST DIRECTION     60
 AVERAGE WIND SPEED   4.0

WEATHER CONDITIONS
 THE FOLLOWING WEATHER WAS RECORDED YESTERDAY.
 FOG
 RAIN

...................................................................

THE MCGRATH CLIMATE NORMALS FOR TODAY
                           NORMAL    RECORD   YEAR
 MAXIMUM TEMPERATURE (F)     67        82     1953
 MINIMUM TEMPERATURE (F)     50        36     1971

SUNRISE AND SUNSET
 JUL 29 2014..........SUNRISE  5:33 AM      SUNSET 11:24 PM
 JUL 30 2014..........SUNRISE  5:36 AM      SUNSET 11:21 PM

-  INDICATES NEGATIVE NUMBERS.
R  INDICATES RECORD HAS BEEN SET OR TIED.
MM INDICATES DATA IS MISSING.
T  INDICATES TRACE OF PRECIPITATION.

&&
-------------------------------------------------------------------

AMOUNT OF DAYLIGHT TODAY  (HOUR:MIN)........17 HOURS 51 MINUTES
LOSS SINCE YESTERDAY (HOUR:MIN:SEC)....-0:05:49

$$
JMC JUL 14
