000
CDAK49 PAMC 311201
CLIMCG

CLIMATE REPORT
NATIONAL WEATHER SERVICE MCGRATH, AK
301 AM AKST SAT JAN 31 2015

...................................
...THE MCGRATH AIRPORT CLIMATE SUMMARY FOR JANUARY 30 2015...

CLIMATE NORMAL PERIOD  1981 TO  2010
CLIMATE RECORD PERIOD  1940 TO  2015

WEATHER ITEM   OBSERVED TIME    RECORD YEAR NORMAL DEPARTURE LAST
               VALUE    (LST)   VALUE       VALUE  FROM      YEAR
                                                   NORMAL
...................................................................
TEMPERATURE
YESTERDAY
 MAXIMUM           -14  0205 PM    54  1945      5     -19     21
 MINIMUM           -39  0631 AM   -63  1947    -14     -25     -1
 AVERAGE           -27                          -4     -23     10

PRECIPITATION
(INCHES)
 YESTERDAY        0.00           0.33  1985   0.03   -0.03   0.00
 MONTH TO DATE    0.27                        1.06   -0.79   1.56
 SINCE DEC 1      1.67                        2.35   -0.68   3.01
 SINCE JAN 1      0.27                        1.06   -0.79   1.56

SNOWFALL
(INCHES)
 YESTERDAY         0.0            4.3  1985    0.5    -0.5    0.0
 MONTH TO DATE     5.7                        15.2    -9.5   14.4
 SINCE DEC 1      21.4                        35.4   -14.0   31.8
 SINCE JUL 1      31.1                        66.4   -35.3   44.7
 SNOW DEPTH (IN)    13                                         16

DEGREE DAYS
 HEATING
  YESTERDAY         92                          69      23     55
  MONTH TO DATE   2099                        2144     -45   1548
  SINCE DEC 1     3763                        4258    -495   3585
  SINCE JUL 1     7408                        8390    -982   7051

 COOLING
  YESTERDAY          0                           0       0      0
  MONTH TO DATE      0                           0       0      0
  SINCE DEC 1        0                           0       0      0
  SINCE JAN 1        0                           0       0      0
...................................................................

WIND (MPH)
 HIGHEST WIND SPEED     6     HIGHEST WIND DIRECTION     10
 HIGHEST GUST SPEED     7     HIGHEST GUST DIRECTION    330
 AVERAGE WIND SPEED   1.0

WEATHER CONDITIONS
 THE FOLLOWING WEATHER WAS RECORDED YESTERDAY.
 FOG

...................................................................

THE MCGRATH CLIMATE NORMALS FOR TODAY
                           NORMAL    RECORD   YEAR
 MAXIMUM TEMPERATURE (F)      5        40     2007
 MINIMUM TEMPERATURE (F)    -13       -59     1947

SUNRISE AND SUNSET
 JAN 31 2015..........SUNRISE  9:57 AM      SUNSET  5:16 PM
 FEB 1 2015..........SUNRISE  9:55 AM      SUNSET  5:19 PM

-  INDICATES NEGATIVE NUMBERS.
R  INDICATES RECORD HAS BEEN SET OR TIED.
MM INDICATES DATA IS MISSING.
T  INDICATES TRACE OF PRECIPITATION.

&&
-------------------------------------------------------------------

AMOUNT OF DAYLIGHT TODAY  (HOUR:MIN)........7 HOURS 19 MINUTES
GAIN SINCE YESTERDAY (HOUR:MIN:SEC)....+0:05:52

$$
JCD JAN 15
