490
CDAK49 PAMC 312332
CLIMCG

CLIMATE REPORT
NATIONAL WEATHER SERVICE MCGRATH, AK
332 PM AKDT TUE MAY 31 2016

...................................
...THE MCGRATH AIRPORT CLIMATE SUMMARY FOR MAY 31 2016...
VALID TODAY AS OF 2:00 PM LOCAL TIME

CLIMATE NORMAL PERIOD  1981 TO  2010
CLIMATE RECORD PERIOD  1940 TO  2016

WEATHER ITEM   OBSERVED TIME    RECORD YEAR NORMAL DEPARTURE LAST
               VALUE    (LST)   VALUE       VALUE  FROM      YEAR
                                                   NORMAL
...................................................................
TEMPERATURE
TODAY
 MAXIMUM            72  0159 PM    85  2013     63       9     78
 MINIMUM            43  0525 AM    31  1945     42       1     47
 AVERAGE            58                          52       6     63

PRECIPITATION
(INCHES)
 TODAY            0.00           0.48  1988   0.04   -0.04   0.00
 MONTH TO DATE    1.17                        1.09    0.08   0.38
 SINCE MAR 1      2.61                        2.64   -0.03   0.90
 SINCE JAN 1      2.81                        4.67   -1.86   1.34

SNOWFALL
(INCHES)
 TODAY             0.0            0.0  2016    0.0     0.0    0.0
 MONTH TO DATE       T                         0.9    -0.9    0.0
 SINCE MAR 1      14.9                        17.3    -2.4    8.5
 SINCE JUL 1      79.0                        97.3   -18.3   41.6
 SNOW DEPTH (IN)     0                                          0

DEGREE DAYS
 HEATING
  TODAY              7                          13      -6      2
  MONTH TO DATE    441                         567    -126    393
  SINCE MAR 1     2688                        3283    -595   2727
  SINCE JUL 1    12132                       13521   -1389  11812

 COOLING
  TODAY              0                           0       0      0
  MONTH TO DATE      0                           0       0      0
  SINCE MAR 1        0                           0       0      0
  SINCE JAN 1        0                           0       0      0
...................................................................

WIND (MPH)
 HIGHEST WIND SPEED    15     HIGHEST WIND DIRECTION     30
 HIGHEST GUST SPEED    21     HIGHEST GUST DIRECTION     30

WEATHER CONDITIONS
 THE FOLLOWING WEATHER WAS RECORDED TODAY.
 SMOKE OR HAZE
...................................................................

THE MCGRATH CLIMATE NORMALS FOR TOMORROW
                        NORMAL    RECORD   YEAR
 MAXIMUM TEMPERATURE      64        83     2013
 MINIMUM TEMPERATURE      42        30     1960

SUNRISE AND SUNSET
 MAY 31 2016..........SUNRISE  4:37 AM      SUNSET 12:06 AM
 JUN 1 2016..........SUNRISE  4:35 AM      SUNSET 12:08 AM

-  INDICATES NEGATIVE NUMBERS.
R  INDICATES RECORD HAS BEEN SET OR TIED.
MM INDICATES DATA IS MISSING.
T  INDICATES TRACE OF PRECIPITATION.

&&
-------------------------------------------------------------------

AMOUNT OF DAYLIGHT TODAY  (HOUR:MIN)........19 HOURS 29 MINUTES
GAIN SINCE YESTERDAY (HOUR:MIN:SEC)....+0:04:33

$$
ADJ MAY 16
