000
CDAK49 PAMC 271118
CLIMCG

CLIMATE REPORT
NATIONAL WEATHER SERVICE MCGRATH, AK
318 AM AKDT WED AUG 27 2014

...................................
...THE MCGRATH AIRPORT CLIMATE SUMMARY FOR AUGUST 26 2014...

CLIMATE NORMAL PERIOD  1981 TO  2010
CLIMATE RECORD PERIOD  1940 TO  2014

WEATHER ITEM   OBSERVED TIME    RECORD YEAR NORMAL DEPARTURE LAST
               VALUE    (LST)   VALUE       VALUE  FROM      YEAR
                                                   NORMAL
...................................................................
TEMPERATURE
YESTERDAY
 MAXIMUM            63  0426 PM    80  1941     61       2     63
 MINIMUM            50  1159 PM    28  2009     43       7     38
 AVERAGE            57                          52       5     51

PRECIPITATION
(INCHES)
 YESTERDAY        0.12           1.41  1955   0.09    0.03   0.00
 MONTH TO DATE    1.65                        2.36   -0.71   2.38
 SINCE JUN 1      5.75                        6.26   -0.51   5.16
 SINCE JAN 1      8.48                       10.93   -2.45   9.02

SNOWFALL
(INCHES)
 YESTERDAY         0.0            0.9  1998    0.0     0.0    0.0
 MONTH TO DATE     0.0                         0.0     0.0    0.0
 SINCE JUN 1       0.0                         0.0     0.0    0.0
 SINCE JUL 1       0.0                         0.0     0.0    0.0
 SNOW DEPTH (IN)     0                                          0

DEGREE DAYS
 HEATING
  YESTERDAY          8                          13      -5     14
  MONTH TO DATE    152                         258    -106    181
  SINCE JUN 1      644                         664     -20    481
  SINCE JUL 1      339                         430     -91    346

 COOLING
  YESTERDAY          0                           0       0      0
  MONTH TO DATE      0                           0       0      3
  SINCE JUN 1       11                          16      -5     69
  SINCE JAN 1       11                          16      -5     78
...................................................................

WIND (MPH)
 HIGHEST WIND SPEED    18     HIGHEST WIND DIRECTION    280
 HIGHEST GUST SPEED    25     HIGHEST GUST DIRECTION    290
 AVERAGE WIND SPEED   4.4

WEATHER CONDITIONS
 THE FOLLOWING WEATHER WAS RECORDED YESTERDAY.
 FOG
 RAIN
...................................................................

THE MCGRATH CLIMATE NORMALS FOR TODAY
                           NORMAL    RECORD   YEAR
 MAXIMUM TEMPERATURE (F)     61        80     1981
 MINIMUM TEMPERATURE (F)     43        30     1996

SUNRISE AND SUNSET
 AUG 27 2014..........SUNRISE  6:56 AM      SUNSET  9:51 PM
 AUG 28 2014..........SUNRISE  6:59 AM      SUNSET  9:47 PM

-  INDICATES NEGATIVE NUMBERS.
R  INDICATES RECORD HAS BEEN SET OR TIED.
MM INDICATES DATA IS MISSING.
T  INDICATES TRACE OF PRECIPITATION.

&&
-------------------------------------------------------------------

AMOUNT OF DAYLIGHT TODAY  (HOUR:MIN)........14 HOURS 55 MINUTES
LOSS SINCE YESTERDAY (HOUR:MIN:SEC)....-0:06:08

$$
ADJ AUG 14
