000
CDAK49 PAFG 280945
CLIMCG

CLIMATE REPORT
NATIONAL WEATHER SERVICE FAIRBANKS AK
145 AM AKDT TUE MAR 28 2017


...................................

...THE MCGRATH AK CLIMATE SUMMARY FOR MARCH 27 2017...

CLIMATE NORMAL PERIOD 1981 TO 2010
CLIMATE RECORD PERIOD 1946 TO 2017


WEATHER ITEM   OBSERVED TIME   RECORD YEAR NORMAL DEPARTURE LAST
                VALUE   (LST)  VALUE       VALUE  FROM      YEAR
                                                  NORMAL
..................................................................
TEMPERATURE (F)
 YESTERDAY
  MAXIMUM         24    544 PM  51    1954  29     -5       33
  MINIMUM        -10    654 AM -37    1977   3    -13       22
  AVERAGE          7                        16     -9       28

PRECIPITATION (IN)
  YESTERDAY        0.00          0.98 1948   0.02  -0.02     0.17
  MONTH TO DATE    T                         0.72  -0.72     0.24
  SINCE MAR 1      T                         0.72  -0.72     0.24
  SINCE JAN 1      1.20                      2.75  -1.55     0.30

SNOWFALL (IN)
  YESTERDAY        0.0           4.5  1984   0.2   -0.2     MM
  MONTH TO DATE    T                        10.2  -10.2      0.0
  SINCE MAR 1      T                        10.2  -10.2      0.0
  SINCE JUL 1     48.7                      90.2  -41.5      0.0
  SNOW DEPTH      13

DEGREE DAYS
 HEATING
  YESTERDAY       58                        49      9       37
  MONTH TO DATE 1735                      1467    268     1338
  SINCE MAR 1   1735                      1467    268     1338
  SINCE JUL 1  11493                     11699   -206     2306

 COOLING
  YESTERDAY        0                         0      0        0
  MONTH TO DATE    0                         0      0        0
  SINCE MAR 1      0                         0      0        0
  SINCE JAN 1      0                         0      0        0
..................................................................


WIND (MPH)
  HIGHEST GUST SPEED    20   HIGHEST GUST DIRECTION     N (20)


SKY COVER
  AVERAGE SKY COVER 0.1


WEATHER CONDITIONS
 THE FOLLOWING WEATHER WAS RECORDED YESTERDAY.
  NO SIGNIFICANT WEATHER WAS OBSERVED.


RELATIVE HUMIDITY (PERCENT)
 HIGHEST    79
 LOWEST     39
 AVERAGE    59

..........................................................


THE MCGRATH AK CLIMATE NORMALS FOR TODAY
                         NORMAL    RECORD    YEAR
 MAXIMUM TEMPERATURE (F)   30        51      1954
 MINIMUM TEMPERATURE (F)    4       -32      2000


SUNRISE AND SUNSET
MARCH 28 2017.........SUNRISE   755 AM AKDT  SUNSET   902 PM AKDT
MARCH 29 2017.........SUNRISE   752 AM AKDT  SUNSET   905 PM AKDT

-  INDICATES NEGATIVE NUMBERS.
R  INDICATES RECORD WAS SET OR TIED.
MM INDICATES DATA IS MISSING.
T  INDICATES TRACE AMOUNT.

&&

SNOW DEPTH IS MEASURED AT 3AM AKST/4AM AKDT.

----------------------------
AVAILABLE DAYLIGHT

AMOUNT OF DAYLIGHT TODAY  (HOUR:MIN)........13:07
GAIN/LOSS SINCE YESTERDAY (HOUR:MIN:SEC)....+0:06:11

$$
MAR 17
