000
CDAK49 PAFG 191004
CLIMCG

CLIMATE REPORT
NATIONAL WEATHER SERVICE FAIRBANKS AK
104 AM AKST SUN FEB 19 2017


...................................

...THE MCGRATH AK CLIMATE SUMMARY FOR FEBRUARY 18 2017...

CLIMATE NORMAL PERIOD 1981 TO 2010
CLIMATE RECORD PERIOD 1946 TO 2017


WEATHER ITEM   OBSERVED TIME   RECORD YEAR NORMAL DEPARTURE LAST
                VALUE   (LST)  VALUE       VALUE  FROM      YEAR
                                                  NORMAL
..................................................................
TEMPERATURE (F)
 YESTERDAY
  MAXIMUM         16    650 AM  41    2006  14      2       10
  MINIMUM         -5   1159 PM -48    1985  -8      3       -7
  AVERAGE          6                         3      3        2

PRECIPITATION (IN)
  YESTERDAY        0.11          0.33 1988   0.03   0.08     0.00
  MONTH TO DATE    0.29                      0.60  -0.31     0.04
  SINCE DEC 1      1.80                      2.98  -1.18     0.04
  SINCE JAN 1      0.83                      1.69  -0.86     0.04

SNOWFALL (IN)
  YESTERDAY        3.0           4.7  1988   0.5    2.5      0.0
  MONTH TO DATE    6.7                       8.4   -1.7      0.0
  SINCE DEC 1     35.3                      44.3   -9.0      0.0
  SINCE JUL 1     43.6                      75.3  -31.7      0.0
  SNOW DEPTH      12

DEGREE DAYS
 HEATING
  YESTERDAY       59                        62     -3       63
  MONTH TO DATE 1208                      1176     32      485
  SINCE DEC 1   5448                      5506    -58      485
  SINCE JUL 1   9194                      9629   -435      485

 COOLING
  YESTERDAY        0                         0      0        0
  MONTH TO DATE    0                         0      0        0
  SINCE DEC 1      0                         0      0        0
  SINCE JAN 1      0                         0      0        0
..................................................................


WIND (MPH)
  HIGHEST GUST SPEED    11   HIGHEST GUST DIRECTION     W (290)


SKY COVER
  AVERAGE SKY COVER 0.9


WEATHER CONDITIONS
 THE FOLLOWING WEATHER WAS RECORDED YESTERDAY.
  LIGHT SNOW
  FOG
  HAZE


RELATIVE HUMIDITY (PERCENT)
 HIGHEST    83
 LOWEST     69
 AVERAGE    76

..........................................................


THE MCGRATH AK CLIMATE NORMALS FOR TODAY
                         NORMAL    RECORD    YEAR
 MAXIMUM TEMPERATURE (F)   15        46      2010
 MINIMUM TEMPERATURE (F)   -8       -50      1985


SUNRISE AND SUNSET
FEBRUARY 19 2017......SUNRISE   858 AM AKST  SUNSET   616 PM AKST
FEBRUARY 20 2017......SUNRISE   855 AM AKST  SUNSET   619 PM AKST

-  INDICATES NEGATIVE NUMBERS.
R  INDICATES RECORD WAS SET OR TIED.
MM INDICATES DATA IS MISSING.
T  INDICATES TRACE AMOUNT.

&&

SNOW DEPTH IS MEASURED AT 3AM AKST/4AM AKDT.

----------------------------
AVAILABLE DAYLIGHT

AMOUNT OF DAYLIGHT TODAY  (HOUR:MIN)........9:18
GAIN/LOSS SINCE YESTERDAY (HOUR:MIN:SEC)....+0:06:11

$$
LTH FEB 17
