050
CDAK49 PAMC 091120
CLIMCG

CLIMATE REPORT
NATIONAL WEATHER SERVICE MCGRATH, AK
220 AM AKST TUE FEB 9 2016

...................................
...THE MCGRATH AIRPORT CLIMATE SUMMARY FOR FEBRUARY 8 2016...

CLIMATE NORMAL PERIOD  1981 TO  2010
CLIMATE RECORD PERIOD  1940 TO  2016

WEATHER ITEM   OBSERVED TIME    RECORD YEAR NORMAL DEPARTURE LAST
               VALUE    (LST)   VALUE       VALUE  FROM      YEAR
                                                   NORMAL
...................................................................
TEMPERATURE
YESTERDAY
 MAXIMUM             9  0458 PM    40  2003      9       0     -3
 MINIMUM           -13  0950 AM   -55  1999    -11      -2    -17
 AVERAGE            -2                          -1      -1    -10

PRECIPITATION
(INCHES)
 YESTERDAY        0.00           0.63  2003   0.03   -0.03   0.00
 MONTH TO DATE    0.06                        0.26   -0.20   0.00
 SINCE DEC 1      0.61                        2.64   -2.03   1.67
 SINCE JAN 1      0.14                        1.35   -1.21   0.27

SNOWFALL
(INCHES)
 YESTERDAY         0.0            4.9  2001    0.4    -0.4    0.0
 MONTH TO DATE     1.6                         3.6    -2.0    0.0
 SINCE DEC 1      15.6                        39.5   -23.9   21.6
 SINCE JUL 1      62.6                        70.5    -7.9   31.3
 SNOW DEPTH (IN)    19                                         13

DEGREE DAYS
 HEATING
  YESTERDAY         67                          66       1     75
  MONTH TO DATE    490                         538     -48    623
  SINCE DEC 1     4201                        4865    -664   4465
  SINCE JUL 1     8351                        8997    -646   8124

 COOLING
  YESTERDAY          0                           0       0      0
  MONTH TO DATE      0                           0       0      0
  SINCE DEC 1        0                           0       0      0
  SINCE JAN 1        0                           0       0      0
...................................................................

WIND (MPH)
 HIGHEST WIND SPEED     5     HIGHEST WIND DIRECTION     10
 HIGHEST GUST SPEED     6     HIGHEST GUST DIRECTION     30
 AVERAGE WIND SPEED   0.0

WEATHER CONDITIONS
 NO SIGNIFICANT WEATHER WAS OBSERVED OR RECORDED YESTERDAY.
...................................................................

THE MCGRATH CLIMATE NORMALS FOR TODAY
                           NORMAL    RECORD   YEAR
 MAXIMUM TEMPERATURE (F)     10        43     2012
 MINIMUM TEMPERATURE (F)    -11       -52     1999

SUNRISE AND SUNSET
 FEB 9 2016..........SUNRISE  9:32 AM      SUNSET  5:43 PM
 FEB 10 2016..........SUNRISE  9:29 AM      SUNSET  5:47 PM

-  INDICATES NEGATIVE NUMBERS.
R  INDICATES RECORD HAS BEEN SET OR TIED.
MM INDICATES DATA IS MISSING.
T  INDICATES TRACE OF PRECIPITATION.

&&
-------------------------------------------------------------------

AMOUNT OF DAYLIGHT TODAY  (HOUR:MIN)........8 HOURS 11 MINUTES
GAIN SINCE YESTERDAY (HOUR:MIN:SEC)....+0:06:05

$$
JMM FEB 16
