000
CDUS43 KEAX 240632
CLIMCI

CLIMATE REPORT
NATIONAL WEATHER SERVICE KANSAS CITY/PLEASANT HILL MO
132 AM CDT MON JUL 24 2017


...................................

...THE KANSAS CITY INTERNATIONAL MO CLIMATE SUMMARY FOR JULY 23 2017...

CLIMATE NORMAL PERIOD 1981 TO 2010
CLIMATE RECORD PERIOD 1888 TO 2017


WEATHER ITEM   OBSERVED TIME   RECORD YEAR NORMAL DEPARTURE LAST
                VALUE   (LST)  VALUE       VALUE  FROM      YEAR
                                                  NORMAL
..................................................................
TEMPERATURE (F)
 YESTERDAY
  MAXIMUM         92    532 PM 106    1934  89      3       92
  MINIMUM         71    625 AM  57    2003  69      2       76
                                      1990
  AVERAGE         82                        79      3       84

PRECIPITATION (IN)
  YESTERDAY        T             1.90 1973   0.13  -0.13     0.00
  MONTH TO DATE    0.60                      3.47  -2.87     7.74
  SINCE JUN 1      7.03                      8.70  -1.67     8.72
  SINCE JAN 1     23.30                     22.53   0.77    29.25

SNOWFALL (IN)
  YESTERDAY        0.0           0.0    MM   0.0    0.0      0.0
  MONTH TO DATE    0.0                       0.0    0.0      0.0
  SINCE JUN 1      0.0                       0.0    0.0      0.0
  SINCE JUL 1      0.0                       0.0    0.0      0.0
  SNOW DEPTH       0

DEGREE DAYS
 HEATING
  YESTERDAY        0                         0      0        0
  MONTH TO DATE    0                         0      0        0
  SINCE JUN 1      1                         9     -8        0
  SINCE JUL 1      0                         0      0        0

 COOLING
  YESTERDAY       17                        14      3       19
  MONTH TO DATE  350                       307     43      323
  SINCE JUN 1    649                       573     76      740
  SINCE JAN 1    760                       689     71      811
..................................................................


WIND (MPH)
  HIGHEST WIND SPEED    10   HIGHEST WIND DIRECTION    NE (30)
  HIGHEST GUST SPEED    14   HIGHEST GUST DIRECTION     N (20)
  AVERAGE WIND SPEED     5.8


SKY COVER
  POSSIBLE SUNSHINE  MM
  AVERAGE SKY COVER 0.6


WEATHER CONDITIONS
 THE FOLLOWING WEATHER WAS RECORDED YESTERDAY.
  LIGHT RAIN
  FOG


RELATIVE HUMIDITY (PERCENT)
 HIGHEST    93           200 AM
 LOWEST     56           200 PM
 AVERAGE    75

..........................................................


THE KANSAS CITY INTERNATIONAL MO CLIMATE NORMALS FOR TODAY
                         NORMAL    RECORD    YEAR
 MAXIMUM TEMPERATURE (F)   89       110      1934
 MINIMUM TEMPERATURE (F)   69        57      2004


SUNRISE AND SUNSET
JULY 24 2017..........SUNRISE   612 AM CDT   SUNSET   838 PM CDT
JULY 25 2017..........SUNRISE   613 AM CDT   SUNSET   837 PM CDT


-  INDICATES NEGATIVE NUMBERS.
R  INDICATES RECORD WAS SET OR TIED.
MM INDICATES DATA IS MISSING.
T  INDICATES TRACE AMOUNT.


&&

...MISCELLANEOUS CLIMATE DATA FROM YESTERDAY...

LOCATION                HIGH    LOW      PRECIP
ST. JOSEPH               91      70       0.00
DOWNTOWN KANSAS CITY     94      72       0.22
OLATHE NEW CENTURY       90      69       0.01
OLATHE JO CO EXEC        91      68       0.01
LEES SUMMIT              92      70       0.04
KIRKSVILLE               95      67       0.00
CHILLICOTHE              94      70       0.00
SEDALIA                  91      71       0.24
NWS PLEASANT HILL MO     91      70       0.06


THIS PRODUCT...ALONG WITH OTHER WEATHER...HYDROLOGICAL AND CLIMATE
INFORMATION...IS AVAILABLE ON THE WEB AT HTTP://WWW.WEATHER.GOV/EAX
OR AT HTTP://WEATHER.GOV

$$
