000
CDUS43 KEAX 240632
CLIMCI

CLIMATE REPORT
NATIONAL WEATHER SERVICE KANSAS CITY/PLEASANT HILL MO
1231 AM CST FRI FEB 24 2017


...................................

...THE KANSAS CITY INTERNATIONAL MO CLIMATE SUMMARY FOR FEBRUARY 23 2017...

CLIMATE NORMAL PERIOD 1981 TO 2010
CLIMATE RECORD PERIOD 1888 TO 2017


WEATHER ITEM   OBSERVED TIME   RECORD YEAR NORMAL DEPARTURE LAST
                VALUE   (LST)  VALUE       VALUE  FROM      YEAR
                                                  NORMAL
..................................................................
TEMPERATURE (F)
 YESTERDAY
  MAXIMUM         56    455 PM  73    1933  46     10       49
  MINIMUM         47   1159 PM  -5    1910  26     21       30
  AVERAGE         52                        36     16       40

PRECIPITATION (IN)
  YESTERDAY        0.00          1.04 1942   0.06  -0.06     0.00
  MONTH TO DATE    0.06                      1.17  -1.11     0.40
  SINCE DEC 1      2.64                      3.77  -1.13     4.40
  SINCE JAN 1      1.45                      2.24  -0.79     1.16

SNOWFALL (IN)
  YESTERDAY        0.0           7.2  1965   0.2   -0.2      0.0
  MONTH TO DATE    0.0                       4.7   -4.7       T
  SINCE DEC 1      4.5                      14.1   -9.6      5.3
  SINCE JUL 1      4.5                      15.5  -11.0      5.3
  SNOW DEPTH       0

DEGREE DAYS
 HEATING
  YESTERDAY       13                        29    -16       25
  MONTH TO DATE  476                       744   -268      620
  SINCE DEC 1   2554                      2906   -352     2487
  SINCE JUL 1   3138                      3908   -770     3234

 COOLING
  YESTERDAY        0                         0      0        0
  MONTH TO DATE    0                         0      0        0
  SINCE DEC 1      0                         0      0        0
  SINCE JAN 1      0                         0      0        0
..................................................................


WIND (MPH)
  HIGHEST WIND SPEED    24   HIGHEST WIND DIRECTION     E (100)
  HIGHEST GUST SPEED    30   HIGHEST GUST DIRECTION     W (290)
  AVERAGE WIND SPEED    14.1


SKY COVER
  POSSIBLE SUNSHINE  MM
  AVERAGE SKY COVER 0.7


WEATHER CONDITIONS
 THE FOLLOWING WEATHER WAS RECORDED YESTERDAY.
  FOG


RELATIVE HUMIDITY (PERCENT)
 HIGHEST    93          1000 PM
 LOWEST     59          1200 AM
 AVERAGE    76

..........................................................


THE KANSAS CITY INTERNATIONAL MO CLIMATE NORMALS FOR TODAY
                         NORMAL    RECORD    YEAR
 MAXIMUM TEMPERATURE (F)   47        81      1930
 MINIMUM TEMPERATURE (F)   27         2      2010
                                             2003


SUNRISE AND SUNSET
FEBRUARY 24 2017......SUNRISE   658 AM CST   SUNSET   606 PM CST
FEBRUARY 25 2017......SUNRISE   657 AM CST   SUNSET   607 PM CST


-  INDICATES NEGATIVE NUMBERS.
R  INDICATES RECORD WAS SET OR TIED.
MM INDICATES DATA IS MISSING.
T  INDICATES TRACE AMOUNT.


&&

...MISCELLANEOUS CLIMATE DATA FROM YESTERDAY...

LOCATION                HIGH    LOW      PRECIP
ST. JOSEPH               57      43       0.01
DOWNTOWN KANSAS CITY     57      49       0.00
OLATHE NEW CENTURY       60      45       T
OLATHE JO CO EXEC        58      47       T
LEES SUMMIT              60      49       0.01
KIRKSVILLE               53      40       T
CHILLICOTHE              55      42       0.00
SEDALIA                  70      48       0.01
NWS PLEASANT HILL MO     62      49       0.01


THIS PRODUCT...ALONG WITH OTHER WEATHER...HYDROLOGICAL AND CLIMATE
INFORMATION...IS AVAILABLE ON THE WEB AT HTTP://WWW.WEATHER.GOV/EAX
OR AT HTTP://WEATHER.GOV

$$

73
