000
CDUS43 KEAX 290634
CLIMCI

CLIMATE REPORT
NATIONAL WEATHER SERVICE KANSAS CITY/PLEASANT HILL MO
133 AM CDT MON AUG 29 2016


...................................

...THE KANSAS CITY INTERNATIONAL MO CLIMATE SUMMARY FOR AUGUST 28 2016...

CLIMATE NORMAL PERIOD 1981 TO 2010
CLIMATE RECORD PERIOD 1888 TO 2016


WEATHER ITEM   OBSERVED TIME   RECORD YEAR NORMAL DEPARTURE LAST
                VALUE   (LST)  VALUE       VALUE  FROM      YEAR
                                                  NORMAL
..................................................................
TEMPERATURE (F)
 YESTERDAY
  MAXIMUM         90    144 PM 105    2000  86      4       82
  MINIMUM         70    815 PM  43    1986  65      5       68
  AVERAGE         80                        75      5       75

PRECIPITATION (IN)
  YESTERDAY        1.23          4.06 1919   0.13   1.10      T
  MONTH TO DATE    7.90                      3.48   4.42     0.98
  SINCE JUN 1     17.64                     13.16   4.48    15.31
  SINCE JAN 1     38.17                     26.99  11.18    31.91

SNOWFALL (IN)
  YESTERDAY        0.0           0.0    MM   0.0    0.0      0.0
  MONTH TO DATE    0.0                       0.0    0.0      0.0
  SINCE JUN 1      0.0                       0.0    0.0      0.0
  SINCE JUL 1      0.0                       0.0    0.0      0.0
  SNOW DEPTH       0

DEGREE DAYS
 HEATING
  YESTERDAY        0                         0      0        0
  MONTH TO DATE    0                         0      0        1
  SINCE JUN 1      0                         9     -9        6
  SINCE JUL 1      0                         0      0        3

 COOLING
  YESTERDAY       15                        10      5       10
  MONTH TO DATE  344                       346     -2      274
  SINCE JUN 1   1189                      1026    163      977
  SINCE JAN 1   1260                      1142    118     1045
..................................................................


WIND (MPH)
  HIGHEST WIND SPEED    17   HIGHEST WIND DIRECTION     S (170)
  HIGHEST GUST SPEED    22   HIGHEST GUST DIRECTION     S (170)
  AVERAGE WIND SPEED     6.7


SKY COVER
  POSSIBLE SUNSHINE  MM
  AVERAGE SKY COVER 0.4


WEATHER CONDITIONS
 THE FOLLOWING WEATHER WAS RECORDED YESTERDAY.
  THUNDERSTORM
  HEAVY RAIN
  RAIN
  LIGHT RAIN
  FOG


RELATIVE HUMIDITY (PERCENT)
 HIGHEST    90           200 AM
 LOWEST     52           200 PM
 AVERAGE    71

..........................................................


THE KANSAS CITY INTERNATIONAL MO CLIMATE NORMALS FOR TODAY
                         NORMAL    RECORD    YEAR
 MAXIMUM TEMPERATURE (F)   85       109      1984
 MINIMUM TEMPERATURE (F)   64        49      1946
                                             1893


SUNRISE AND SUNSET
AUGUST 29 2016........SUNRISE   645 AM CDT   SUNSET   753 PM CDT
AUGUST 30 2016........SUNRISE   646 AM CDT   SUNSET   752 PM CDT


-  INDICATES NEGATIVE NUMBERS.
R  INDICATES RECORD WAS SET OR TIED.
MM INDICATES DATA IS MISSING.
T  INDICATES TRACE AMOUNT.


&&

...MISCELLANEOUS CLIMATE DATA FROM YESTERDAY...

LOCATION                HIGH    LOW      PRECIP
ST. JOSEPH               89      67       0.00
DOWNTOWN KANSAS CITY     92      72       0.85
OLATHE NEW CENTURY       89      71       0.00
OLATHE JO CO EXEC        87      69       0.00
LEES SUMMIT              89      72       0.30
KIRKSVILLE               89      67       0.00
CHILLICOTHE              90      70       0.30
SEDALIA                  92      70       0.00
NWS PLEASANT HILL MO     90      70       0.79


THIS PRODUCT...ALONG WITH OTHER WEATHER...HYDROLOGICAL AND CLIMATE
INFORMATION...IS AVAILABLE ON THE WEB AT HTTP://WWW.WEATHER.GOV/EAX
OR AT HTTP://WEATHER.GOV

$$
