106
CDUS43 KGLD 210753 RRA
CLIMCK

CLIMATE REPORT
NATIONAL WEATHER SERVICE GOODLAND
1248 AM MST TUE NOV 21 2017


...................................

...THE MCCOOK NE CLIMATE SUMMARY FOR NOVEMBER 20 2017...

CLIMATE NORMAL PERIOD 1981 TO 2010
CLIMATE RECORD PERIOD 1896 TO 2017


WEATHER ITEM   OBSERVED TIME   RECORD YEAR NORMAL DEPARTURE LAST
                VALUE   (LST)  VALUE       VALUE  FROM      YEAR
                                                  NORMAL
..................................................................
TEMPERATURE (F)
 YESTERDAY
  MAXIMUM         73    242 PM  79    1927  50     23       56
  MINIMUM         25    706 AM   2    1937  22      3       21
  AVERAGE         49                        36     13       39

PRECIPITATION (IN)
  YESTERDAY        0.00                      0.03  -0.03     0.00
  MONTH TO DATE    0.16                      0.68  -0.52     0.11
  SINCE SEP 1      4.29                      3.91   0.38     5.88
  SINCE JAN 1     18.40                     21.62  -3.22    24.01

..................................................................


THE MCCOOK NE CLIMATE NORMALS FOR TODAY
                         NORMAL    RECORD    YEAR
 MAXIMUM TEMPERATURE (F)   49        72      2006
                                             1933
 MINIMUM TEMPERATURE (F)   22        -3      1964


-  INDICATES NEGATIVE NUMBERS.
R  INDICATES RECORD WAS SET OR TIED.
MM INDICATES DATA IS MISSING.
T  INDICATES TRACE AMOUNT.

$$
