000
CDUS42 KFFC 010917
CLIMCN


CLIMATE REPORT
NATIONAL WEATHER SERVICE PEACHTREE CITY GA
417 AM EST SUN FEB 1 2015


...................................

...THE MACON CLIMATE SUMMARY FOR JANUARY 31 2015...

CLIMATE NORMAL PERIOD 1981 TO 2010
CLIMATE RECORD PERIOD 1899 TO 2015


WEATHER ITEM   OBSERVED TIME   RECORD YEAR NORMAL DEPARTURE LAST
                VALUE   (LST)  VALUE       VALUE  FROM      YEAR
                                                  NORMAL
..................................................................
TEMPERATURE (F)
 YESTERDAY
  MAXIMUM         58    414 PM  80    1957  59     -1       58
  MINIMUM         24    759 AM  11    1966  36    -12       16
  AVERAGE         41                        48     -7       37

PRECIPITATION (IN)
  YESTERDAY        0.00          3.37 1908   0.15  -0.15     0.00
  MONTH TO DATE    2.44                      4.24  -1.80     3.23
  SINCE DEC 1      8.33                      8.28   0.05    12.27
  SINCE JAN 1      2.44                      4.24  -1.80     3.23

SNOWFALL (IN)
  YESTERDAY        0.0           0.0  2002   0.0    0.0      0.0
  MONTH TO DATE    0.0                       0.4   -0.4      2.1
  SINCE DEC 1      0.0                       0.5   -0.5      2.1
  SINCE JUL 1      0.0                       0.5   -0.5      2.1
  SNOW DEPTH       0

DEGREE DAYS
 HEATING
  YESTERDAY       24                        18      6       28
  MONTH TO DATE  637                       580     57      796
  SINCE DEC 1   1064                      1110    -46     1253
  SINCE JUL 1   1624                      1505    119     1702

 COOLING
  YESTERDAY        0                         0      0        0
  MONTH TO DATE    0                         1     -1        0
  SINCE DEC 1      0                         4     -4       10
  SINCE JAN 1      0                         1     -1        0
..................................................................


WIND (MPH)
  RESULTANT WIND SPEED   0   RESULTANT WIND DIRECTION   E (110)
  HIGHEST WIND SPEED     7   HIGHEST WIND DIRECTION    SE (130)
  HIGHEST GUST SPEED    13   HIGHEST GUST DIRECTION     E (80)
  AVERAGE WIND SPEED     1.8


SKY COVER
  AVERAGE SKY COVER 0.0


WEATHER CONDITIONS
 THE FOLLOWING WEATHER WAS RECORDED YESTERDAY.
  NO SIGNIFICANT WEATHER WAS OBSERVED.


RELATIVE HUMIDITY (PERCENT)
 HIGHEST    92           500 AM
 LOWEST     21           500 PM
 AVERAGE    57

..........................................................


THE MACON CLIMATE NORMALS FOR TODAY
                         NORMAL    RECORD    YEAR
 MAXIMUM TEMPERATURE (F)   60        81      1957
 MINIMUM TEMPERATURE (F)   36        17      1936


SUNRISE AND SUNSET
FEBRUARY  1 2015......SUNRISE   729 AM EST   SUNSET   607 PM EST
FEBRUARY  2 2015......SUNRISE   729 AM EST   SUNSET   608 PM EST


-  INDICATES NEGATIVE NUMBERS.
R  INDICATES RECORD WAS SET OR TIED.
MM INDICATES DATA IS MISSING.
T  INDICATES TRACE AMOUNT.




$$
