000
CDUS42 KFFC 200817
CLIMCN


CLIMATE REPORT
NATIONAL WEATHER SERVICE PEACHTREE CITY GA
417 AM EDT SAT SEP 20 2014


...................................

...THE MACON CLIMATE SUMMARY FOR SEPTEMBER 19 2014...

CLIMATE NORMAL PERIOD 1981 TO 2010
CLIMATE RECORD PERIOD 1899 TO 2014


WEATHER ITEM   OBSERVED TIME   RECORD YEAR NORMAL DEPARTURE LAST
                VALUE   (LST)  VALUE       VALUE  FROM      YEAR
                                                  NORMAL
..................................................................
TEMPERATURE (F)
 YESTERDAY
  MAXIMUM         86    320 PM 101    1925  85      1       85
  MINIMUM         63    634 AM  45    1981  63      0       56
  AVERAGE         75                        74      1       71

PRECIPITATION (IN)
  YESTERDAY        0.00          1.67 1953   0.11  -0.11     0.00
  MONTH TO DATE    2.03                      2.41  -0.38     0.13
  SINCE SEP 1      2.03                      2.41  -0.38     0.13
  SINCE JAN 1     35.96                     34.35   1.61    58.26

DEGREE DAYS
 HEATING
  YESTERDAY        0                         0      0        0
  MONTH TO DATE    0                         0      0        0
  SINCE SEP 1      0                         0      0        0
  SINCE JUL 1      0                         0      0        0

 COOLING
  YESTERDAY       10                         9      1        6
  MONTH TO DATE  278                       223     55      243
  SINCE SEP 1    278                       223     55      243
  SINCE JAN 1   1876                      1967    -91     1718
..................................................................


WIND (MPH)
  RESULTANT WIND SPEED   5   RESULTANT WIND DIRECTION   E (70)
  HIGHEST WIND SPEED    16   HIGHEST WIND DIRECTION     E (70)
  HIGHEST GUST SPEED    21   HIGHEST GUST DIRECTION     E (80)
  AVERAGE WIND SPEED     5.2


SKY COVER
  AVERAGE SKY COVER 0.1


WEATHER CONDITIONS
 THE FOLLOWING WEATHER WAS RECORDED YESTERDAY.
  FOG


RELATIVE HUMIDITY (PERCENT)
 HIGHEST   100          1200 AM
 LOWEST     55           300 PM
 AVERAGE    78

..........................................................


THE MACON CLIMATE NORMALS FOR TODAY
                         NORMAL    RECORD    YEAR
 MAXIMUM TEMPERATURE (F)   85       102      1925
 MINIMUM TEMPERATURE (F)   63        46      1981


SUNRISE AND SUNSET
SEPTEMBER 20 2014.....SUNRISE   721 AM EDT   SUNSET   734 PM EDT
SEPTEMBER 21 2014.....SUNRISE   722 AM EDT   SUNSET   733 PM EDT


-  INDICATES NEGATIVE NUMBERS.
R  INDICATES RECORD WAS SET OR TIED.
MM INDICATES DATA IS MISSING.
T  INDICATES TRACE AMOUNT.




$$
