000
CDUS42 KFFC 190023
CLIMCN


CLIMATE REPORT
NATIONAL WEATHER SERVICE PEACHTREE CITY GA
722 PM EST THU DEC 18 2014


...................................

...THE MACON CLIMATE SUMMARY FOR DECEMBER 18 2014...
VALID AS OF 0700 PM LOCAL TIME.

CLIMATE NORMAL PERIOD 1981 TO 2010
CLIMATE RECORD PERIOD 1899 TO 2014


WEATHER ITEM   OBSERVED TIME   RECORD YEAR NORMAL DEPARTURE LAST
                VALUE   (LST)  VALUE       VALUE  FROM      YEAR
                                                  NORMAL
..................................................................
TEMPERATURE (F)
 TODAY
  MAXIMUM         65    412 PM  79    2008  59      6       61
                                      1984
                                      1967
  MINIMUM         33    637 AM  17    1901  36     -3       31
  AVERAGE         49                        47      2       46

PRECIPITATION (IN)
  TODAY            0.00          1.51 2009   0.13  -0.13     0.00
  MONTH TO DATE    0.09                      2.32  -2.23     2.50
  SINCE DEC 1      0.09                      2.32  -2.23     2.50
  SINCE JAN 1     42.69                     43.96  -1.27    66.37

SNOWFALL (IN)
  TODAY            0.0           0.0  2001   0.0    0.0      0.0
  MONTH TO DATE    0.0                       0.0    0.0      0.0
  SINCE DEC 1      0.0                       0.0    0.0      0.0
  SINCE JUL 1      0.0                       0.0    0.0      0.0
  SNOW DEPTH       0

DEGREE DAYS
 HEATING
  TODAY           16                        18     -2       19
  MONTH TO DATE  245                       288    -43      235
  SINCE DEC 1    245                       288    -43      235
  SINCE JUL 1    805                       683    122      684
..................................................................


WIND (MPH)
  HIGHEST WIND SPEED    14   HIGHEST WIND DIRECTION     N (360)
  HIGHEST GUST SPEED    17   HIGHEST GUST DIRECTION     N (20)
  AVERAGE WIND SPEED     2.8


SKY COVER
  AVERAGE SKY COVER 0.1


WEATHER CONDITIONS
 THE FOLLOWING WEATHER WAS RECORDED TODAY.
  FOG


RELATIVE HUMIDITY (PERCENT)
 HIGHEST   100           200 AM
 LOWEST     26           400 PM

..........................................................


THE MACON CLIMATE NORMALS FOR TOMORROW
                         NORMAL    RECORD
 MAXIMUM TEMPERATURE (F)   59        79
 MINIMUM TEMPERATURE (F)   36        15


SUNRISE AND SUNSET
DECEMBER 18 2014......SUNRISE   731 AM EST   SUNSET   531 PM EST
DECEMBER 19 2014......SUNRISE   732 AM EST   SUNSET   532 PM EST


-  INDICATES NEGATIVE NUMBERS.
R  INDICATES RECORD WAS SET OR TIED.
MM INDICATES DATA IS MISSING.
T  INDICATES TRACE AMOUNT.




$$
