000
CDUS42 KFFC 050819
CLIMCN


CLIMATE REPORT
NATIONAL WEATHER SERVICE PEACHTREE CITY GA
419 AM EDT WED AUG 5 2015


...................................

...THE MACON CLIMATE SUMMARY FOR AUGUST 4 2015...

CLIMATE NORMAL PERIOD 1981 TO 2010
CLIMATE RECORD PERIOD 1899 TO 2015


WEATHER ITEM   OBSERVED TIME   RECORD YEAR NORMAL DEPARTURE LAST
                VALUE   (LST)  VALUE       VALUE  FROM      YEAR
                                                  NORMAL
..................................................................
TEMPERATURE (F)
 YESTERDAY
  MAXIMUM        100    210 PM 102    1954  92      8       89
  MINIMUM         72    621 AM  61    1950  71      1       67
  AVERAGE         86                        82      4       78

PRECIPITATION (IN)
  YESTERDAY        0.00          1.70 1895   0.14  -0.14     0.00
  MONTH TO DATE    0.00                      0.56  -0.56     0.02
  SINCE JUN 1      5.34                      9.57  -4.23    10.71
  SINCE JAN 1     21.84                     28.40  -6.56    32.90

DEGREE DAYS
 HEATING
  YESTERDAY        0                         0      0        0
  MONTH TO DATE    0                         0      0        0
  SINCE JUN 1      0                         0      0        0
  SINCE JUL 1      0                         0      0        0

 COOLING
  YESTERDAY       21                        17      4       13
  MONTH TO DATE   76                        68      8       45
  SINCE JUN 1   1148                      1008    140      899
  SINCE JAN 1   1533                      1321    212     1177
..................................................................


WIND (MPH)
  RESULTANT WIND SPEED   1   RESULTANT WIND DIRECTION   S (200)
  HIGHEST WIND SPEED    18   HIGHEST WIND DIRECTION     E (80)
  HIGHEST GUST SPEED    23   HIGHEST GUST DIRECTION     E (80)
  AVERAGE WIND SPEED     4.3


SKY COVER
  AVERAGE SKY COVER 0.0


WEATHER CONDITIONS
 THE FOLLOWING WEATHER WAS RECORDED YESTERDAY.
  FOG


RELATIVE HUMIDITY (PERCENT)
 HIGHEST   100           400 AM
 LOWEST     33           500 PM
 AVERAGE    67

..........................................................


THE MACON CLIMATE NORMALS FOR TODAY
                         NORMAL    RECORD    YEAR
 MAXIMUM TEMPERATURE (F)   92       102      1954
 MINIMUM TEMPERATURE (F)   71        60      1950


SUNRISE AND SUNSET
AUGUST  5 2015........SUNRISE   651 AM EDT   SUNSET   830 PM EDT
AUGUST  6 2015........SUNRISE   652 AM EDT   SUNSET   829 PM EDT


-  INDICATES NEGATIVE NUMBERS.
R  INDICATES RECORD WAS SET OR TIED.
MM INDICATES DATA IS MISSING.
T  INDICATES TRACE AMOUNT.




$$
