000
CDUS42 KFFC 280822
CLIMCN


CLIMATE REPORT
NATIONAL WEATHER SERVICE PEACHTREE CITY GA
421 AM EDT FRI AUG 28 2015


...................................

...THE MACON CLIMATE SUMMARY FOR AUGUST 27 2015...

CLIMATE NORMAL PERIOD 1981 TO 2010
CLIMATE RECORD PERIOD 1899 TO 2015


WEATHER ITEM   OBSERVED TIME   RECORD YEAR NORMAL DEPARTURE LAST
                VALUE   (LST)  VALUE       VALUE  FROM      YEAR
                                                  NORMAL
..................................................................
TEMPERATURE (F)
 YESTERDAY
  MAXIMUM         89    146 PM 103    1954  90     -1       91
  MINIMUM         63    614 AM  57    1952  69     -6       60
  AVERAGE         76                        80     -4       76

PRECIPITATION (IN)
  YESTERDAY        0.00          2.03 1904   0.13  -0.13     0.00
  MONTH TO DATE    4.02                      3.58   0.44     0.92
  SINCE JUN 1      9.36                     12.59  -3.23    11.61
  SINCE JAN 1     25.86                     31.42  -5.56    33.80

DEGREE DAYS
 HEATING
  YESTERDAY        0                         0      0        0
  MONTH TO DATE    0                         0      0        0
  SINCE JUN 1      0                         0      0        0
  SINCE JUL 1      0                         0      0        0

 COOLING
  YESTERDAY       11                        15     -4       11
  MONTH TO DATE  440                       435      5      403
  SINCE JUN 1   1512                      1375    137     1257
  SINCE JAN 1   1897                      1688    209     1535
..................................................................


WIND (MPH)
  RESULTANT WIND SPEED   5   RESULTANT WIND DIRECTION  NE (40)
  HIGHEST WIND SPEED    16   HIGHEST WIND DIRECTION    NE (50)
  HIGHEST GUST SPEED    20   HIGHEST GUST DIRECTION    NE (40)
  AVERAGE WIND SPEED     6.2


SKY COVER
  AVERAGE SKY COVER 0.4


WEATHER CONDITIONS
 THE FOLLOWING WEATHER WAS RECORDED YESTERDAY.
  FOG


RELATIVE HUMIDITY (PERCENT)
 HIGHEST   100           300 AM
 LOWEST     51           600 PM
 AVERAGE    76

..........................................................


THE MACON CLIMATE NORMALS FOR TODAY
                         NORMAL    RECORD    YEAR
 MAXIMUM TEMPERATURE (F)   90       102      1954
 MINIMUM TEMPERATURE (F)   69        55      1952


SUNRISE AND SUNSET
AUGUST 28 2015........SUNRISE   707 AM EDT   SUNSET   805 PM EDT
AUGUST 29 2015........SUNRISE   707 AM EDT   SUNSET   803 PM EDT


-  INDICATES NEGATIVE NUMBERS.
R  INDICATES RECORD WAS SET OR TIED.
MM INDICATES DATA IS MISSING.
T  INDICATES TRACE AMOUNT.




$$
