000
CDUS42 KFFC 240919
CLIMCN


CLIMATE REPORT
NATIONAL WEATHER SERVICE PEACHTREE CITY GA
416 AM EST TUE JAN 24 2017


...................................

...THE MACON CLIMATE SUMMARY FOR JANUARY 23 2017...

CLIMATE NORMAL PERIOD 1981 TO 2010
CLIMATE RECORD PERIOD 1899 TO 2017


WEATHER ITEM   OBSERVED TIME   RECORD YEAR NORMAL DEPARTURE LAST
                VALUE   (LST)  VALUE       VALUE  FROM      YEAR
                                                  NORMAL
..................................................................
TEMPERATURE (F)
 YESTERDAY
  MAXIMUM         61    412 PM  79    1937  58      3       39
  MINIMUM         50    610 AM  15    1960  35     15       30
  AVERAGE         56                        47      9       35

PRECIPITATION (IN)
  YESTERDAY        0.05          2.07 1923   0.14  -0.09      T
  MONTH TO DATE   11.03                      3.08   7.95     2.27
  SINCE DEC 1     16.98                      7.12   9.86    14.89
  SINCE JAN 1     11.03                      3.08   7.95     2.27

SNOWFALL (IN)
  YESTERDAY        0.0           T    2016   0.0    0.0       T
  MONTH TO DATE    0.0                       0.3   -0.3       T
  SINCE DEC 1      0.0                       0.4   -0.4       T
  SINCE JUL 1      0.0                       0.4   -0.4       T
  SNOW DEPTH       0

DEGREE DAYS
 HEATING
  YESTERDAY        9                        18     -9       30
  MONTH TO DATE  226                       436   -210      474
  SINCE DEC 1    617                       966   -349      705
  SINCE JUL 1    859                      1361   -502      977

 COOLING
  YESTERDAY        0                         0      0        0
  MONTH TO DATE    4                         0      4        0
  SINCE DEC 1      6                         3      3       42
  SINCE JAN 1      4                         0      4        0
..................................................................


WIND (MPH)
  RESULTANT WIND SPEED  12   RESULTANT WIND DIRECTION   W (290)
  HIGHEST WIND SPEED    26   HIGHEST WIND DIRECTION    NW (300)
  HIGHEST GUST SPEED    36   HIGHEST GUST DIRECTION     W (290)
  AVERAGE WIND SPEED    14.0


SKY COVER
  AVERAGE SKY COVER 0.6


WEATHER CONDITIONS
 THE FOLLOWING WEATHER WAS RECORDED YESTERDAY.
  LIGHT RAIN
  FOG


RELATIVE HUMIDITY (PERCENT)
 HIGHEST    89           700 AM
 LOWEST     62           500 PM
 AVERAGE    76

..........................................................


THE MACON CLIMATE NORMALS FOR TODAY
                         NORMAL    RECORD    YEAR
 MAXIMUM TEMPERATURE (F)   58        79      1950
 MINIMUM TEMPERATURE (F)   35         6      1963


SUNRISE AND SUNSET
JANUARY 24 2017.......SUNRISE   734 AM EST   SUNSET   600 PM EST
JANUARY 25 2017.......SUNRISE   733 AM EST   SUNSET   601 PM EST


-  INDICATES NEGATIVE NUMBERS.
R  INDICATES RECORD WAS SET OR TIED.
MM INDICATES DATA IS MISSING.
T  INDICATES TRACE AMOUNT.




$$
