000
CDUS42 KMLB 060628
CLIMCO


CLIMATE REPORT
NATIONAL WEATHER SERVICE MELBOURNE FL
227 AM EDT FRI MAY 6 2016


...................................

...THE ORLANDO  CLIMATE SUMMARY FOR MAY 5 2016...

CLIMATE NORMAL PERIOD 1981 TO 2010
CLIMATE RECORD PERIOD 1892 TO 2016


WEATHER ITEM   OBSERVED TIME   RECORD YEAR NORMAL DEPARTURE LAST
                VALUE   (LST)  VALUE       VALUE  FROM      YEAR
                                                  NORMAL
..................................................................
TEMPERATURE (F)
 YESTERDAY
  MAXIMUM         82    207 PM  96    1915  86     -4       82
  MINIMUM         58    537 AM  50    1921  64     -6       68
  AVERAGE         70                        75     -5       75

PRECIPITATION (IN)
  YESTERDAY        0.00          1.30 1904   0.07  -0.07     0.07
  MONTH TO DATE    2.64                      0.34   2.30     0.07
  SINCE MAR 1      9.22                      6.79   2.43     5.03
  SINCE JAN 1     16.56                     11.52   5.04    13.13

SNOWFALL (IN)
  YESTERDAY        0.0
  MONTH TO DATE    0.0
  SINCE MAR 1      0.0
  SINCE JUL 1      0.0

DEGREE DAYS
 HEATING
  YESTERDAY        0                         0      0        0
  MONTH TO DATE    0                         0      0        0
  SINCE MAR 1     16                        71    -55       16
  SINCE JUL 1    370                       570   -200      486

 COOLING
  YESTERDAY        5                        10     -5       10
  MONTH TO DATE   57                        48      9       40
  SINCE MAR 1    516                       365    151      692
  SINCE JAN 1    578                       469    109      766
..................................................................


WIND (MPH)
  HIGHEST WIND SPEED    29   HIGHEST WIND DIRECTION     W (280)
  HIGHEST GUST SPEED    37   HIGHEST GUST DIRECTION     W (260)
  AVERAGE WIND SPEED    12.9


SKY COVER
  AVERAGE SKY COVER 0.1


WEATHER CONDITIONS
 THE FOLLOWING WEATHER WAS RECORDED YESTERDAY.
  NO SIGNIFICANT WEATHER WAS OBSERVED.


RELATIVE HUMIDITY (PERCENT)
 HIGHEST    87          1200 AM
 LOWEST     28           400 PM
 AVERAGE    58

..........................................................


THE ORLANDO  CLIMATE NORMALS FOR TODAY
                         NORMAL    RECORD    YEAR
 MAXIMUM TEMPERATURE (F)   87        98      1922
 MINIMUM TEMPERATURE (F)   64        49      1945


SUNRISE AND SUNSET
MAY  6 2016...........SUNRISE   640 AM EDT   SUNSET   804 PM EDT
MAY  7 2016...........SUNRISE   640 AM EDT   SUNSET   804 PM EDT


-  INDICATES NEGATIVE NUMBERS.
R  INDICATES RECORD WAS SET OR TIED.
MM INDICATES DATA IS MISSING.
T  INDICATES TRACE AMOUNT.




$$
