000
CDUS42 KMLB 220626
CLIMCO


CLIMATE REPORT
NATIONAL WEATHER SERVICE MELBOURNE FL
226 AM EDT THU JUN 22 2017


...................................

...THE ORLANDO  CLIMATE SUMMARY FOR JUNE 21 2017...

CLIMATE NORMAL PERIOD 1981 TO 2010
CLIMATE RECORD PERIOD 1892 TO 2017


WEATHER ITEM   OBSERVED TIME   RECORD YEAR NORMAL DEPARTURE LAST
                VALUE   (LST)  VALUE       VALUE  FROM      YEAR
                                                  NORMAL
..................................................................
TEMPERATURE (F)
 YESTERDAY
  MAXIMUM         91    316 PM  99    1944  91      0       87
  MINIMUM         75    637 PM  63    1913  73      2       68
  AVERAGE         83                        82      1       78

PRECIPITATION (IN)
  YESTERDAY        0.38          2.93 1981   0.27   0.11     0.00
  MONTH TO DATE    5.15                      5.32  -0.17     5.56
  SINCE JUN 1      5.15                      5.32  -0.17     5.56
  SINCE JAN 1     11.54                     19.95  -8.41    25.65

SNOWFALL (IN)
  YESTERDAY        0.0
  MONTH TO DATE    0.0
  SINCE JUN 1      0.0
  SINCE JUL 1      0.0

DEGREE DAYS
 HEATING
  YESTERDAY        0                         0      0        0
  MONTH TO DATE    0                         0      0        0
  SINCE JUN 1      0                         0      0        0
  SINCE JUL 1    209                       571   -362      370

 COOLING
  YESTERDAY       18                        17      1       13
  MONTH TO DATE  300                       337    -37      370
  SINCE JUN 1    300                       337    -37      370
  SINCE JAN 1   1336                      1138    198     1285
..................................................................


WIND (MPH)
  HIGHEST WIND SPEED    23   HIGHEST WIND DIRECTION     E (100)
  HIGHEST GUST SPEED    29   HIGHEST GUST DIRECTION    SE (150)
  AVERAGE WIND SPEED     8.3


SKY COVER
  AVERAGE SKY COVER 0.8


WEATHER CONDITIONS
 THE FOLLOWING WEATHER WAS RECORDED YESTERDAY.
  THUNDERSTORM
  HEAVY RAIN
  RAIN
  LIGHT RAIN
  FOG


RELATIVE HUMIDITY (PERCENT)
 HIGHEST   100           100 AM
 LOWEST     59           200 PM
 AVERAGE    80

..........................................................


THE ORLANDO  CLIMATE NORMALS FOR TODAY
                         NORMAL    RECORD    YEAR
 MAXIMUM TEMPERATURE (F)   91        98      1987
 MINIMUM TEMPERATURE (F)   73        66      1938


SUNRISE AND SUNSET
JUNE 22 2017..........SUNRISE   629 AM EDT   SUNSET   826 PM EDT
JUNE 23 2017..........SUNRISE   629 AM EDT   SUNSET   826 PM EDT


-  INDICATES NEGATIVE NUMBERS.
R  INDICATES RECORD WAS SET OR TIED.
MM INDICATES DATA IS MISSING.
T  INDICATES TRACE AMOUNT.




$$
