000
CDUS42 KMLB 220626
CLIMCO


CLIMATE REPORT
NATIONAL WEATHER SERVICE MELBOURNE FL
226 AM EDT WED OCT 22 2014


...................................

...THE ORLANDO  CLIMATE SUMMARY FOR OCTOBER 21 2014...

CLIMATE NORMAL PERIOD 1981 TO 2010
CLIMATE RECORD PERIOD 1892 TO 2014


WEATHER ITEM   OBSERVED TIME   RECORD YEAR NORMAL DEPARTURE LAST
                VALUE   (LST)  VALUE       VALUE  FROM      YEAR
                                                  NORMAL
..................................................................
TEMPERATURE (F)
 YESTERDAY
  MAXIMUM         84   1220 PM  93    2006  84      0       91
  MINIMUM         68    603 AM  44    1989  65      3       72
  AVERAGE         76                        74      2       82

PRECIPITATION (IN)
  YESTERDAY        0.00          1.60 1959   0.10  -0.10     0.00
  MONTH TO DATE    0.69                      2.53  -1.84     0.15
  SINCE SEP 1     11.14                      8.59   2.55     5.93
  SINCE JAN 1     48.93                     45.20   3.73    41.52

SNOWFALL (IN)
  YESTERDAY        0.0
  MONTH TO DATE    0.0
  SINCE SEP 1      0.0
  SINCE JUL 1      0.0

DEGREE DAYS
 HEATING
  YESTERDAY        0                         0      0        0
  MONTH TO DATE    0                         0      0        0
  SINCE SEP 1      0                         0      0        0
  SINCE JUL 1      0                         0      0        0

 COOLING
  YESTERDAY       11                        10      1       17
  MONTH TO DATE  245                       248     -3      296
  SINCE SEP 1    722                       731     -9      790
  SINCE JAN 1   3320                      3124    196     3281
..................................................................


WIND (MPH)
  HIGHEST WIND SPEED     9   HIGHEST WIND DIRECTION    NE (30)
  HIGHEST GUST SPEED    12   HIGHEST GUST DIRECTION     S (180)
  AVERAGE WIND SPEED     2.5


SKY COVER
  AVERAGE SKY COVER 0.9


WEATHER CONDITIONS
 THE FOLLOWING WEATHER WAS RECORDED YESTERDAY.
  NO SIGNIFICANT WEATHER WAS OBSERVED.


RELATIVE HUMIDITY (PERCENT)
 HIGHEST    97           600 AM
 LOWEST     58           100 PM
 AVERAGE    78

..........................................................


THE ORLANDO  CLIMATE NORMALS FOR TODAY
                         NORMAL    RECORD    YEAR
 MAXIMUM TEMPERATURE (F)   83        95      1919
 MINIMUM TEMPERATURE (F)   65        42      1913


SUNRISE AND SUNSET
OCTOBER 22 2014.......SUNRISE   730 AM EDT   SUNSET   649 PM EDT
OCTOBER 23 2014.......SUNRISE   731 AM EDT   SUNSET   648 PM EDT


-  INDICATES NEGATIVE NUMBERS.
R  INDICATES RECORD WAS SET OR TIED.
MM INDICATES DATA IS MISSING.
T  INDICATES TRACE AMOUNT.




$$
