000
CDUS42 KMLB 280649
CLIMCO


CLIMATE REPORT
NATIONAL WEATHER SERVICE MELBOURNE FL
239 AM EDT SAT MAR 28 2015


...................................

...THE ORLANDO  CLIMATE SUMMARY FOR MARCH 27 2015...

CLIMATE NORMAL PERIOD 1981 TO 2010
CLIMATE RECORD PERIOD 1892 TO 2015


WEATHER ITEM   OBSERVED TIME   RECORD YEAR NORMAL DEPARTURE LAST
                VALUE   (LST)  VALUE       VALUE  FROM      YEAR
                                                  NORMAL
..................................................................
TEMPERATURE (F)
 YESTERDAY
  MAXIMUM         84   1241 PM  93    1929  80      4       69
                                      1923
  MINIMUM         61   1159 PM  40    2013  57      4       49
  AVERAGE         73                        68      5       59

PRECIPITATION (IN)
  YESTERDAY        0.31          1.91 1900   0.13   0.18     0.00
  MONTH TO DATE    0.75                      3.25  -2.50     2.47
  SINCE MAR 1      0.75                      3.25  -2.50     2.47
  SINCE JAN 1      8.85                      7.98   0.87     7.51

SNOWFALL (IN)
  YESTERDAY        0.0
  MONTH TO DATE    0.0
  SINCE MAR 1      0.0
  SINCE JUL 1      0.0

DEGREE DAYS
 HEATING
  YESTERDAY        0                         1     -1        6
  MONTH TO DATE    5                        55    -50       41
  SINCE MAR 1      5                        55    -50       41
  SINCE JUL 1    475                       554    -79      405

 COOLING
  YESTERDAY        8                         4      4        0
  MONTH TO DATE  262                        99    163       90
  SINCE MAR 1    262                        99    163       90
  SINCE JAN 1    336                       203    133      240
..................................................................


WIND (MPH)
  HIGHEST WIND SPEED    35   HIGHEST WIND DIRECTION     W (270)
  HIGHEST GUST SPEED    46   HIGHEST GUST DIRECTION     W (250)
  AVERAGE WIND SPEED    12.7


SKY COVER
  AVERAGE SKY COVER 0.8


WEATHER CONDITIONS
 THE FOLLOWING WEATHER WAS RECORDED YESTERDAY.
  THUNDERSTORM
  RAIN
  LIGHT RAIN
  FOG


RELATIVE HUMIDITY (PERCENT)
 HIGHEST   100           600 AM
 LOWEST     55          1200 PM
 AVERAGE    78

..........................................................


THE ORLANDO  CLIMATE NORMALS FOR TODAY
                         NORMAL    RECORD    YEAR
 MAXIMUM TEMPERATURE (F)   80        92      1994
                                             1923
 MINIMUM TEMPERATURE (F)   57        38      2013


SUNRISE AND SUNSET
MARCH 28 2015.........SUNRISE   720 AM EDT   SUNSET   741 PM EDT
MARCH 29 2015.........SUNRISE   719 AM EDT   SUNSET   741 PM EDT


-  INDICATES NEGATIVE NUMBERS.
R  INDICATES RECORD WAS SET OR TIED.
MM INDICATES DATA IS MISSING.
T  INDICATES TRACE AMOUNT.




$$
