000
CDUS42 KMLB 102038
CLIMCO


CLIMATE REPORT
NATIONAL WEATHER SERVICE MELBOURNE FL
438 PM EDT THU JUL 10 2014


...................................

...THE ORLANDO  CLIMATE SUMMARY FOR JULY 10 2014...
VALID TODAY AS OF 0400 PM LOCAL TIME.

CLIMATE NORMAL PERIOD 1981 TO 2010
CLIMATE RECORD PERIOD 1892 TO 2014


WEATHER ITEM   OBSERVED TIME   RECORD YEAR NORMAL DEPARTURE LAST
                VALUE   (LST)  VALUE       VALUE  FROM      YEAR
                                                  NORMAL
..................................................................
TEMPERATURE (F)
 TODAY
  MAXIMUM         92    236 PM  99    1980  92      0       91
  MINIMUM         73    609 AM  65    1936  74     -1       75
  AVERAGE         83                        82      1       83

PRECIPITATION (IN)
  TODAY            0.00          2.46 1951   0.23  -0.23     0.01
  MONTH TO DATE    5.47                      2.34   3.13     2.41
  SINCE JUN 1     10.11                      9.92   0.19    12.51
  SINCE JAN 1     27.46                     24.55   2.91    23.38

SNOWFALL (IN)
  TODAY            0.0
  MONTH TO DATE    0.0
  SINCE JUN 1      0.0
  SINCE JUL 1      0.0

DEGREE DAYS
 HEATING
  TODAY            0                         0      0        0
  MONTH TO DATE    0                         0      0        0
  SINCE JUN 1      0                         0      0        0
  SINCE JUL 1      0                         0      0        0

 COOLING
  TODAY           18                        18      0       18
  MONTH TO DATE  178                       172      6      171
  SINCE JUN 1    681                       662     19      680
  SINCE JAN 1   1615                      1463    152     1552
..................................................................


WIND (MPH)
  HIGHEST WIND SPEED    12   HIGHEST WIND DIRECTION     E (100)
  HIGHEST GUST SPEED    16   HIGHEST GUST DIRECTION    SE (120)
  AVERAGE WIND SPEED     3.5


SKY COVER
  AVERAGE SKY COVER 0.4


WEATHER CONDITIONS
 THE FOLLOWING WEATHER WAS RECORDED TODAY.
  THUNDERSTORM


RELATIVE HUMIDITY (PERCENT)
 HIGHEST    94          1200 AM
 LOWEST     49           100 PM
 AVERAGE    72

..........................................................


THE ORLANDO  CLIMATE NORMALS FOR TOMORROW
                         NORMAL    RECORD    YEAR
 MAXIMUM TEMPERATURE (F)   92        98      1989
                                             1892
 MINIMUM TEMPERATURE (F)   74        66      1893


SUNRISE AND SUNSET
JULY 10 2014..........SUNRISE   635 AM EDT   SUNSET   826 PM EDT
JULY 11 2014..........SUNRISE   636 AM EDT   SUNSET   826 PM EDT


-  INDICATES NEGATIVE NUMBERS.
R  INDICATES RECORD WAS SET OR TIED.
MM INDICATES DATA IS MISSING.
T  INDICATES TRACE AMOUNT.




$$
