000
CDUS42 KMLB 262019
CLIMCO


CLIMATE REPORT
NATIONAL WEATHER SERVICE MELBOURNE FL
419 PM EDT WED APR 26 2017


...................................

...THE ORLANDO  CLIMATE SUMMARY FOR APRIL 26 2017...
VALID TODAY AS OF 0400 PM LOCAL TIME.

CLIMATE NORMAL PERIOD 1981 TO 2010
CLIMATE RECORD PERIOD 1892 TO 2017


WEATHER ITEM   OBSERVED TIME   RECORD YEAR NORMAL DEPARTURE LAST
                VALUE   (LST)  VALUE       VALUE  FROM      YEAR
                                                  NORMAL
..................................................................
TEMPERATURE (F)
 TODAY
  MAXIMUM         85    257 PM  98    1908  84      1       88
  MINIMUM         53    610 AM  47    1910  62     -9       62
  AVERAGE         69                        73     -4       75

PRECIPITATION (IN)
  TODAY            0.00          1.37 1952   0.07  -0.07     0.00
  MONTH TO DATE    T                         2.39  -2.39     0.63
  SINCE MAR 1      0.10                      6.16  -6.06     5.94
  SINCE JAN 1      3.03                     10.89  -7.86    13.28

SNOWFALL (IN)
  TODAY            0.0
  MONTH TO DATE    0.0
  SINCE MAR 1      0.0
  SINCE JUL 1      0.0

DEGREE DAYS
 HEATING
  TODAY            0                         0      0        0
  MONTH TO DATE    3                        11     -8        0
  SINCE MAR 1     40                        70    -30       16
  SINCE JUL 1    209                       569   -360      370

 COOLING
  TODAY            4                         8     -4       10
  MONTH TO DATE  227                       165     62      191
  SINCE MAR 1    390                       283    107      408
  SINCE JAN 1    591                       387    204      470
..................................................................


WIND (MPH)
  HIGHEST WIND SPEED    17   HIGHEST WIND DIRECTION    SW (240)
  HIGHEST GUST SPEED    24   HIGHEST GUST DIRECTION    SW (240)
  AVERAGE WIND SPEED     5.7


SKY COVER
  AVERAGE SKY COVER 0.3


WEATHER CONDITIONS
 THE FOLLOWING WEATHER WAS RECORDED TODAY.
  FOG


RELATIVE HUMIDITY (PERCENT)
 HIGHEST    93           300 AM
 LOWEST     32           300 PM
 AVERAGE    63

..........................................................


THE ORLANDO  CLIMATE NORMALS FOR TOMORROW
                         NORMAL    RECORD    YEAR
 MAXIMUM TEMPERATURE (F)   85        97      1908
 MINIMUM TEMPERATURE (F)   62        46      1926
                                             1910


SUNRISE AND SUNSET
APRIL 26 2017.........SUNRISE   649 AM EDT   SUNSET   757 PM EDT
APRIL 27 2017.........SUNRISE   648 AM EDT   SUNSET   758 PM EDT


-  INDICATES NEGATIVE NUMBERS.
R  INDICATES RECORD WAS SET OR TIED.
MM INDICATES DATA IS MISSING.
T  INDICATES TRACE AMOUNT.




$$
