000
CDUS42 KMLB 010635
CLIMCO


CLIMATE REPORT
NATIONAL WEATHER SERVICE MELBOURNE FL
235 AM EDT MON SEP 1 2014


...................................

...THE ORLANDO  CLIMATE SUMMARY FOR AUGUST 31 2014...

CLIMATE NORMAL PERIOD 1981 TO 2010
CLIMATE RECORD PERIOD 1892 TO 2014


WEATHER ITEM   OBSERVED TIME   RECORD YEAR NORMAL DEPARTURE LAST
                VALUE   (LST)  VALUE       VALUE  FROM      YEAR
                                                  NORMAL
..................................................................
TEMPERATURE (F)
 YESTERDAY
  MAXIMUM         93   1237 PM  97    1963  91      2       93
                                      1936
                                      1914
  MINIMUM         76    640 AM  66    1934  74      2       74
                                      1893
  AVERAGE         85                        82      3       84

PRECIPITATION (IN)
  YESTERDAY        0.05          2.68 1937   0.22  -0.17     0.94
  MONTH TO DATE    7.01                      7.13  -0.12     6.05
  SINCE JUN 1     20.44                     21.98  -1.54    24.72
  SINCE JAN 1     37.79                     36.61   1.18    35.59

SNOWFALL (IN)
  YESTERDAY        0.0
  MONTH TO DATE    0.0
  SINCE JUN 1      0.0
  SINCE JUL 1      0.0

DEGREE DAYS
 HEATING
  YESTERDAY        0                         0      0        0
  MONTH TO DATE    0                         0      0        0
  SINCE JUN 1      0                         0      0        0
  SINCE JUL 1      0                         0      0        0

 COOLING
  YESTERDAY       20                        17      3       19
  MONTH TO DATE  591                       553     38      581
  SINCE JUN 1   1664                      1592     72     1619
  SINCE JAN 1   2598                      2393    205     2491
..................................................................


WIND (MPH)
  HIGHEST WIND SPEED    24   HIGHEST WIND DIRECTION     E (90)
  HIGHEST GUST SPEED    29   HIGHEST GUST DIRECTION     E (100)
  AVERAGE WIND SPEED     4.6


SKY COVER
  AVERAGE SKY COVER 0.3


WEATHER CONDITIONS
 THE FOLLOWING WEATHER WAS RECORDED YESTERDAY.
  THUNDERSTORM
  RAIN


RELATIVE HUMIDITY (PERCENT)
 HIGHEST    94           200 AM
 LOWEST     52          1200 PM
 AVERAGE    73

..........................................................


THE ORLANDO  CLIMATE NORMALS FOR TODAY
                         NORMAL    RECORD    YEAR
 MAXIMUM TEMPERATURE (F)   91        96      1935
                                             1914
                                             1907
 MINIMUM TEMPERATURE (F)   74        65      1938


SUNRISE AND SUNSET
SEPTEMBER  1 2014.....SUNRISE   703 AM EDT   SUNSET   746 PM EDT
SEPTEMBER  2 2014.....SUNRISE   704 AM EDT   SUNSET   745 PM EDT


-  INDICATES NEGATIVE NUMBERS.
R  INDICATES RECORD WAS SET OR TIED.
MM INDICATES DATA IS MISSING.
T  INDICATES TRACE AMOUNT.




$$
