000
CDUS42 KMLB 220626
CLIMCO


CLIMATE REPORT
NATIONAL WEATHER SERVICE MELBOURNE FL
126 AM EST SUN JAN 22 2017


...................................

...THE ORLANDO  CLIMATE SUMMARY FOR JANUARY 21 2017...

CLIMATE NORMAL PERIOD 1981 TO 2010
CLIMATE RECORD PERIOD 1892 TO 2017


WEATHER ITEM   OBSERVED TIME   RECORD YEAR NORMAL DEPARTURE LAST
                VALUE   (LST)  VALUE       VALUE  FROM      YEAR
                                                  NORMAL
..................................................................
TEMPERATURE (F)
 YESTERDAY
  MAXIMUM         83    407 PM  87    1929  71     12       71
                                      1922
  MINIMUM         61    643 AM  19    1985  49     12       42
  AVERAGE         72                        60     12       57

PRECIPITATION (IN)
  YESTERDAY        0.00          2.19 2011   0.08  -0.08     0.00
  MONTH TO DATE    1.14                      1.58  -0.44     2.91
  SINCE DEC 1      3.66                      4.16  -0.50     3.63
  SINCE JAN 1      1.14                      1.58  -0.44     2.91

SNOWFALL (IN)
  YESTERDAY        0.0
  MONTH TO DATE    0.0
  SINCE DEC 1      0.0
  SINCE JUL 1      0.0

DEGREE DAYS
 HEATING
  YESTERDAY        0                         6     -6        8
  MONTH TO DATE   42                       133    -91      123
  SINCE DEC 1     74                       277   -203      132
  SINCE JUL 1     97                       324   -227      141

 COOLING
  YESTERDAY        7                         1      6        0
  MONTH TO DATE   72                        24     48       15
  SINCE DEC 1    231                        94    137      238
  SINCE JAN 1     72                        24     48       15
..................................................................


WIND (MPH)
  HIGHEST WIND SPEED    22   HIGHEST WIND DIRECTION     S (200)
  HIGHEST GUST SPEED    27   HIGHEST GUST DIRECTION     S (200)
  AVERAGE WIND SPEED     8.9


SKY COVER
  AVERAGE SKY COVER 0.4


WEATHER CONDITIONS
 THE FOLLOWING WEATHER WAS RECORDED YESTERDAY.
  FOG


RELATIVE HUMIDITY (PERCENT)
 HIGHEST   100           600 AM
 LOWEST     42           100 PM
 AVERAGE    71

..........................................................


THE ORLANDO  CLIMATE NORMALS FOR TODAY
                         NORMAL    RECORD    YEAR
 MAXIMUM TEMPERATURE (F)   71        87      1929
 MINIMUM TEMPERATURE (F)   49        20      1985


SUNRISE AND SUNSET
JANUARY 22 2017.......SUNRISE   717 AM EST   SUNSET   557 PM EST
JANUARY 23 2017.......SUNRISE   717 AM EST   SUNSET   558 PM EST


-  INDICATES NEGATIVE NUMBERS.
R  INDICATES RECORD WAS SET OR TIED.
MM INDICATES DATA IS MISSING.
T  INDICATES TRACE AMOUNT.




$$
