000
CDUS42 KMLB 262128
CLIMCO


CLIMATE REPORT
NATIONAL WEATHER SERVICE MELBOURNE FL
424 PM EST FRI DEC 26 2014


...................................

...THE ORLANDO  CLIMATE SUMMARY FOR DECEMBER 26 2014...
VALID TODAY AS OF 0400 PM LOCAL TIME.

CLIMATE NORMAL PERIOD 1981 TO 2010
CLIMATE RECORD PERIOD 1892 TO 2014


WEATHER ITEM   OBSERVED TIME   RECORD YEAR NORMAL DEPARTURE LAST
                VALUE   (LST)  VALUE       VALUE  FROM      YEAR
                                                  NORMAL
..................................................................
TEMPERATURE (F)
 TODAY
  MAXIMUM         72    122 PM  85    1921  71      1       79
  MINIMUM         53    712 AM  20    1983  50      3       57
  AVERAGE         63                        61      2       68

PRECIPITATION (IN)
  TODAY            0.00          2.10 1957   0.08  -0.08     0.00
  MONTH TO DATE    1.50                      2.20  -0.70     0.19
  SINCE DEC 1      1.50                      2.20  -0.70     0.19
  SINCE JAN 1     55.26                     50.35   4.91    42.63

SNOWFALL (IN)
  TODAY            0.0
  MONTH TO DATE    0.0
  SINCE DEC 1      0.0
  SINCE JUL 1      0.0

DEGREE DAYS
 HEATING
  TODAY            2                         6     -4        0
  MONTH TO DATE   92                       115    -23       33
  SINCE DEC 1     92                       115    -23       33
  SINCE JUL 1    174                       162     12       56

 COOLING
  TODAY            0                         2     -2        3
  MONTH TO DATE   73                        61     12      116
  SINCE DEC 1     73                        61     12      116
  SINCE JAN 1   3564                      3415    149     3677
..................................................................


WIND (MPH)
  HIGHEST WIND SPEED     8   HIGHEST WIND DIRECTION     N (20)
  HIGHEST GUST SPEED    12   HIGHEST GUST DIRECTION    NW (300)
  AVERAGE WIND SPEED     5.5


SKY COVER
  AVERAGE SKY COVER 0.4


WEATHER CONDITIONS
 THE FOLLOWING WEATHER WAS RECORDED TODAY.
  NO SIGNIFICANT WEATHER WAS OBSERVED.


RELATIVE HUMIDITY (PERCENT)
 HIGHEST    93          1200 AM
 LOWEST     61          1200 PM
 AVERAGE    77

..........................................................


THE ORLANDO  CLIMATE NORMALS FOR TOMORROW
                         NORMAL    RECORD    YEAR
 MAXIMUM TEMPERATURE (F)   71        86      1921
 MINIMUM TEMPERATURE (F)   50        24      1935


SUNRISE AND SUNSET
DECEMBER 26 2014......SUNRISE   716 AM EST   SUNSET   536 PM EST
DECEMBER 27 2014......SUNRISE   716 AM EST   SUNSET   537 PM EST


-  INDICATES NEGATIVE NUMBERS.
R  INDICATES RECORD WAS SET OR TIED.
MM INDICATES DATA IS MISSING.
T  INDICATES TRACE AMOUNT.




$$
