869
CDUS42 KMLB 270626
CLIMCO


CLIMATE REPORT
NATIONAL WEATHER SERVICE MELBOURNE FL
226 AM EDT MON MAR 27 2017


...................................

...THE ORLANDO  CLIMATE SUMMARY FOR MARCH 26 2017...

CLIMATE NORMAL PERIOD 1981 TO 2010
CLIMATE RECORD PERIOD 1892 TO 2017


WEATHER ITEM   OBSERVED TIME   RECORD YEAR NORMAL DEPARTURE LAST
                VALUE   (LST)  VALUE       VALUE  FROM      YEAR
                                                  NORMAL
..................................................................
TEMPERATURE (F)
 YESTERDAY
  MAXIMUM         84    301 PM  94    1929  79      5       87
  MINIMUM         58    421 AM  38    1894  57      1       66
  AVERAGE         71                        68      3       77

PRECIPITATION (IN)
  YESTERDAY        0.00          3.20 1987   0.13  -0.13     0.47
  MONTH TO DATE    0.09                      3.12  -3.03     4.82
  SINCE MAR 1      0.09                      3.12  -3.03     4.82
  SINCE JAN 1      3.02                      7.85  -4.83    12.16

SNOWFALL (IN)
  YESTERDAY        0.0
  MONTH TO DATE    0.0
  SINCE MAR 1      0.0
  SINCE JUL 1      0.0

DEGREE DAYS
 HEATING
  YESTERDAY        0                         1     -1        0
  MONTH TO DATE   37                        54    -17       16
  SINCE MAR 1     37                        54    -17       16
  SINCE JUL 1    206                       553   -347      370

 COOLING
  YESTERDAY        6                         4      2       12
  MONTH TO DATE  112                        95     17      162
  SINCE MAR 1    112                        95     17      162
  SINCE JAN 1    313                       199    114      224
..................................................................


WIND (MPH)
  HIGHEST WIND SPEED    18   HIGHEST WIND DIRECTION     E (70)
  HIGHEST GUST SPEED    23   HIGHEST GUST DIRECTION     E (110)
  AVERAGE WIND SPEED     5.3


SKY COVER
  AVERAGE SKY COVER 0.4


WEATHER CONDITIONS
 THE FOLLOWING WEATHER WAS RECORDED YESTERDAY.
  FOG


RELATIVE HUMIDITY (PERCENT)
 HIGHEST    97           700 AM
 LOWEST     37           200 PM
 AVERAGE    67

..........................................................


THE ORLANDO  CLIMATE NORMALS FOR TODAY
                         NORMAL    RECORD    YEAR
 MAXIMUM TEMPERATURE (F)   80        93      1929
                                             1923
 MINIMUM TEMPERATURE (F)   57        40      2013


SUNRISE AND SUNSET
MARCH 27 2017.........SUNRISE   721 AM EDT   SUNSET   741 PM EDT
MARCH 28 2017.........SUNRISE   720 AM EDT   SUNSET   741 PM EDT


-  INDICATES NEGATIVE NUMBERS.
R  INDICATES RECORD WAS SET OR TIED.
MM INDICATES DATA IS MISSING.
T  INDICATES TRACE AMOUNT.




$$
