966
CDUS43 KDMX 230633
CLIMCW

CLIMATE REPORT
NATIONAL WEATHER SERVICE DES MOINES IA
130 AM CDT SUN JUL 23 2017


...................................

...THE MASON CITY IA CLIMATE SUMMARY FOR JULY 22 2017...

CLIMATE NORMAL PERIOD 1981 TO 2010
CLIMATE RECORD PERIOD 1893 TO 2017


WEATHER ITEM   OBSERVED TIME   RECORD YEAR NORMAL DEPARTURE LAST
                VALUE   (LST)  VALUE       VALUE  FROM      YEAR
                                                  NORMAL
..................................................................
TEMPERATURE (F)
 YESTERDAY
  MAXIMUM         85    500 PM  99    1901  83      2       89
  MINIMUM         68   1144 PM  42    1947  61      7       73
  AVERAGE         77                        72      5       81

PRECIPITATION (IN)
  YESTERDAY        T             1.53 2002   0.16  -0.16     0.00
  MONTH TO DATE    2.45                      3.37  -0.92     6.10
  SINCE JUN 1      5.81                      8.51  -2.70    12.61
  SINCE JAN 1     19.96                     20.99  -1.03    23.82

SNOWFALL (IN)
  YESTERDAY        0.0          MM      MM   0.0    0.0      0.0
  MONTH TO DATE    0.0                       0.0    0.0      0.0
  SINCE JUN 1      0.0                       0.0    0.0      0.0
  SINCE JUL 1      0.0                       0.0    0.0      0.0
  SNOW DEPTH       0

DEGREE DAYS
 HEATING
  YESTERDAY        0                         0      0        0
  MONTH TO DATE    1                         0      1       10
  SINCE JUN 1     22                        44    -22       18
  SINCE JUL 1      1                         0      1       10

 COOLING
  YESTERDAY       12                         7      5       16
  MONTH TO DATE  191                       156     35      152
  SINCE JUN 1    372                       294     78      338
  SINCE JAN 1    397                       329     68      379
..................................................................


WIND (MPH)
  HIGHEST WIND SPEED    15   HIGHEST WIND DIRECTION    NW (320)
  HIGHEST GUST SPEED    18   HIGHEST GUST DIRECTION     N (340)
  AVERAGE WIND SPEED     6.6


SKY COVER
  POSSIBLE SUNSHINE  MM
  AVERAGE SKY COVER 0.6


WEATHER CONDITIONS
 THE FOLLOWING WEATHER WAS RECORDED YESTERDAY.
  FOG
  FOG W/VISIBILITY <= 1/4 MILE


RELATIVE HUMIDITY (PERCENT)
 HIGHEST   100           200 AM
 LOWEST     65           400 PM
 AVERAGE    83

..........................................................


THE MASON CITY IA CLIMATE NORMALS FOR TODAY
                         NORMAL    RECORD    YEAR
 MAXIMUM TEMPERATURE (F)   83        99      2012
                                             1934
 MINIMUM TEMPERATURE (F)   61        45      1925


SUNRISE AND SUNSET
JULY 23 2017..........SUNRISE   555 AM CDT   SUNSET   844 PM CDT
JULY 24 2017..........SUNRISE   556 AM CDT   SUNSET   843 PM CDT


-  INDICATES NEGATIVE NUMBERS.
R  INDICATES RECORD WAS SET OR TIED.
MM INDICATES DATA IS MISSING.
T  INDICATES TRACE AMOUNT.




$$
