000
CDUS43 KDMX 310639 RRA
CLIMCW

CLIMATE REPORT
NATIONAL WEATHER SERVICE DES MOINES IA
138 AM CDT SUN AUG 31 2014


...................................

...THE MASON CITY IA CLIMATE SUMMARY FOR AUGUST 30 2014...

CLIMATE NORMAL PERIOD 1981 TO 2010
CLIMATE RECORD PERIOD 1893 TO 2014


WEATHER ITEM   OBSERVED TIME   RECORD YEAR NORMAL DEPARTURE LAST
                VALUE   (LST)  VALUE       VALUE  FROM      YEAR
                                                  NORMAL
..................................................................
TEMPERATURE (F)
 YESTERDAY
  MAXIMUM         80    210 PM  99    2012  79      1       92
  MINIMUM         60   1159 PM  30    1915  55      5       65
  AVERAGE         70                        67      3       79

PRECIPITATION (IN)
  YESTERDAY        T             3.21 1962   0.12  -0.12     0.00
  MONTH TO DATE    4.13                      3.91   0.22     2.26
  SINCE JUN 1     13.67                     13.75  -0.08    11.94
  SINCE JAN 1     27.71                     26.23   1.48    33.38

SNOWFALL (IN)
  YESTERDAY        0.0          MM      MM   0.0    0.0      0.0
  MONTH TO DATE    0.0                       0.0    0.0      0.0
  SINCE JUN 1      0.0                       0.0    0.0      0.0
  SINCE JUL 1      0.0                       0.0    0.0      0.0
  SNOW DEPTH       0

DEGREE DAYS
 HEATING
  YESTERDAY        0                         2     -2        0
  MONTH TO DATE    0                        27    -27       18
  SINCE JUN 1     34                        80    -46       91
  SINCE JUL 1     21                        36    -15       38

 COOLING
  YESTERDAY        5                         4      1       14
  MONTH TO DATE  195                       158     37      176
  SINCE JUN 1    451                       517    -66      547
  SINCE JAN 1    504                       552    -48      584
..................................................................


WIND (MPH)
  HIGHEST WIND SPEED    15   HIGHEST WIND DIRECTION     W (280)
  HIGHEST GUST SPEED    18   HIGHEST GUST DIRECTION    NW (320)
  AVERAGE WIND SPEED     6.7


SKY COVER
  POSSIBLE SUNSHINE  MM
  AVERAGE SKY COVER 0.6


WEATHER CONDITIONS
 THE FOLLOWING WEATHER WAS RECORDED YESTERDAY.
  FOG


RELATIVE HUMIDITY (PERCENT)
 HIGHEST   100          1200 AM
 LOWEST     64           200 PM
 AVERAGE    82

..........................................................


THE MASON CITY IA CLIMATE NORMALS FOR TODAY
                         NORMAL    RECORD    YEAR
 MAXIMUM TEMPERATURE (F)   79        93      1898
 MINIMUM TEMPERATURE (F)   55        38      2009


SUNRISE AND SUNSET
AUGUST 31 2014........SUNRISE   636 AM CDT   SUNSET   750 PM CDT
SEPTEMBER  1 2014.....SUNRISE   638 AM CDT   SUNSET   748 PM CDT


-  INDICATES NEGATIVE NUMBERS.
R  INDICATES RECORD WAS SET OR TIED.
MM INDICATES DATA IS MISSING.
T  INDICATES TRACE AMOUNT.




$$
