000
CDUS43 KDMX 240632 RRA
CLIMCW

CLIMATE REPORT
NATIONAL WEATHER SERVICE DES MOINES IA
128 AM CDT FRI OCT 24 2014

...................................

...THE MASON CITY IA CLIMATE SUMMARY FOR OCTOBER 23 2014...

CLIMATE NORMAL PERIOD 1981 TO 2010
CLIMATE RECORD PERIOD 1893 TO 2014


WEATHER ITEM   OBSERVED TIME   RECORD YEAR NORMAL DEPARTURE LAST
                VALUE   (LST)  VALUE       VALUE  FROM      YEAR
                                                  NORMAL
..................................................................
TEMPERATURE (F)
 YESTERDAY
  MAXIMUM         67        MM  82    1963  57     10       41
  MINIMUM         43   1000 PM  12    1896  34      9       24
  AVERAGE         55                        46      9       33

PRECIPITATION (IN)
  YESTERDAY        0.38          2.29 1991   0.07   0.31      T
  MONTH TO DATE    2.17                      1.90   0.27     1.84
  SINCE SEP 1      4.76                      5.17  -0.41     2.99
  SINCE JAN 1     33.41                     31.53   1.88    36.37

SNOWFALL (IN)
  YESTERDAY       MM             3.0  1976   0.0   MM         T
  MONTH TO DATE    0.0                       0.1   -0.1       T
  SINCE SEP 1      0.0                       0.1   -0.1       T
  SINCE JUL 1      0.0                       0.1   -0.1       T
  SNOW DEPTH       0

DEGREE DAYS
 HEATING
  YESTERDAY       10                        19     -9       32
  MONTH TO DATE  372                       353     19      326
  SINCE SEP 1    546                       530     16      446
  SINCE JUL 1    567                       566      1      484

 COOLING
  YESTERDAY        0                         0      0        0
  MONTH TO DATE    0                         2     -2        6
  SINCE SEP 1     33                        56    -23      126
  SINCE JAN 1    544                       612    -68      718
..................................................................


WIND (MPH)
  HIGHEST WIND SPEED    10   HIGHEST WIND DIRECTION     S (160)
  HIGHEST GUST SPEED    MM   HIGHEST GUST DIRECTION    MM
  AVERAGE WIND SPEED     6.7


SKY COVER
  POSSIBLE SUNSHINE  MM
  AVERAGE SKY COVER 0.4


WEATHER CONDITIONS
 THE FOLLOWING WEATHER WAS RECORDED YESTERDAY.
  THUNDERSTORM
  HEAVY RAIN
  RAIN
  LIGHT RAIN
  FOG


RELATIVE HUMIDITY (PERCENT)
 HIGHEST   100           600 AM
 LOWEST     52           300 PM
 AVERAGE    76

..........................................................


THE MASON CITY IA CLIMATE NORMALS FOR TODAY
                         NORMAL    RECORD    YEAR
 MAXIMUM TEMPERATURE (F)   56        79      1963
 MINIMUM TEMPERATURE (F)   34        14      1896


SUNRISE AND SUNSET
OCTOBER 24 2014.......SUNRISE   738 AM CDT   SUNSET   616 PM CDT
OCTOBER 25 2014.......SUNRISE   739 AM CDT   SUNSET   615 PM CDT


-  INDICATES NEGATIVE NUMBERS.
R  INDICATES RECORD WAS SET OR TIED.
MM INDICATES DATA IS MISSING.
T  INDICATES TRACE AMOUNT.

$$

REV
