000
CDUS43 KDMX 110637
CLIMCW

CLIMATE REPORT
NATIONAL WEATHER SERVICE DES MOINES IA
1234 AM CST THU FEB 11 2016

...................................

...THE MASON CITY IA CLIMATE SUMMARY FOR FEBRUARY 10 2016...

CLIMATE NORMAL PERIOD 1981 TO 2010
CLIMATE RECORD PERIOD 1893 TO 2016


WEATHER ITEM   OBSERVED TIME   RECORD YEAR NORMAL DEPARTURE LAST
                VALUE   (LST)  VALUE       VALUE  FROM      YEAR
                                                  NORMAL
..................................................................
TEMPERATURE (F)
 YESTERDAY
  MAXIMUM         12    310 PM  56    1977  28    -16       35
  MINIMUM          0    331 AM -35    1899  10    -10       21
  AVERAGE          6                        19    -13       28

PRECIPITATION (IN)
  YESTERDAY        T             0.42 1959   0.04  -0.04     0.02
  MONTH TO DATE    0.36                      0.32   0.04     0.75
  SINCE DEC 1      4.55                      2.38   2.17     2.78
  SINCE JAN 1      0.92                      1.14  -0.22     1.68

SNOWFALL (IN)
  YESTERDAY        T             5.0  1959   0.3   -0.3      0.0
  MONTH TO DATE   11.2                       3.2    8.0      7.6
  SINCE DEC 1     29.9                      23.3    6.6     23.0
  SINCE JUL 1     39.9                      28.0   11.9     31.0
  SNOW DEPTH      10

DEGREE DAYS
 HEATING
  YESTERDAY       59                        46     13       37
  MONTH TO DATE  459                       472    -13      497
  SINCE DEC 1   3029                      3403   -374     3137
  SINCE JUL 1   4384                      5083   -699     5036

 COOLING
  YESTERDAY        0                         0      0        0
  MONTH TO DATE    0                         0      0        0
  SINCE DEC 1      0                         0      0        0
  SINCE JAN 1      0                         0      0        0
..................................................................


WIND (MPH)
  HIGHEST WIND SPEED    16   HIGHEST WIND DIRECTION    NW (310)
  HIGHEST GUST SPEED    19   HIGHEST GUST DIRECTION    NW (320)
  AVERAGE WIND SPEED     5.4


SKY COVER
  POSSIBLE SUNSHINE  MM
  AVERAGE SKY COVER 0.6


WEATHER CONDITIONS
 THE FOLLOWING WEATHER WAS RECORDED YESTERDAY.
  LIGHT SNOW
  HAZE


RELATIVE HUMIDITY (PERCENT)
 HIGHEST    87           300 AM
 LOWEST     61           300 PM
 AVERAGE    74

..........................................................


THE MASON CITY IA CLIMATE NORMALS FOR TODAY
                         NORMAL    RECORD    YEAR
 MAXIMUM TEMPERATURE (F)   28        58      1977
 MINIMUM TEMPERATURE (F)   10       -32      1899


SUNRISE AND SUNSET
FEBRUARY 11 2016......SUNRISE   717 AM CST   SUNSET   538 PM CST
FEBRUARY 12 2016......SUNRISE   716 AM CST   SUNSET   540 PM CST


-  INDICATES NEGATIVE NUMBERS.
R  INDICATES RECORD WAS SET OR TIED.
MM INDICATES DATA IS MISSING.
T  INDICATES TRACE AMOUNT.

$$

REV
