000
CDUS43 KDMX 310634
CLIMCW

CLIMATE REPORT
NATIONAL WEATHER SERVICE DES MOINES IA
133 AM CDT FRI OCT 31 2014


...................................

...THE MASON CITY IA CLIMATE SUMMARY FOR OCTOBER 30 2014...

CLIMATE NORMAL PERIOD 1981 TO 2010
CLIMATE RECORD PERIOD 1893 TO 2014


WEATHER ITEM   OBSERVED TIME   RECORD YEAR NORMAL DEPARTURE LAST
                VALUE   (LST)  VALUE       VALUE  FROM      YEAR
                                                  NORMAL
..................................................................
TEMPERATURE (F)
 YESTERDAY
  MAXIMUM         54    306 PM  82    1950  53      1       65
  MINIMUM         32    443 AM  -4    1925  32      0       48
  AVERAGE         43                        43      0       57

PRECIPITATION (IN)
  YESTERDAY        0.00          1.01 1919   0.07  -0.07     0.02
  MONTH TO DATE    2.17                      2.38  -0.21     1.86
  SINCE SEP 1      4.76                      5.65  -0.89     3.01
  SINCE JAN 1     33.41                     32.01   1.40    36.39

SNOWFALL (IN)
  YESTERDAY        0.0           1.5  1989   0.1   -0.1      0.0
  MONTH TO DATE    0.0                       0.4   -0.4       T
  SINCE SEP 1      0.0                       0.4   -0.4       T
  SINCE JUL 1      0.0                       0.4   -0.4       T
  SNOW DEPTH       0

DEGREE DAYS
 HEATING
  YESTERDAY       22                        22      0        8
  MONTH TO DATE  494                       500     -6      482
  SINCE SEP 1    668                       677     -9      602
  SINCE JUL 1    689                       713    -24      640

 COOLING
  YESTERDAY        0                         0      0        0
  MONTH TO DATE    0                         2     -2        6
  SINCE SEP 1     33                        56    -23      126
  SINCE JAN 1    544                       612    -68      718
..................................................................


WIND (MPH)
  HIGHEST WIND SPEED    32   HIGHEST WIND DIRECTION     N (340)
  HIGHEST GUST SPEED    38   HIGHEST GUST DIRECTION     N (340)
  AVERAGE WIND SPEED     9.8


SKY COVER
  POSSIBLE SUNSHINE  MM
  AVERAGE SKY COVER 0.9


WEATHER CONDITIONS
 THE FOLLOWING WEATHER WAS RECORDED YESTERDAY.
  FOG


RELATIVE HUMIDITY (PERCENT)
 HIGHEST   100           500 AM
 LOWEST     54           100 PM
 AVERAGE    77

..........................................................


THE MASON CITY IA CLIMATE NORMALS FOR TODAY
                         NORMAL    RECORD    YEAR
 MAXIMUM TEMPERATURE (F)   53        80      1950
 MINIMUM TEMPERATURE (F)   32         8      1925


SUNRISE AND SUNSET
OCTOBER 31 2014.......SUNRISE   747 AM CDT   SUNSET   606 PM CDT
NOVEMBER  1 2014......SUNRISE   748 AM CDT   SUNSET   605 PM CDT


-  INDICATES NEGATIVE NUMBERS.
R  INDICATES RECORD WAS SET OR TIED.
MM INDICATES DATA IS MISSING.
T  INDICATES TRACE AMOUNT.




$$
