000
CDUS41 KCTP 202116
CLIMDT


CLIMATE REPORT
NATIONAL WEATHER SERVICE STATE COLLEGE PA
516 PM EDT SUN APR 20 2014


...................................

...THE HARRISBURG PA CLIMATE SUMMARY FOR APRIL 20 2014...
VALID TODAY AS OF 0500 PM LOCAL TIME.

CLIMATE NORMAL PERIOD 1981 TO 2010
CLIMATE RECORD PERIOD 1888 TO 2014


WEATHER ITEM   OBSERVED TIME   RECORD YEAR NORMAL DEPARTURE LAST
                VALUE   (LST)  VALUE       VALUE  FROM      YEAR
                                                  NORMAL
..................................................................
TEMPERATURE (F)
 TODAY
  MAXIMUM         64    410 PM  92    1941  64      0       55
  MINIMUM         41    335 AM  26    1904  43     -2       42
                                      1897
  AVERAGE         53                        54     -1       49

PRECIPITATION (IN)
  TODAY            0.00          1.80 1940   0.11  -0.11     0.02
  MONTH TO DATE    2.12                      2.06   0.06     1.54
  SINCE MAR 1      6.00                      5.43   0.57     3.98
  SINCE JAN 1     12.71                     10.70   2.01     8.93

SNOWFALL (IN)
  TODAY            0.0
  MONTH TO DATE    T
  SINCE MAR 1      1.4
  SINCE JUL 1     44.0
  SNOW DEPTH       0

DEGREE DAYS
 HEATING
  TODAY           12                        11      1       16
  MONTH TO DATE  283                       295    -12      239
  SINCE MAR 1   1157                      1018    139     1048
  SINCE JUL 1   5501                      5006    495     4839

 COOLING
  TODAY            0                         0      0        0
  MONTH TO DATE    6                         0      6        7
  SINCE MAR 1      6                         1      5        7
  SINCE JAN 1      6                         1      5        7
..................................................................


WIND (MPH)
  HIGHEST WIND SPEED    18   HIGHEST WIND DIRECTION    SE (120)
  HIGHEST GUST SPEED    25   HIGHEST GUST DIRECTION     E (110)
  AVERAGE WIND SPEED     5.5


SKY COVER
  POSSIBLE SUNSHINE  MM
  AVERAGE SKY COVER 0.6


WEATHER CONDITIONS
 THE FOLLOWING WEATHER WAS RECORDED TODAY.
  NO SIGNIFICANT WEATHER WAS OBSERVED.


RELATIVE HUMIDITY (PERCENT)
 HIGHEST    62           300 AM
 LOWEST     33          1200 AM
 AVERAGE    48

..........................................................


THE HARRISBURG PA CLIMATE NORMALS FOR TOMORROW
                         NORMAL    RECORD    YEAR
 MAXIMUM TEMPERATURE (F)   65        89      1985
 MINIMUM TEMPERATURE (F)   44        30      1956


SUNRISE AND SUNSET
APRIL 20 2014.........SUNRISE   622 AM EDT   SUNSET   751 PM EDT
APRIL 21 2014.........SUNRISE   620 AM EDT   SUNSET   752 PM EDT


-  INDICATES NEGATIVE NUMBERS.
R  INDICATES RECORD WAS SET OR TIED.
MM INDICATES DATA IS MISSING.
T  INDICATES TRACE AMOUNT.




$$
