000
CDUS41 KCTP 052217
CLIMDT


CLIMATE REPORT
NATIONAL WEATHER SERVICE STATE COLLEGE PA
516 PM EST FRI FEB 5 2016


...................................

...THE HARRISBURG PA CLIMATE SUMMARY FOR FEBRUARY 5 2016...
VALID TODAY AS OF 0500 PM LOCAL TIME.

CLIMATE NORMAL PERIOD 1981 TO 2010
CLIMATE RECORD PERIOD 1888 TO 2016


WEATHER ITEM   OBSERVED TIME   RECORD YEAR NORMAL DEPARTURE LAST
                VALUE   (LST)  VALUE       VALUE  FROM      YEAR
                                                  NORMAL
..................................................................
TEMPERATURE (F)
 TODAY
  MAXIMUM         40    333 AM  74    1890  38      2       37
  MINIMUM         37    510 PM  -5    1918  23     14       14
  AVERAGE         39                        31      8       26

PRECIPITATION (IN)
  TODAY            T             1.23 2014   0.08  -0.08      T
  MONTH TO DATE    1.16                      0.43   0.73     0.38
  SINCE DEC 1     10.08                      6.54   3.54     6.14
  SINCE JAN 1      5.79                      3.31   2.48     2.88

SNOWFALL (IN)
  TODAY            T             8.5  1907   0.4   -0.4       T
  MONTH TO DATE    T                         2.0   -2.0      1.6
  SINCE DEC 1     30.6                      15.9   14.7     15.4
  SINCE JUL 1     30.6                      16.5   14.1     17.8
  SNOW DEPTH       T

DEGREE DAYS
 HEATING
  TODAY           26                        34     -8       39
  MONTH TO DATE  133                       173    -40      196
  SINCE DEC 1   1826                      2223   -397     2257
  SINCE JUL 1   2601                      3262   -661     3270

 COOLING
  TODAY            0                         0      0        0
  MONTH TO DATE    0                         0      0        0
  SINCE DEC 1      0                         0      0        0
  SINCE JAN 1      0                         0      0        0
..................................................................


WIND (MPH)
  HIGHEST WIND SPEED    22   HIGHEST WIND DIRECTION    NW (310)
  HIGHEST GUST SPEED    30   HIGHEST GUST DIRECTION    NW (310)
  AVERAGE WIND SPEED    10.9


SKY COVER
  POSSIBLE SUNSHINE  MM
  AVERAGE SKY COVER 0.9


WEATHER CONDITIONS
 THE FOLLOWING WEATHER WAS RECORDED TODAY.
  LIGHT SNOW


RELATIVE HUMIDITY (PERCENT)
 HIGHEST    64          1200 AM
 LOWEST     44           100 PM
 AVERAGE    54

..........................................................


THE HARRISBURG PA CLIMATE NORMALS FOR TOMORROW
                         NORMAL    RECORD    YEAR
 MAXIMUM TEMPERATURE (F)   39        66      2008
 MINIMUM TEMPERATURE (F)   23        -4      1895


SUNRISE AND SUNSET
FEBRUARY  5 2016......SUNRISE   712 AM EST   SUNSET   530 PM EST
FEBRUARY  6 2016......SUNRISE   711 AM EST   SUNSET   531 PM EST


-  INDICATES NEGATIVE NUMBERS.
R  INDICATES RECORD WAS SET OR TIED.
MM INDICATES DATA IS MISSING.
T  INDICATES TRACE AMOUNT.




$$
