000
CDUS41 KCTP 260623
CLIMDT


CLIMATE REPORT
NATIONAL WEATHER SERVICE STATE COLLEGE PA
123 AM EST FRI DEC 26 2014


...................................

...THE HARRISBURG PA CLIMATE SUMMARY FOR DECEMBER 25 2014...

CLIMATE NORMAL PERIOD 1981 TO 2010
CLIMATE RECORD PERIOD 1888 TO 2014


WEATHER ITEM   OBSERVED TIME   RECORD YEAR NORMAL DEPARTURE LAST
                VALUE   (LST)  VALUE       VALUE  FROM      YEAR
                                                  NORMAL
..................................................................
TEMPERATURE (F)
 YESTERDAY
  MAXIMUM         55   1216 AM  66    1889  39     16       28
  MINIMUM         36   1159 PM  -3    1983  25     11       17
  AVERAGE         46                        32     14       23

PRECIPITATION (IN)
  YESTERDAY        0.10          1.01 1945   0.10   0.00     0.00
  MONTH TO DATE    3.20                      2.70   0.50     2.86
  SINCE DEC 1      3.20                      2.70   0.50     2.86
  SINCE JAN 1     43.59                     40.21   3.38    41.75

SNOWFALL (IN)
  YESTERDAY        0.0
  MONTH TO DATE    2.1
  SINCE DEC 1      2.1
  SINCE JUL 1      4.5
  SNOW DEPTH       0

DEGREE DAYS
 HEATING
  YESTERDAY       19                        33    -14       42
  MONTH TO DATE  705                       760    -55      763
  SINCE DEC 1    705                       760    -55      763
  SINCE JUL 1   1718                      1799    -81     1816

 COOLING
  YESTERDAY        0                         0      0        0
  MONTH TO DATE    0                         0      0        0
  SINCE DEC 1      0                         0      0        0
  SINCE JAN 1   1050                      1002     48     1105
..................................................................


WIND (MPH)
  HIGHEST WIND SPEED    23   HIGHEST WIND DIRECTION     W (290)
  HIGHEST GUST SPEED    30   HIGHEST GUST DIRECTION    NW (310)
  AVERAGE WIND SPEED    11.9


SKY COVER
  POSSIBLE SUNSHINE  MM
  AVERAGE SKY COVER 0.7


WEATHER CONDITIONS
 THE FOLLOWING WEATHER WAS RECORDED YESTERDAY.
  RAIN
  LIGHT RAIN
  FOG


RELATIVE HUMIDITY (PERCENT)
 HIGHEST    89           100 AM
 LOWEST     50           100 PM
 AVERAGE    70

..........................................................


THE HARRISBURG PA CLIMATE NORMALS FOR TODAY
                         NORMAL    RECORD    YEAR
 MAXIMUM TEMPERATURE (F)   39        66      1889
 MINIMUM TEMPERATURE (F)   25         0      1983


SUNRISE AND SUNSET
DECEMBER 26 2014......SUNRISE   728 AM EST   SUNSET   447 PM EST
DECEMBER 27 2014......SUNRISE   728 AM EST   SUNSET   448 PM EST


-  INDICATES NEGATIVE NUMBERS.
R  INDICATES RECORD WAS SET OR TIED.
MM INDICATES DATA IS MISSING.
T  INDICATES TRACE AMOUNT.




$$
