000
CDUS41 KCTP 042119
CLIMDT


CLIMATE REPORT
NATIONAL WEATHER SERVICE STATE COLLEGE PA
518 PM EDT FRI SEP 4 2015


...................................

...THE HARRISBURG PA CLIMATE SUMMARY FOR SEPTEMBER 4 2015...
VALID TODAY AS OF 0500 PM LOCAL TIME.

CLIMATE NORMAL PERIOD 1981 TO 2010
CLIMATE RECORD PERIOD 1888 TO 2015


WEATHER ITEM   OBSERVED TIME   RECORD YEAR NORMAL DEPARTURE LAST
                VALUE   (LST)  VALUE       VALUE  FROM      YEAR
                                                  NORMAL
..................................................................
TEMPERATURE (F)
 TODAY
  MAXIMUM         93R   248 PM  93    2008  80     13       88
                                      1964
                                      1953
  MINIMUM         72    530 AM  46    1946  61     11       64
  AVERAGE         83                        70     13       76

PRECIPITATION (IN)
  TODAY            0.00          1.33 2011   0.12  -0.12     0.00
  MONTH TO DATE    0.00                      0.47  -0.47     0.07
  SINCE SEP 1      0.00                      0.47  -0.47     0.07
  SINCE JAN 1     24.63                     27.41  -2.78    33.74

DEGREE DAYS
 HEATING
  TODAY            0                         0      0        0
  MONTH TO DATE    0                         0      0        0
  SINCE SEP 1      0                         0      0        0
  SINCE JUL 1      0                         2     -2        0

 COOLING
  TODAY           18                         6     12       11
  MONTH TO DATE   65                        25     40       53
  SINCE SEP 1     65                        25     40       53
  SINCE JAN 1   1185                       921    264      954
..................................................................


WIND (MPH)
  HIGHEST WIND SPEED    17   HIGHEST WIND DIRECTION    SE (120)
  HIGHEST GUST SPEED    20   HIGHEST GUST DIRECTION    SE (120)
  AVERAGE WIND SPEED     5.0


SKY COVER
  POSSIBLE SUNSHINE  MM
  AVERAGE SKY COVER 0.4


WEATHER CONDITIONS
 THE FOLLOWING WEATHER WAS RECORDED TODAY.
  FOG
  HAZE


RELATIVE HUMIDITY (PERCENT)
 HIGHEST    87           400 AM
 LOWEST     47          1200 PM
 AVERAGE    67

..........................................................


THE HARRISBURG PA CLIMATE NORMALS FOR TOMORROW
                         NORMAL    RECORD    YEAR
 MAXIMUM TEMPERATURE (F)   80        93      1954
 MINIMUM TEMPERATURE (F)   60        47      1974


SUNRISE AND SUNSET
SEPTEMBER  4 2015.....SUNRISE   637 AM EDT   SUNSET   734 PM EDT
SEPTEMBER  5 2015.....SUNRISE   638 AM EDT   SUNSET   733 PM EDT


-  INDICATES NEGATIVE NUMBERS.
R  INDICATES RECORD WAS SET OR TIED.
MM INDICATES DATA IS MISSING.
T  INDICATES TRACE AMOUNT.




$$
