000
CDUS41 KCTP 222229
CLIMDT


CLIMATE REPORT
NATIONAL WEATHER SERVICE STATE COLLEGE PA
529 PM EST WED FEB 22 2017


...................................

...THE HARRISBURG PA CLIMATE SUMMARY FOR FEBRUARY 22 2017...
VALID TODAY AS OF 0500 PM LOCAL TIME.

CLIMATE NORMAL PERIOD 1981 TO 2010
CLIMATE RECORD PERIOD 1888 TO 2017


WEATHER ITEM   OBSERVED TIME   RECORD YEAR NORMAL DEPARTURE LAST
                VALUE   (LST)  VALUE       VALUE  FROM      YEAR
                                                  NORMAL
..................................................................
TEMPERATURE (F)
 TODAY
  MAXIMUM         62    449 PM  71    1974  43     19       49
  MINIMUM         41    559 AM   4    1963  27     14       27
  AVERAGE         52                        35     17       38

PRECIPITATION (IN)
  TODAY            0.00          1.02 1971   0.09  -0.09     0.00
  MONTH TO DATE    1.21                      1.84  -0.63     3.10
  SINCE DEC 1      6.20                      7.95  -1.75    12.02
  SINCE JAN 1      3.84                      4.72  -0.88     7.73

SNOWFALL (IN)
  TODAY            0.0          12.0  1893   0.3   -0.3      0.0
  MONTH TO DATE    3.6                       8.6   -5.0      7.1
  SINCE DEC 1      5.5                      22.5  -17.0     37.7
  SINCE JUL 1      5.5                      23.1  -17.6     37.7
  SNOW DEPTH       0

DEGREE DAYS
 HEATING
  TODAY           13                        30    -17       27
  MONTH TO DATE  564                       723   -159      739
  SINCE DEC 1   2357                      2773   -416     2432
  SINCE JUL 1   3143                      3812   -669     3207

 COOLING
  TODAY            0                         0      0        0
  MONTH TO DATE    0                         0      0        0
  SINCE DEC 1      0                         0      0        0
  SINCE JAN 1      0                         0      0        0
..................................................................


WIND (MPH)
  HIGHEST WIND SPEED     6   HIGHEST WIND DIRECTION     S (180)
  HIGHEST GUST SPEED     8   HIGHEST GUST DIRECTION    SE (140)
  AVERAGE WIND SPEED     2.9


SKY COVER
  POSSIBLE SUNSHINE  MM
  AVERAGE SKY COVER 0.9


WEATHER CONDITIONS
 THE FOLLOWING WEATHER WAS RECORDED TODAY.
  NO SIGNIFICANT WEATHER WAS OBSERVED.


RELATIVE HUMIDITY (PERCENT)
 HIGHEST    86           600 AM
 LOWEST     49           300 PM
 AVERAGE    68

..........................................................


THE HARRISBURG PA CLIMATE NORMALS FOR TOMORROW
                         NORMAL    RECORD    YEAR
 MAXIMUM TEMPERATURE (F)   43        70      1985
                                             1943
 MINIMUM TEMPERATURE (F)   27         6      2015
                                             1964
                                             1907


SUNRISE AND SUNSET
FEBRUARY 22 2017......SUNRISE   650 AM EST   SUNSET   551 PM EST
FEBRUARY 23 2017......SUNRISE   649 AM EST   SUNSET   552 PM EST


-  INDICATES NEGATIVE NUMBERS.
R  INDICATES RECORD WAS SET OR TIED.
MM INDICATES DATA IS MISSING.
T  INDICATES TRACE AMOUNT.




$$
