000
CDUS41 KCTP 250622
CLIMDT


CLIMATE REPORT
NATIONAL WEATHER SERVICE STATE COLLEGE PA
222 AM EDT MON SEP 25 2017


...................................

...THE HARRISBURG PA CLIMATE SUMMARY FOR SEPTEMBER 24 2017...

CLIMATE NORMAL PERIOD 1981 TO 2010
CLIMATE RECORD PERIOD 1888 TO 2017


WEATHER ITEM   OBSERVED TIME   RECORD YEAR NORMAL DEPARTURE LAST
                VALUE   (LST)  VALUE       VALUE  FROM      YEAR
                                                  NORMAL
..................................................................
TEMPERATURE (F)
 YESTERDAY
  MAXIMUM         91    407 PM  97    1970  72     19       75
  MINIMUM         64    609 AM  30    1963  53     11       55
  AVERAGE         78                        62     16       65

PRECIPITATION (IN)
  YESTERDAY        0.00          1.94 1975   0.15  -0.15     0.01
  MONTH TO DATE    2.55                      3.22  -0.67     2.54
  SINCE SEP 1      2.55                      3.22  -0.67     2.54
  SINCE JAN 1     36.76                     30.16   6.60    33.31

DEGREE DAYS
 HEATING
  YESTERDAY        0                         4     -4        0
  MONTH TO DATE   28                        38    -10        0
  SINCE SEP 1     28                        38    -10        0
  SINCE JUL 1     30                        40    -10        0

 COOLING
  YESTERDAY       13                         1     12        0
  MONTH TO DATE  110                        90     20      222
  SINCE SEP 1    110                        90     20      222
  SINCE JAN 1   1108                       986    122     1486
..................................................................


WIND (MPH)
  HIGHEST WIND SPEED     9   HIGHEST WIND DIRECTION     W (290)
  HIGHEST GUST SPEED    11   HIGHEST GUST DIRECTION     W (290)
  AVERAGE WIND SPEED     3.5


SKY COVER
  POSSIBLE SUNSHINE  MM
  AVERAGE SKY COVER 0.1


WEATHER CONDITIONS
 THE FOLLOWING WEATHER WAS RECORDED YESTERDAY.
  FOG


RELATIVE HUMIDITY (PERCENT)
 HIGHEST    94           700 PM
 LOWEST     50           100 PM
 AVERAGE    72

..........................................................


THE HARRISBURG PA CLIMATE NORMALS FOR TODAY
                         NORMAL    RECORD    YEAR
 MAXIMUM TEMPERATURE (F)   72        93      1970
 MINIMUM TEMPERATURE (F)   52        31      1963


SUNRISE AND SUNSET
SEPTEMBER 25 2017.....SUNRISE   658 AM EDT   SUNSET   659 PM EDT
SEPTEMBER 26 2017.....SUNRISE   659 AM EDT   SUNSET   657 PM EDT


-  INDICATES NEGATIVE NUMBERS.
R  INDICATES RECORD WAS SET OR TIED.
MM INDICATES DATA IS MISSING.
T  INDICATES TRACE AMOUNT.




$$
