000
CDUS41 KCTP 300638
CLIMDT


CLIMATE REPORT
NATIONAL WEATHER SERVICE STATE COLLEGE PA
238 AM EDT THU JUL 30 2015


...................................

...THE HARRISBURG PA CLIMATE SUMMARY FOR JULY 29 2015...

CLIMATE NORMAL PERIOD 1981 TO 2010
CLIMATE RECORD PERIOD 1888 TO 2015


WEATHER ITEM   OBSERVED TIME   RECORD YEAR NORMAL DEPARTURE LAST
                VALUE   (LST)  VALUE       VALUE  FROM      YEAR
                                                  NORMAL
..................................................................
TEMPERATURE (F)
 YESTERDAY
  MAXIMUM         91    306 PM  98    1940  85      6       74
                                      1930
  MINIMUM         71    531 AM  56    1978  66      5       59
  AVERAGE         81                        76      5       67

PRECIPITATION (IN)
  YESTERDAY        0.00          1.86 1889   0.13  -0.13     0.00
  MONTH TO DATE    2.60                      4.32  -1.72     4.29
  SINCE JUN 1      9.44                      7.92   1.52     8.07
  SINCE JAN 1     22.18                     23.45  -1.27    29.71

DEGREE DAYS
 HEATING
  YESTERDAY        0                         0      0        0
  MONTH TO DATE    0                         0      0        0
  SINCE JUN 1     13                        18     -5        1
  SINCE JUL 1      0                         0      0        0

 COOLING
  YESTERDAY       16                        11      5        2
  MONTH TO DATE  319                       317      2      339
  SINCE JUN 1    580                       530     50      586
  SINCE JAN 1    754                       595    159      646
..................................................................


WIND (MPH)
  HIGHEST WIND SPEED    12   HIGHEST WIND DIRECTION     S (180)
  HIGHEST GUST SPEED    15   HIGHEST GUST DIRECTION     S (170)
  AVERAGE WIND SPEED     4.7


SKY COVER
  POSSIBLE SUNSHINE  MM
  AVERAGE SKY COVER 0.5


WEATHER CONDITIONS
 THE FOLLOWING WEATHER WAS RECORDED YESTERDAY.
  FOG
  HAZE


RELATIVE HUMIDITY (PERCENT)
 HIGHEST    87           200 AM
 LOWEST     52           200 PM
 AVERAGE    70

..........................................................


THE HARRISBURG PA CLIMATE NORMALS FOR TODAY
                         NORMAL    RECORD    YEAR
 MAXIMUM TEMPERATURE (F)   85        98      1940
 MINIMUM TEMPERATURE (F)   66        53      1956


SUNRISE AND SUNSET
JULY 30 2015..........SUNRISE   603 AM EDT   SUNSET   824 PM EDT
JULY 31 2015..........SUNRISE   604 AM EDT   SUNSET   823 PM EDT


-  INDICATES NEGATIVE NUMBERS.
R  INDICATES RECORD WAS SET OR TIED.
MM INDICATES DATA IS MISSING.
T  INDICATES TRACE AMOUNT.




$$
