000
CDUS41 KCTP 292116
CLIMDT


CLIMATE REPORT
NATIONAL WEATHER SERVICE STATE COLLEGE PA
515 PM EDT FRI AUG 29 2014


...................................

...THE HARRISBURG PA CLIMATE SUMMARY FOR AUGUST 29 2014...
VALID TODAY AS OF 0500 PM LOCAL TIME.

CLIMATE NORMAL PERIOD 1981 TO 2010
CLIMATE RECORD PERIOD 1888 TO 2014


WEATHER ITEM   OBSERVED TIME   RECORD YEAR NORMAL DEPARTURE LAST
                VALUE   (LST)  VALUE       VALUE  FROM      YEAR
                                                  NORMAL
..................................................................
TEMPERATURE (F)
 TODAY
  MAXIMUM         79    325 PM  97    1953  82     -3       82
  MINIMUM         56    506 AM  46    1982  62     -6       69
  AVERAGE         68                        72     -4       76

PRECIPITATION (IN)
  TODAY            0.00          1.23 1911   0.11  -0.11     0.00
  MONTH TO DATE    3.63                      3.00   0.63     3.11
  SINCE JUN 1     11.75                     11.21   0.54    12.11
  SINCE JAN 1     33.39                     26.74   6.65    24.27

DEGREE DAYS
 HEATING
  TODAY            0                         0      0        0
  MONTH TO DATE    0                         0      0        0
  SINCE JUN 1      1                        18    -17        2
  SINCE JUL 1      0                         0      0        0

 COOLING
  TODAY            3                         7     -4       11
  MONTH TO DATE  221                       264    -43      209
  SINCE JUN 1    818                       815      3      841
  SINCE JAN 1    878                       880     -2      924
..................................................................


WIND (MPH)
  HIGHEST WIND SPEED     7   HIGHEST WIND DIRECTION    NW (320)
  HIGHEST GUST SPEED    10   HIGHEST GUST DIRECTION     N (10)
  AVERAGE WIND SPEED     2.6


SKY COVER
  POSSIBLE SUNSHINE  MM
  AVERAGE SKY COVER 0.6


WEATHER CONDITIONS
 THE FOLLOWING WEATHER WAS RECORDED TODAY.
  NO SIGNIFICANT WEATHER WAS OBSERVED.


RELATIVE HUMIDITY (PERCENT)
 HIGHEST    80           500 AM
 LOWEST     39           400 PM
 AVERAGE    60

..........................................................


THE HARRISBURG PA CLIMATE NORMALS FOR TOMORROW
                         NORMAL    RECORD    YEAR
 MAXIMUM TEMPERATURE (F)   81        98      1953
 MINIMUM TEMPERATURE (F)   62        47      1986


SUNRISE AND SUNSET
AUGUST 29 2014........SUNRISE   632 AM EDT   SUNSET   743 PM EDT
AUGUST 30 2014........SUNRISE   633 AM EDT   SUNSET   742 PM EDT


-  INDICATES NEGATIVE NUMBERS.
R  INDICATES RECORD WAS SET OR TIED.
MM INDICATES DATA IS MISSING.
T  INDICATES TRACE AMOUNT.




$$
