027
CDUS41 KCTP 290621
CLIMDT


CLIMATE REPORT
NATIONAL WEATHER SERVICE STATE COLLEGE PA
221 AM EDT THU SEP 29 2016


...................................

...THE HARRISBURG PA CLIMATE SUMMARY FOR SEPTEMBER 28 2016...

CLIMATE NORMAL PERIOD 1981 TO 2010
CLIMATE RECORD PERIOD 1888 TO 2016


WEATHER ITEM   OBSERVED TIME   RECORD YEAR NORMAL DEPARTURE LAST
                VALUE   (LST)  VALUE       VALUE  FROM      YEAR
                                                  NORMAL
..................................................................
TEMPERATURE (F)
 YESTERDAY
  MAXIMUM         75   1152 AM  87    1954  71      4       77
                                      1945
                                      1941
  MINIMUM         54    221 AM  32    1947  51      3       62
  AVERAGE         65                        61      4       70

PRECIPITATION (IN)
  YESTERDAY        0.16          3.51 2004   0.14   0.02      T
  MONTH TO DATE    3.01                      3.79  -0.78     6.41
  SINCE SEP 1      3.01                      3.79  -0.78     6.41
  SINCE JAN 1     33.78                     30.73   3.05    31.04

DEGREE DAYS
 HEATING
  YESTERDAY        0                         5     -5        0
  MONTH TO DATE    9                        57    -48        7
  SINCE SEP 1      9                        57    -48        7
  SINCE JUL 1      9                        59    -50        7

 COOLING
  YESTERDAY        0                         1     -1        5
  MONTH TO DATE  223                        94    129      196
  SINCE SEP 1    223                        94    129      196
  SINCE JAN 1   1487                       990    497     1316
..................................................................


WIND (MPH)
  HIGHEST WIND SPEED    24   HIGHEST WIND DIRECTION     E (110)
  HIGHEST GUST SPEED    31   HIGHEST GUST DIRECTION     E (110)
  AVERAGE WIND SPEED     8.3


SKY COVER
  POSSIBLE SUNSHINE  MM
  AVERAGE SKY COVER 0.7


WEATHER CONDITIONS
 THE FOLLOWING WEATHER WAS RECORDED YESTERDAY.
  THUNDERSTORM
  RAIN
  LIGHT RAIN
  FOG
  HAZE


RELATIVE HUMIDITY (PERCENT)
 HIGHEST   100           400 AM
 LOWEST     46          1100 AM
 AVERAGE    73

..........................................................


THE HARRISBURG PA CLIMATE NORMALS FOR TODAY
                         NORMAL    RECORD    YEAR
 MAXIMUM TEMPERATURE (F)   70        89      1953
 MINIMUM TEMPERATURE (F)   51        35      1942


SUNRISE AND SUNSET
SEPTEMBER 29 2016.....SUNRISE   702 AM EDT   SUNSET   652 PM EDT
SEPTEMBER 30 2016.....SUNRISE   703 AM EDT   SUNSET   650 PM EDT


-  INDICATES NEGATIVE NUMBERS.
R  INDICATES RECORD WAS SET OR TIED.
MM INDICATES DATA IS MISSING.
T  INDICATES TRACE AMOUNT.




$$
