380
CDUS41 KCTP 272122
CLIMDT


CLIMATE REPORT
NATIONAL WEATHER SERVICE STATE COLLEGE PA
522 PM EDT FRI MAY 27 2016


...................................

...THE HARRISBURG PA CLIMATE SUMMARY FOR MAY 27 2016...
VALID TODAY AS OF 0500 PM LOCAL TIME.

CLIMATE NORMAL PERIOD 1981 TO 2010
CLIMATE RECORD PERIOD 1888 TO 2016


WEATHER ITEM   OBSERVED TIME   RECORD YEAR NORMAL DEPARTURE LAST
                VALUE   (LST)  VALUE       VALUE  FROM      YEAR
                                                  NORMAL
..................................................................
TEMPERATURE (F)
 TODAY
  MAXIMUM         90    224 PM  92    1991  75     15       87
                                      1965
  MINIMUM         68    404 AM  41    1915  56     12       68
  AVERAGE         79                        66     13       78

PRECIPITATION (IN)
  TODAY            0.00          1.13 1946   0.12  -0.12     0.63
  MONTH TO DATE    3.08                      3.27  -0.19     2.48
  SINCE MAR 1      6.89                      9.74  -2.85     8.11
  SINCE JAN 1     16.81                     15.01   1.80    11.70

SNOWFALL (IN)
  TODAY            0.0           0.0  2002   0.0    0.0      0.0
                                      2001
  MONTH TO DATE    0.0                       0.0    0.0      0.0
  SINCE MAR 1      1.4                       5.6   -4.2     11.8
  SINCE JUL 1     39.1                      30.6    8.5     39.2
  SNOW DEPTH       0

DEGREE DAYS
 HEATING
  TODAY            0                         3     -3        0
  MONTH TO DATE  173                       139     34       45
  SINCE MAR 1   1084                      1254   -170     1284
  SINCE JUL 1   4456                      5242   -786     5587

 COOLING
  TODAY           14                         3     11       13
  MONTH TO DATE   36                        46    -10      125
  SINCE MAR 1     48                        53     -5      125
  SINCE JAN 1     48                        53     -5      125
..................................................................


WIND (MPH)
  HIGHEST WIND SPEED    12   HIGHEST WIND DIRECTION     S (190)
  HIGHEST GUST SPEED    14   HIGHEST GUST DIRECTION     S (180)
  AVERAGE WIND SPEED     3.2


SKY COVER
  POSSIBLE SUNSHINE  MM
  AVERAGE SKY COVER 0.7


WEATHER CONDITIONS
 THE FOLLOWING WEATHER WAS RECORDED TODAY.
  FOG
  HAZE


RELATIVE HUMIDITY (PERCENT)
 HIGHEST    90           600 AM
 LOWEST     47           300 PM
 AVERAGE    69

..........................................................


THE HARRISBURG PA CLIMATE NORMALS FOR TOMORROW
                         NORMAL    RECORD    YEAR
 MAXIMUM TEMPERATURE (F)   75        93      1941
 MINIMUM TEMPERATURE (F)   56        41      1983


SUNRISE AND SUNSET
MAY 27 2016...........SUNRISE   542 AM EDT   SUNSET   827 PM EDT
MAY 28 2016...........SUNRISE   541 AM EDT   SUNSET   828 PM EDT


-  INDICATES NEGATIVE NUMBERS.
R  INDICATES RECORD WAS SET OR TIED.
MM INDICATES DATA IS MISSING.
T  INDICATES TRACE AMOUNT.




$$
