000
CDUS41 KCTP 310644
CLIMDT


CLIMATE REPORT
NATIONAL WEATHER SERVICE STATE COLLEGE PA
244 AM EDT THU JUL 31 2014


...................................

...THE HARRISBURG PA CLIMATE SUMMARY FOR JULY 30 2014...

CLIMATE NORMAL PERIOD 1981 TO 2010
CLIMATE RECORD PERIOD 1888 TO 2014


WEATHER ITEM   OBSERVED TIME   RECORD YEAR NORMAL DEPARTURE LAST
                VALUE   (LST)  VALUE       VALUE  FROM      YEAR
                                                  NORMAL
..................................................................
TEMPERATURE (F)
 YESTERDAY
  MAXIMUM         79    327 PM  98    1940  85     -6       79
  MINIMUM         56    525 AM  53    1956  66    -10       61
  AVERAGE         68                        76     -8       70

PRECIPITATION (IN)
  YESTERDAY        0.05          2.13 1891   0.15  -0.10     0.00
  MONTH TO DATE    4.34                      4.47  -0.13     5.23
  SINCE JUN 1      8.12                      8.07   0.05     9.00
  SINCE JAN 1     29.76                     23.60   6.16    21.16

DEGREE DAYS
 HEATING
  YESTERDAY        0                         0      0        0
  MONTH TO DATE    0                         0      0        0
  SINCE JUN 1      1                        18    -17        2
  SINCE JUL 1      0                         0      0        0

 COOLING
  YESTERDAY        3                        11     -8        5
  MONTH TO DATE  342                       328     14      401
  SINCE JUN 1    589                       541     48      625
  SINCE JAN 1    649                       606     43      708
..................................................................


WIND (MPH)
  HIGHEST WIND SPEED    14   HIGHEST WIND DIRECTION    NW (310)
  HIGHEST GUST SPEED    16   HIGHEST GUST DIRECTION    NW (310)
  AVERAGE WIND SPEED     3.7


SKY COVER
  POSSIBLE SUNSHINE  MM
  AVERAGE SKY COVER 0.3


WEATHER CONDITIONS
 THE FOLLOWING WEATHER WAS RECORDED YESTERDAY.
  RAIN
  LIGHT RAIN
  FOG


RELATIVE HUMIDITY (PERCENT)
 HIGHEST    86           300 AM
 LOWEST     43          1200 PM
 AVERAGE    65

..........................................................


THE HARRISBURG PA CLIMATE NORMALS FOR TODAY
                         NORMAL    RECORD    YEAR
 MAXIMUM TEMPERATURE (F)   85       100      1954
                                             1917
 MINIMUM TEMPERATURE (F)   66        53      1895


SUNRISE AND SUNSET
JULY 31 2014..........SUNRISE   604 AM EDT   SUNSET   822 PM EDT
AUGUST  1 2014........SUNRISE   605 AM EDT   SUNSET   821 PM EDT


-  INDICATES NEGATIVE NUMBERS.
R  INDICATES RECORD WAS SET OR TIED.
MM INDICATES DATA IS MISSING.
T  INDICATES TRACE AMOUNT.




$$
