000
CDUS41 KCTP 240625
CLIMDT


CLIMATE REPORT
NATIONAL WEATHER SERVICE STATE COLLEGE PA
125 AM EST TUE JAN 24 2017


...................................

...THE HARRISBURG PA CLIMATE SUMMARY FOR JANUARY 23 2017...

CLIMATE NORMAL PERIOD 1981 TO 2010
CLIMATE RECORD PERIOD 1888 TO 2017


WEATHER ITEM   OBSERVED TIME   RECORD YEAR NORMAL DEPARTURE LAST
                VALUE   (LST)  VALUE       VALUE  FROM      YEAR
                                                  NORMAL
..................................................................
TEMPERATURE (F)
 YESTERDAY
  MAXIMUM         48   1213 AM  67    1967  37     11       28
  MINIMUM         36   1012 PM  -6    1936  22     14       22
  AVERAGE         42                        30     12       25

PRECIPITATION (IN)
  YESTERDAY        0.84          2.49 2016   0.10   0.74     2.49
  MONTH TO DATE    2.51                      2.17   0.34     4.61
  SINCE DEC 1      4.87                      5.40  -0.53     8.90
  SINCE JAN 1      2.51                      2.17   0.34     4.61

SNOWFALL (IN)
  YESTERDAY        0.0          26.4  2016   0.3   -0.3     26.4
  MONTH TO DATE    0.9                       6.1   -5.2     30.6
  SINCE DEC 1      1.7                      11.2   -9.5     30.6
  SINCE JUL 1      1.7                      11.8  -10.1     30.6
  SNOW DEPTH       0

DEGREE DAYS
 HEATING
  YESTERDAY       23                        35    -12       40
  MONTH TO DATE  682                       802   -120      785
  SINCE DEC 1   1579                      1764   -185     1384
  SINCE JUL 1   2365                      2803   -438     2159

 COOLING
  YESTERDAY        0                         0      0        0
  MONTH TO DATE    0                         0      0        0
  SINCE DEC 1      0                         0      0        0
  SINCE JAN 1      0                         0      0        0
..................................................................


WIND (MPH)
  HIGHEST WIND SPEED    24   HIGHEST WIND DIRECTION     E (80)
  HIGHEST GUST SPEED    31   HIGHEST GUST DIRECTION     E (80)
  AVERAGE WIND SPEED    12.3


SKY COVER
  POSSIBLE SUNSHINE  MM
  AVERAGE SKY COVER 0.9


WEATHER CONDITIONS
 THE FOLLOWING WEATHER WAS RECORDED YESTERDAY.
  HEAVY RAIN
  RAIN
  LIGHT RAIN
  FOG


RELATIVE HUMIDITY (PERCENT)
 HIGHEST    96           700 AM
 LOWEST     85          1200 PM
 AVERAGE    91

..........................................................


THE HARRISBURG PA CLIMATE NORMALS FOR TODAY
                         NORMAL    RECORD    YEAR
 MAXIMUM TEMPERATURE (F)   37        71      1967
 MINIMUM TEMPERATURE (F)   22        -2      1936


SUNRISE AND SUNSET
JANUARY 24 2017.......SUNRISE   722 AM EST   SUNSET   517 PM EST
JANUARY 25 2017.......SUNRISE   722 AM EST   SUNSET   518 PM EST


-  INDICATES NEGATIVE NUMBERS.
R  INDICATES RECORD WAS SET OR TIED.
MM INDICATES DATA IS MISSING.
T  INDICATES TRACE AMOUNT.




$$
