000
CDUS43 KLOT 160642
CLIMDW


CLIMATE REPORT
NATIONAL WEATHER SERVICE CHICAGO IL
135 AM CDT TUE SEP 16 2014


...................................

...THE CHICAGO-MIDWAY CLIMATE SUMMARY FOR SEPTEMBER 15 2014...

CLIMATE NORMAL PERIOD 1981 TO 2010
CLIMATE RECORD PERIOD 1928 TO 2014


WEATHER ITEM   OBSERVED TIME   RECORD YEAR NORMAL DEPARTURE LAST
                VALUE   (LST)  VALUE       VALUE  FROM      YEAR
                                                  NORMAL
..................................................................
TEMPERATURE (F)
 YESTERDAY
  MAXIMUM         62   1210 PM 102    1939  76    -14       62
  MINIMUM         54   1159 PM  41    1949  58     -4       58
  AVERAGE         58                        67     -9       60

PRECIPITATION (IN)
  YESTERDAY        T             1.07 1936   0.11  -0.11     0.24
  MONTH TO DATE    2.38                      1.70   0.68     0.32
  SINCE SEP 1      2.38                      1.70   0.68     0.32
  SINCE JAN 1     35.88                     28.25   7.63    25.26

DEGREE DAYS
 HEATING
  YESTERDAY        7                         2      5        5
  MONTH TO DATE   52                        19     33       12
  SINCE SEP 1     52                        19     33       12
  SINCE JUL 1     53                        24     29       16

 COOLING
  YESTERDAY        0                         4     -4        0
  MONTH TO DATE   93                        84      9      128
  SINCE SEP 1     93                        84      9      128
  SINCE JAN 1   1025                       994     31     1024
..................................................................


WIND (MPH)
  RESULTANT WIND SPEED   3   RESULTANT WIND DIRECTION   W (280)
  HIGHEST WIND SPEED    16   HIGHEST WIND DIRECTION     N (350)
  HIGHEST GUST SPEED    19   HIGHEST GUST DIRECTION     N (360)
  AVERAGE WIND SPEED     6.4



WEATHER CONDITIONS
 THE FOLLOWING WEATHER WAS RECORDED YESTERDAY.
  LIGHT RAIN
  HAZE


..........................................................


THE CHICAGO-MIDWAY CLIMATE NORMALS FOR TODAY
                         NORMAL    RECORD    YEAR
 MAXIMUM TEMPERATURE (F)   75        93      1931
 MINIMUM TEMPERATURE (F)   57        39      1984


SUNRISE AND SUNSET
SEPTEMBER 16 2014.....SUNRISE   632 AM CDT   SUNSET   659 PM CDT
SEPTEMBER 17 2014.....SUNRISE   633 AM CDT   SUNSET   657 PM CDT


-  INDICATES NEGATIVE NUMBERS.
R  INDICATES RECORD WAS SET OR TIED.
MM INDICATES DATA IS MISSING.
T  INDICATES TRACE AMOUNT.




$$
