000
CDUS43 KLOT 060650
CLIMDW


CLIMATE REPORT
NATIONAL WEATHER SERVICE CHICAGO IL
150 AM CDT MON JUL 6 2015


...................................

...THE CHICAGO-MIDWAY CLIMATE SUMMARY FOR JULY 5 2015...

CLIMATE NORMAL PERIOD 1981 TO 2010
CLIMATE RECORD PERIOD 1928 TO 2015


WEATHER ITEM   OBSERVED TIME   RECORD YEAR NORMAL DEPARTURE LAST
                VALUE   (LST)  VALUE       VALUE  FROM      YEAR
                                                  NORMAL
..................................................................
TEMPERATURE (F)
 YESTERDAY
  MAXIMUM         85    418 PM 103    2012  84      1       79
  MINIMUM         65    451 AM  46    1972  67     -2       63
  AVERAGE         75                        76     -1       71

PRECIPITATION (IN)
  YESTERDAY        0.00          1.18 1971   0.13  -0.13     0.01
  MONTH TO DATE    0.00                      0.56  -0.56     0.22
  SINCE JUN 1      2.96                      4.62  -1.66     7.94
  SINCE JAN 1     11.85                     19.11  -7.26    19.23

DEGREE DAYS
 HEATING
  YESTERDAY        0                         0      0        0
  MONTH TO DATE    3                         0      3        0
  SINCE JUN 1     23                        31     -8        2
  SINCE JUL 1      3                         0      3        0

 COOLING
  YESTERDAY       10                        11     -1        6
  MONTH TO DATE   22                        53    -31       24
  SINCE JUN 1    204                       263    -59      275
  SINCE JAN 1    310                       337    -27      386
..................................................................


WIND (MPH)
  RESULTANT WIND SPEED   4   RESULTANT WIND DIRECTION   S (190)
  HIGHEST WIND SPEED    14   HIGHEST WIND DIRECTION    SW (220)
  HIGHEST GUST SPEED    22   HIGHEST GUST DIRECTION     S (160)
  AVERAGE WIND SPEED     4.9



WEATHER CONDITIONS
 THE FOLLOWING WEATHER WAS RECORDED YESTERDAY.
  HAZE


..........................................................


THE CHICAGO-MIDWAY CLIMATE NORMALS FOR TODAY
                         NORMAL    RECORD    YEAR
 MAXIMUM TEMPERATURE (F)   84       105      2012
 MINIMUM TEMPERATURE (F)   67        49      1983


SUNRISE AND SUNSET
JULY  6 2015..........SUNRISE   523 AM CDT   SUNSET   829 PM CDT
JULY  7 2015..........SUNRISE   523 AM CDT   SUNSET   828 PM CDT


-  INDICATES NEGATIVE NUMBERS.
R  INDICATES RECORD WAS SET OR TIED.
MM INDICATES DATA IS MISSING.
T  INDICATES TRACE AMOUNT.




$$
