000
CDUS43 KLOT 230639
CLIMDW


CLIMATE REPORT
NATIONAL WEATHER SERVICE CHICAGO IL
139 AM CDT SAT AUG 23 2014


...................................

...THE CHICAGO-MIDWAY CLIMATE SUMMARY FOR AUGUST 22 2014...

CLIMATE NORMAL PERIOD 1981 TO 2010
CLIMATE RECORD PERIOD 1928 TO 2014


WEATHER ITEM   OBSERVED TIME   RECORD YEAR NORMAL DEPARTURE LAST
                VALUE   (LST)  VALUE       VALUE  FROM      YEAR
                                                  NORMAL
..................................................................
TEMPERATURE (F)
 YESTERDAY
  MAXIMUM         87    259 PM 103    1936  82      5       78
  MINIMUM         74    527 AM  51    1928  66      8       67
  AVERAGE         81                        74      7       73

PRECIPITATION (IN)
  YESTERDAY        3.17R         1.84 2002   0.12   3.05     0.36
  MONTH TO DATE    8.01                      2.90   5.11     1.51
  SINCE JUN 1     20.91                     10.97   9.94     5.92
  SINCE JAN 1     32.20                     25.46   6.74    23.51

DEGREE DAYS
 HEATING
  YESTERDAY        0                         0      0        0
  MONTH TO DATE    0                         0      0        0
  SINCE JUN 1      3                        32    -29       40
  SINCE JUL 1      1                         1      0        4

 COOLING
  YESTERDAY       16                         9      7        8
  MONTH TO DATE  205                       213     -8      176
  SINCE JUN 1    695                       761    -66      668
  SINCE JAN 1    806                       835    -29      774
..................................................................


WIND (MPH)
  RESULTANT WIND SPEED   6   RESULTANT WIND DIRECTION  SW (230)
  HIGHEST WIND SPEED    16   HIGHEST WIND DIRECTION    SW (230)
  HIGHEST GUST SPEED    20   HIGHEST GUST DIRECTION    SW (230)
  AVERAGE WIND SPEED     7.3



WEATHER CONDITIONS
 THE FOLLOWING WEATHER WAS RECORDED YESTERDAY.
  THUNDERSTORM
  HEAVY RAIN
  RAIN
  LIGHT RAIN
  FOG


..........................................................


THE CHICAGO-MIDWAY CLIMATE NORMALS FOR TODAY
                         NORMAL    RECORD    YEAR
 MAXIMUM TEMPERATURE (F)   82        97      1947
 MINIMUM TEMPERATURE (F)   66        52      1940


SUNRISE AND SUNSET
AUGUST 23 2014........SUNRISE   608 AM CDT   SUNSET   739 PM CDT
AUGUST 24 2014........SUNRISE   609 AM CDT   SUNSET   737 PM CDT


-  INDICATES NEGATIVE NUMBERS.
R  INDICATES RECORD WAS SET OR TIED.
MM INDICATES DATA IS MISSING.
T  INDICATES TRACE AMOUNT.




$$
