000
CDUS44 KMEG 010634
CLIMEG


CLIMATE REPORT
NATIONAL WEATHER SERVICE MEMPHIS TN
133 AM CDT WED OCT 1 2014


...................................

...THE MEMPHIS/GERMANTOWN WFO CLIMATE SUMMARY FOR SEPTEMBER 30 2014...

CLIMATE NORMAL PERIOD 1981 TO 2010
CLIMATE RECORD PERIOD 1988 TO 2014


WEATHER ITEM   OBSERVED TIME   RECORD YEAR NORMAL DEPARTURE LAST
                VALUE   (LST)  VALUE       VALUE  FROM      YEAR
                                                  NORMAL
..................................................................
TEMPERATURE (F)
 YESTERDAY
  MAXIMUM         89    130 PM  95    1998  79     10       76
  MINIMUM         59    500 AM  44    1999  55      4       65
  AVERAGE         74                        67      7       71

PRECIPITATION (IN)
  YESTERDAY        0.00          2.00 1989   0.13  -0.13     0.03
  MONTH TO DATE    5.09                      3.28   1.81     3.70
  SINCE SEP 1      5.09                      3.28   1.81     3.70
  SINCE JAN 1     48.05                     39.29   8.76    52.06

SNOWFALL (IN)
  YESTERDAY        0.0          MM      MM   0.0    0.0      0.0
  MONTH TO DATE    0.0                       0.0    0.0      0.0
  SINCE SEP 1      0.0                       0.0    0.0      0.0
  SINCE JUL 1      0.0                       0.0    0.0      0.0
  SNOW DEPTH       0

DEGREE DAYS
 HEATING
  YESTERDAY        0                         2     -2        0
  MONTH TO DATE    5                        17    -12        0
  SINCE SEP 1      5                        18    -13        0
  SINCE JUL 1      5                        18    -13        0

 COOLING
  YESTERDAY        9                         4      5        6
  MONTH TO DATE  287                       257     30      323
  SINCE SEP 1    287                       257     30      323
  SINCE JAN 1   1868                      1852     16     1871
..................................................................







THE MEMPHIS/GERMANTOWN WFO CLIMATE NORMALS FOR TODAY
                         NORMAL    RECORD    YEAR
 MAXIMUM TEMPERATURE (F)   79        94      1998
 MINIMUM TEMPERATURE (F)   55        42      1992


SUNRISE AND SUNSET
OCTOBER  1 2014.......SUNRISE   654 AM CDT   SUNSET   643 PM CDT
OCTOBER  2 2014.......SUNRISE   655 AM CDT   SUNSET   642 PM CDT


-  INDICATES NEGATIVE NUMBERS.
R  INDICATES RECORD WAS SET OR TIED.
MM INDICATES DATA IS MISSING.
T  INDICATES TRACE AMOUNT.




$$
