000
CDUS44 KMEG 290643
CLIMEG


CLIMATE REPORT
NATIONAL WEATHER SERVICE MEMPHIS TN
143 AM CDT WED JUL 29 2015


...................................

...THE MEMPHIS/GERMANTOWN WFO CLIMATE SUMMARY FOR JULY 28 2015...

CLIMATE NORMAL PERIOD 1981 TO 2010
CLIMATE RECORD PERIOD 1988 TO 2015


WEATHER ITEM   OBSERVED TIME   RECORD YEAR NORMAL DEPARTURE LAST
                VALUE   (LST)  VALUE       VALUE  FROM      YEAR
                                                  NORMAL
..................................................................
TEMPERATURE (F)
 YESTERDAY
  MAXIMUM         97        MM  99    1997  91      6       85
  MINIMUM         77        MM  60    2004  71      6       71
  AVERAGE         87                        81      6       78

PRECIPITATION (IN)
  YESTERDAY        0.00          0.38 1998   0.14  -0.14     0.00
  MONTH TO DATE    4.83                      4.15   0.68     2.95
  SINCE JUN 1      7.77                      7.83  -0.06    16.04
  SINCE JAN 1     29.45                     32.32  -2.87    41.62

SNOWFALL (IN)
  YESTERDAY        0.0          MM      MM   0.0    0.0      0.0
  MONTH TO DATE    0.0                       0.0    0.0      0.0
  SINCE JUN 1      0.0                       0.0    0.0      0.0
  SINCE JUL 1      0.0                       0.0    0.0      0.0
  SNOW DEPTH       0

DEGREE DAYS
 HEATING
  YESTERDAY        0                         0      0        0
  MONTH TO DATE    0                         0      0        0
  SINCE JUN 1      0                         2     -2        0
  SINCE JUL 1      0                         0      0        0

 COOLING
  YESTERDAY       22                        16      6       13
  MONTH TO DATE  512                       446     66      334
  SINCE JUN 1    964                       827    137      751
  SINCE JAN 1   1264                      1078    186     1050
..................................................................







THE MEMPHIS/GERMANTOWN WFO CLIMATE NORMALS FOR TODAY
                         NORMAL    RECORD    YEAR
 MAXIMUM TEMPERATURE (F)   91       101      2008
 MINIMUM TEMPERATURE (F)   71        61      2014
                                             1994


SUNRISE AND SUNSET
JULY 29 2015..........SUNRISE   606 AM CDT   SUNSET   805 PM CDT
JULY 30 2015..........SUNRISE   607 AM CDT   SUNSET   804 PM CDT


-  INDICATES NEGATIVE NUMBERS.
R  INDICATES RECORD WAS SET OR TIED.
MM INDICATES DATA IS MISSING.
T  INDICATES TRACE AMOUNT.




$$
