000
CDUS44 KMEG 270636
CLIMEG


CLIMATE REPORT
NATIONAL WEATHER SERVICE MEMPHIS TN
134 AM CDT MON MAR 27 2017


...................................

...THE MEMPHIS/GERMANTOWN WFO CLIMATE SUMMARY FOR MARCH 26 2017...

CLIMATE NORMAL PERIOD 1981 TO 2010
CLIMATE RECORD PERIOD 1988 TO 2017


WEATHER ITEM   OBSERVED TIME   RECORD YEAR NORMAL DEPARTURE LAST
                VALUE   (LST)  VALUE       VALUE  FROM      YEAR
                                                  NORMAL
..................................................................
TEMPERATURE (F)
 YESTERDAY
  MAXIMUM         75    423 PM  84    2007  66      9       76
  MINIMUM         58   1112 PM  27    2014  43     15       38
                                      2006
  AVERAGE         67                        54     13       57

PRECIPITATION (IN)
  YESTERDAY        T             0.94 1997   0.17  -0.17     0.00
  MONTH TO DATE    3.83                      4.11  -0.28    13.60
  SINCE MAR 1      3.83                      4.11  -0.28    13.60
  SINCE JAN 1      9.04                     12.74  -3.70    22.55

SNOWFALL (IN)
  YESTERDAY        0.0           0.0    MM                   0.0
  MONTH TO DATE    0.4                                        T
  SINCE MAR 1      0.4                                        T
  SINCE JUL 1      1.4                                       0.9
  SNOW DEPTH       0

DEGREE DAYS
 HEATING
  YESTERDAY        0                        11    -11        8
  MONTH TO DATE  301                       383    -82      230
  SINCE MAR 1    301                       383    -82      230
  SINCE JUL 1   2142                      3129   -987     2317

 COOLING
  YESTERDAY        2                         1      1        0
  MONTH TO DATE   18                         3     15        9
  SINCE MAR 1     18                         3     15        9
  SINCE JAN 1     32                         4     28        9
..................................................................







THE MEMPHIS/GERMANTOWN WFO CLIMATE NORMALS FOR TODAY
                         NORMAL    RECORD    YEAR
 MAXIMUM TEMPERATURE (F)   66        85      2012
 MINIMUM TEMPERATURE (F)   43        25      2001


SUNRISE AND SUNSET
MARCH 27 2017.........SUNRISE   653 AM CDT   SUNSET   717 PM CDT
MARCH 28 2017.........SUNRISE   651 AM CDT   SUNSET   718 PM CDT


-  INDICATES NEGATIVE NUMBERS.
R  INDICATES RECORD WAS SET OR TIED.
MM INDICATES DATA IS MISSING.
T  INDICATES TRACE AMOUNT.




$$
