000
CDUS44 KMEG 190733
CLIMEG


CLIMATE REPORT
NATIONAL WEATHER SERVICE MEMPHIS TN
132 AM CST SUN FEB 19 2017


...................................

...THE MEMPHIS/GERMANTOWN WFO CLIMATE SUMMARY FOR FEBRUARY 18 2017...

CLIMATE NORMAL PERIOD 1981 TO 2010
CLIMATE RECORD PERIOD 1988 TO 2017


WEATHER ITEM   OBSERVED TIME   RECORD YEAR NORMAL DEPARTURE LAST
                VALUE   (LST)  VALUE       VALUE  FROM      YEAR
                                                  NORMAL
..................................................................
TEMPERATURE (F)
 YESTERDAY
  MAXIMUM         66    330 PM  73    2014  54     12       69
                                      2009
                                      2000
  MINIMUM         50    615 AM  15    2006  33     17       37
  AVERAGE         58                        44     14       53

PRECIPITATION (IN)
  YESTERDAY        0.05          1.20 1990   0.17  -0.12     0.00
  MONTH TO DATE    1.14                      2.96  -1.82     3.85
  SINCE DEC 1     12.11                     12.86  -0.75    12.14
  SINCE JAN 1      4.80                      6.92  -2.12     6.59

SNOWFALL (IN)
  YESTERDAY        0.0           0.6  2006                   0.0
  MONTH TO DATE    0.0                                        T
  SINCE DEC 1      1.0                                       0.9
  SINCE JUL 1      1.0                                       0.9
  SNOW DEPTH       0

DEGREE DAYS
 HEATING
  YESTERDAY        7                        21    -14       12
  MONTH TO DATE  253                       419   -166      393
  SINCE DEC 1   1460                      1949   -489     1566
  SINCE JUL 1   1782                      2548   -766     1947

 COOLING
  YESTERDAY        0                         0      0        0
  MONTH TO DATE    7                         0      7        0
  SINCE DEC 1     12                         1     11       13
  SINCE JAN 1      7                         0      7        0
..................................................................







THE MEMPHIS/GERMANTOWN WFO CLIMATE NORMALS FOR TODAY
                         NORMAL    RECORD    YEAR
 MAXIMUM TEMPERATURE (F)   54        73      1994
 MINIMUM TEMPERATURE (F)   34        10      2015


SUNRISE AND SUNSET
FEBRUARY 19 2017......SUNRISE   641 AM CST   SUNSET   546 PM CST
FEBRUARY 20 2017......SUNRISE   639 AM CST   SUNSET   547 PM CST


-  INDICATES NEGATIVE NUMBERS.
R  INDICATES RECORD WAS SET OR TIED.
MM INDICATES DATA IS MISSING.
T  INDICATES TRACE AMOUNT.




$$
