000
CDUS44 KMEG 032159
CLIMEG


CLIMATE REPORT
NATIONAL WEATHER SERVICE MEMPHIS TN
459 PM CDT THU SEP 3 2015


...................................

...THE MEMPHIS/GERMANTOWN WFO CLIMATE SUMMARY FOR SEPTEMBER 3 2015...
VALID TODAY AS OF 0400 PM LOCAL TIME.

CLIMATE NORMAL PERIOD 1981 TO 2010
CLIMATE RECORD PERIOD 1988 TO 2015


WEATHER ITEM   OBSERVED TIME   RECORD YEAR NORMAL DEPARTURE LAST
                VALUE   (LST)  VALUE       VALUE  FROM      YEAR
                                                  NORMAL
..................................................................
TEMPERATURE (F)
 TODAY
  MAXIMUM         95    200 PM  98    2000  88      7       92
  MINIMUM         69    600 AM  53    1987  66      3       70
  AVERAGE         82                        77      5       81

PRECIPITATION (IN)
  TODAY            0.00          0.75 2008   0.09  -0.09     0.00
  MONTH TO DATE    0.02                      0.27  -0.25     0.02
  SINCE SEP 1      0.02                      0.27  -0.25     0.02
  SINCE JAN 1     33.74                     36.28  -2.54    42.98

SNOWFALL (IN)
  TODAY            0.0

DEGREE DAYS
 HEATING
  TODAY            0                         0      0        0
  MONTH TO DATE    0                         0      0        0
  SINCE SEP 1      0                         0      0        0
  SINCE JUL 1      0                         0      0        0

 COOLING
  TODAY           17                        12      5       16
  MONTH TO DATE   50                        38     12       51
  SINCE SEP 1     50                        38     12       51
  SINCE JAN 1   1789                      1633    156     1632
..................................................................







THE MEMPHIS/GERMANTOWN WFO CLIMATE NORMALS FOR TOMORROW
                         NORMAL    RECORD    YEAR
 MAXIMUM TEMPERATURE (F)   88        99      2000
 MINIMUM TEMPERATURE (F)   66        53      2010


SUNRISE AND SUNSET
SEPTEMBER  3 2015.....SUNRISE   633 AM CDT   SUNSET   724 PM CDT
SEPTEMBER  4 2015.....SUNRISE   634 AM CDT   SUNSET   722 PM CDT


-  INDICATES NEGATIVE NUMBERS.
R  INDICATES RECORD WAS SET OR TIED.
MM INDICATES DATA IS MISSING.
T  INDICATES TRACE AMOUNT.




$$
