000
CDUS44 KMEG 060740
CLIMEG


CLIMATE REPORT
NATIONAL WEATHER SERVICE MEMPHIS TN
139 AM CST FRI MAR 6 2015


...................................

...THE MEMPHIS/GERMANTOWN WFO CLIMATE SUMMARY FOR MARCH 5 2015...

CLIMATE NORMAL PERIOD 1981 TO 2010
CLIMATE RECORD PERIOD 1988 TO 2015


WEATHER ITEM   OBSERVED TIME   RECORD YEAR NORMAL DEPARTURE LAST
                VALUE   (LST)  VALUE       VALUE  FROM      YEAR
                                                  NORMAL
..................................................................
TEMPERATURE (F)
 YESTERDAY
  MAXIMUM         30    354 PM  77    1992  59    -29       36
  MINIMUM         19R  1154 PM  26    2008  37    -18       28
  AVERAGE         25                        48    -23       32

PRECIPITATION (IN)
  YESTERDAY        0.39          1.42 2011   0.16   0.23     0.00
  MONTH TO DATE    2.56                      0.78   1.78     2.91
  SINCE MAR 1      2.56                      0.78   1.78     2.91
  SINCE JAN 1      8.64                      9.41  -0.77    11.53

SNOWFALL (IN)
  YESTERDAY        3.6 R         0.0    MM   0.0    3.6      0.0
  MONTH TO DATE    4.1                       0.2    3.9      0.3
  SINCE MAR 1      4.1                       0.2    3.9      0.3
  SINCE JUL 1      6.3                       1.8    4.5      0.8
  SNOW DEPTH       4

DEGREE DAYS
 HEATING
  YESTERDAY       40                        17     23       33
  MONTH TO DATE  125                        88     37      140
  SINCE MAR 1    125                        88     37      140
  SINCE JUL 1   3032                      2834    198     3144

 COOLING
  YESTERDAY        0                         0      0        0
  MONTH TO DATE    0                         0      0        0
  SINCE MAR 1      0                         0      0        0
  SINCE JAN 1      0                         1     -1        0
..................................................................







THE MEMPHIS/GERMANTOWN WFO CLIMATE NORMALS FOR TODAY
                         NORMAL    RECORD    YEAR
 MAXIMUM TEMPERATURE (F)   59        78      2000
 MINIMUM TEMPERATURE (F)   38        26      2010


SUNRISE AND SUNSET
MARCH  6 2015.........SUNRISE   622 AM CST   SUNSET   559 PM CST
MARCH  7 2015.........SUNRISE   621 AM CST   SUNSET   600 PM CST


-  INDICATES NEGATIVE NUMBERS.
R  INDICATES RECORD WAS SET OR TIED.
MM INDICATES DATA IS MISSING.
T  INDICATES TRACE AMOUNT.




$$
