000
CDUS44 KMEG 200632
CLIMEG


CLIMATE REPORT
NATIONAL WEATHER SERVICE MEMPHIS TN
132 AM CDT SUN APR 20 2014


...................................

...THE MEMPHIS/GERMANTOWN WFO CLIMATE SUMMARY FOR APRIL 19 2014...

CLIMATE NORMAL PERIOD 1981 TO 2010
CLIMATE RECORD PERIOD 1988 TO 2014


WEATHER ITEM   OBSERVED TIME   RECORD YEAR NORMAL DEPARTURE LAST
                VALUE   (LST)  VALUE       VALUE  FROM      YEAR
                                                  NORMAL
..................................................................
TEMPERATURE (F)
 YESTERDAY
  MAXIMUM         79        MM  91    2006  73      6       56
  MINIMUM         49        MM  36    1997  50     -1       40
  AVERAGE         64                        62      2       48

PRECIPITATION (IN)
  YESTERDAY        0.00          1.91 1991   0.19  -0.19      T
  MONTH TO DATE    2.89                      3.26  -0.37     5.41
  SINCE MAR 1      8.93                      8.21   0.72     8.65
  SINCE JAN 1     17.55                     16.84   0.71    23.34

SNOWFALL (IN)
  YESTERDAY        0.0          MM      MM   0.0    0.0      0.0
  MONTH TO DATE    0.0                       0.0    0.0      0.0
  SINCE MAR 1      0.3                       0.8   -0.5      0.1
  SINCE JUL 1      0.8                       2.4   -1.6      0.8
  SNOW DEPTH       0

DEGREE DAYS
 HEATING
  YESTERDAY        1                         5     -4       17
  MONTH TO DATE  140                       146     -6      133
  SINCE MAR 1    662                       582     80      689
  SINCE JUL 1   3666                      3328    338     3109

 COOLING
  YESTERDAY        0                         2     -2        0
  MONTH TO DATE   34                        28      6       58
  SINCE MAR 1     36                        39     -3       59
  SINCE JAN 1     36                        40     -4       65
..................................................................







THE MEMPHIS/GERMANTOWN WFO CLIMATE NORMALS FOR TODAY
                         NORMAL    RECORD    YEAR
 MAXIMUM TEMPERATURE (F)   73        87      2002
 MINIMUM TEMPERATURE (F)   50        37      2013


SUNRISE AND SUNSET
APRIL 20 2014.........SUNRISE   621 AM CDT   SUNSET   736 PM CDT
APRIL 21 2014.........SUNRISE   620 AM CDT   SUNSET   737 PM CDT


-  INDICATES NEGATIVE NUMBERS.
R  INDICATES RECORD WAS SET OR TIED.
MM INDICATES DATA IS MISSING.
T  INDICATES TRACE AMOUNT.




$$
