000
CDUS44 KMEG 290641
CLIMEG


CLIMATE REPORT
NATIONAL WEATHER SERVICE MEMPHIS TN
140 AM CDT FRI APR 29 2016


...................................

...THE MEMPHIS/GERMANTOWN WFO CLIMATE SUMMARY FOR APRIL 28 2016...

CLIMATE NORMAL PERIOD 1981 TO 2010
CLIMATE RECORD PERIOD 1988 TO 2016


WEATHER ITEM   OBSERVED TIME   RECORD YEAR NORMAL DEPARTURE LAST
                VALUE   (LST)  VALUE       VALUE  FROM      YEAR
                                                  NORMAL
..................................................................
TEMPERATURE (F)
 YESTERDAY
  MAXIMUM         87    550 PM  89    2001  76     11       63
  MINIMUM         60   1150 PM  35    1992  53      7       51
  AVERAGE         74                        64     10       57

PRECIPITATION (IN)
  YESTERDAY        0.00          1.91 1991   0.18  -0.18      T
  MONTH TO DATE    4.10                      4.95  -0.85     3.42
  SINCE MAR 1     20.79                      9.90  10.89    10.08
  SINCE JAN 1     29.74                     18.53  11.21    16.16

SNOWFALL (IN)
  YESTERDAY        0.0          MM      MM   0.0    0.0      0.0
  MONTH TO DATE    0.0                       0.0    0.0      0.0
  SINCE MAR 1      T                         0.8   -0.8      4.1
  SINCE JUL 1      0.9                       2.4   -1.5      6.3
  SNOW DEPTH       0

DEGREE DAYS
 HEATING
  YESTERDAY        0                         3     -3        8
  MONTH TO DATE  104                       184    -80       98
  SINCE MAR 1    358                       620   -262      519
  SINCE JUL 1   2445                      3366   -921     3426

 COOLING
  YESTERDAY        9                         3      6        0
  MONTH TO DATE   54                        49      5       74
  SINCE MAR 1     67                        60      7       77
  SINCE JAN 1     67                        61      6       77
..................................................................







THE MEMPHIS/GERMANTOWN WFO CLIMATE NORMALS FOR TODAY
                         NORMAL    RECORD    YEAR
 MAXIMUM TEMPERATURE (F)   76        88      2003
 MINIMUM TEMPERATURE (F)   53        36      1992


SUNRISE AND SUNSET
APRIL 29 2016.........SUNRISE   610 AM CDT   SUNSET   744 PM CDT
APRIL 30 2016.........SUNRISE   609 AM CDT   SUNSET   744 PM CDT


-  INDICATES NEGATIVE NUMBERS.
R  INDICATES RECORD WAS SET OR TIED.
MM INDICATES DATA IS MISSING.
T  INDICATES TRACE AMOUNT.




$$
