000
CDUS44 KMEG 190637
CLIMEG


CLIMATE REPORT
NATIONAL WEATHER SERVICE MEMPHIS TN
137 AM CDT FRI SEP 19 2014


...................................

...THE MEMPHIS/GERMANTOWN WFO CLIMATE SUMMARY FOR SEPTEMBER 18 2014...

CLIMATE NORMAL PERIOD 1981 TO 2010
CLIMATE RECORD PERIOD 1988 TO 2014


WEATHER ITEM   OBSERVED TIME   RECORD YEAR NORMAL DEPARTURE LAST
                VALUE   (LST)  VALUE       VALUE  FROM      YEAR
                                                  NORMAL
..................................................................
TEMPERATURE (F)
 YESTERDAY
  MAXIMUM         81    300 PM  97    2010  84     -3       82
  MINIMUM         64    200 AM  50    1993  61      3       72
  AVERAGE         73                        72      1       77

PRECIPITATION (IN)
  YESTERDAY        0.01          1.55 2009   0.11  -0.10     0.00
  MONTH TO DATE    5.09                      1.89   3.20     0.91
  SINCE SEP 1      5.09                      1.89   3.20     0.91
  SINCE JAN 1     48.05                     37.90  10.15    49.27

SNOWFALL (IN)
  YESTERDAY        0.0          MM      MM   0.0    0.0      0.0
  MONTH TO DATE    0.0                       0.0    0.0      0.0
  SINCE SEP 1      0.0                       0.0    0.0      0.0
  SINCE JUL 1      0.0                       0.0    0.0      0.0
  SNOW DEPTH       0

DEGREE DAYS
 HEATING
  YESTERDAY        0                         1     -1        0
  MONTH TO DATE    5                         1      4        0
  SINCE SEP 1      5                         1      4        0
  SINCE JUL 1      5                         1      4        0

 COOLING
  YESTERDAY        8                         8      0       12
  MONTH TO DATE  195                       188      7      238
  SINCE SEP 1    195                       188      7      238
  SINCE JAN 1   1776                      1783     -7     1786
..................................................................







THE MEMPHIS/GERMANTOWN WFO CLIMATE NORMALS FOR TODAY
                         NORMAL    RECORD    YEAR
 MAXIMUM TEMPERATURE (F)   83        97      2010
 MINIMUM TEMPERATURE (F)   60        45      1991


SUNRISE AND SUNSET
SEPTEMBER 19 2014.....SUNRISE   645 AM CDT   SUNSET   700 PM CDT
SEPTEMBER 20 2014.....SUNRISE   646 AM CDT   SUNSET   659 PM CDT


-  INDICATES NEGATIVE NUMBERS.
R  INDICATES RECORD WAS SET OR TIED.
MM INDICATES DATA IS MISSING.
T  INDICATES TRACE AMOUNT.




$$
