000
CDUS44 KJAN 250732
CLIMEI


CLIMATE REPORT
NATIONAL WEATHER SERVICE JACKSON MS
227 AM CDT FRI APR 25 2014


...................................

...THE MERIDIAN CLIMATE SUMMARY FOR APRIL 24 2014...

CLIMATE NORMAL PERIOD 1981 TO 2010
CLIMATE RECORD PERIOD 1889 TO 2014


WEATHER ITEM   OBSERVED TIME   RECORD YEAR NORMAL DEPARTURE LAST
                VALUE   (LST)  VALUE       VALUE  FROM      YEAR
                                                  NORMAL
..................................................................
TEMPERATURE (F)
 YESTERDAY
  MAXIMUM         84    127 PM  91    1958  78      6       67
  MINIMUM         51    530 AM  37    2012  52     -1       51
                                      1910
                                      1903
  AVERAGE         68                        65      3       59

PRECIPITATION (IN)
  YESTERDAY        0.00          4.27 2003   0.14  -0.14     0.23
  MONTH TO DATE    9.90                      3.89   6.01     4.35
  SINCE MAR 1     15.64                      9.31   6.33     8.10
  SINCE JAN 1     24.99                     20.04   4.95    26.93

SNOWFALL (IN)
  YESTERDAY        0.0           0.0    MM   0.0    0.0      0.0
  MONTH TO DATE    0.0                       0.1   -0.1      0.0
  SINCE MAR 1      0.0                       0.3   -0.3      0.0
  SINCE JUL 1      2.5                       0.6    1.9      1.0

DEGREE DAYS
 HEATING
  YESTERDAY        0                         3     -3        6
  MONTH TO DATE  116                       117     -1      125
  SINCE MAR 1    465                       424     41      559
  SINCE JUL 1   2841                      2521    320     2446

 COOLING
  YESTERDAY        3                         3      0        0
  MONTH TO DATE   23                        40    -17       54
  SINCE MAR 1     25                        57    -32       57
  SINCE JAN 1     32                        64    -32       73
..................................................................


WIND (MPH)
  HIGHEST WIND SPEED    18   HIGHEST WIND DIRECTION    SW (220)
  HIGHEST GUST SPEED    23   HIGHEST GUST DIRECTION    SW (210)
  AVERAGE WIND SPEED     6.5


SKY COVER
  POSSIBLE SUNSHINE  MM
  AVERAGE SKY COVER 0.4


WEATHER CONDITIONS
 THE FOLLOWING WEATHER WAS RECORDED YESTERDAY.
  NO SIGNIFICANT WEATHER WAS OBSERVED.


RELATIVE HUMIDITY (PERCENT)
 HIGHEST    96           400 AM
 LOWEST     40          1200 PM
 AVERAGE    68

..........................................................


THE MERIDIAN CLIMATE NORMALS FOR TODAY
                         NORMAL    RECORD    YEAR
 MAXIMUM TEMPERATURE (F)   78        87      1957
                                             1954
                                             1945
 MINIMUM TEMPERATURE (F)   52        32      1910


SUNRISE AND SUNSET
APRIL 25 2014.........SUNRISE   615 AM CDT   SUNSET   732 PM CDT
APRIL 26 2014.........SUNRISE   614 AM CDT   SUNSET   732 PM CDT


-  INDICATES NEGATIVE NUMBERS.
R  INDICATES RECORD WAS SET OR TIED.
MM INDICATES DATA IS MISSING.
T  INDICATES TRACE AMOUNT.




$$
