000
CDUS44 KJAN 130629
CLIMEI


CLIMATE REPORT
NATIONAL WEATHER SERVICE JACKSON MS
1227 AM CST WED DEC 13 2017


...................................

...THE MERIDIAN CLIMATE SUMMARY FOR DECEMBER 12 2017...

CLIMATE NORMAL PERIOD 1981 TO 2010
CLIMATE RECORD PERIOD 1889 TO 2017


WEATHER ITEM   OBSERVED TIME   RECORD YEAR NORMAL DEPARTURE LAST
                VALUE   (LST)  VALUE       VALUE  FROM      YEAR
                                                  NORMAL
..................................................................
TEMPERATURE (F)
 YESTERDAY
  MAXIMUM         60    229 PM  80    1949  59      1       66
  MINIMUM         32    714 AM   8    1962  36     -4       57
  AVERAGE         46                        48     -2       62

PRECIPITATION (IN)
  YESTERDAY        0.00          2.48 1961   0.16  -0.16     0.25
  MONTH TO DATE    1.81                      2.15  -0.34     1.68
  SINCE DEC 1      1.81                      2.15  -0.34     1.68
  SINCE JAN 1     59.58                     53.25   6.33    43.51

SNOWFALL (IN)
  YESTERDAY        0.0           0.0  2001   0.0    0.0      0.0
  MONTH TO DATE    5.0                       0.0    5.0      0.0
  SINCE DEC 1      5.0                       0.0    5.0      0.0
  SINCE JUL 1      5.0                       0.0    5.0      0.0

DEGREE DAYS
 HEATING
  YESTERDAY       19                        17      2        3
  MONTH TO DATE  201                       195      6      184
  SINCE DEC 1    201                       195      6      184
  SINCE JUL 1    542                       645   -103      393

 COOLING
  YESTERDAY        0                         0      0        0
  MONTH TO DATE    0                         0      0        0
  SINCE DEC 1      0                         0      0        0
  SINCE JAN 1   2542                      2029    513     2856
..................................................................


WIND (MPH)
  HIGHEST WIND SPEED    20   HIGHEST WIND DIRECTION     N (340)
  HIGHEST GUST SPEED    24   HIGHEST GUST DIRECTION     N (360)
  AVERAGE WIND SPEED     7.0


SKY COVER
  POSSIBLE SUNSHINE  MM
  AVERAGE SKY COVER 0.0


WEATHER CONDITIONS
 THE FOLLOWING WEATHER WAS RECORDED YESTERDAY.
  NO SIGNIFICANT WEATHER WAS OBSERVED.


RELATIVE HUMIDITY (PERCENT)
 HIGHEST   100           600 AM
 LOWEST     36           300 PM
 AVERAGE    68

..........................................................


THE MERIDIAN CLIMATE NORMALS FOR TODAY
                         NORMAL    RECORD    YEAR
 MAXIMUM TEMPERATURE (F)   59        81      1931
 MINIMUM TEMPERATURE (F)   36         4      1962


SUNRISE AND SUNSET
DECEMBER 13 2017......SUNRISE   648 AM CST   SUNSET   451 PM CST
DECEMBER 14 2017......SUNRISE   648 AM CST   SUNSET   451 PM CST


-  INDICATES NEGATIVE NUMBERS.
R  INDICATES RECORD WAS SET OR TIED.
MM INDICATES DATA IS MISSING.
T  INDICATES TRACE AMOUNT.




$$
