584
CDUS44 KJAN 220627
CLIMEI


CLIMATE REPORT
NATIONAL WEATHER SERVICE JACKSON MS
1225 AM CST SUN JAN 22 2017


...................................

...THE MERIDIAN CLIMATE SUMMARY FOR JANUARY 21 2017...

CLIMATE NORMAL PERIOD 1981 TO 2010
CLIMATE RECORD PERIOD 1889 TO 2017


WEATHER ITEM   OBSERVED TIME   RECORD YEAR NORMAL DEPARTURE LAST
                VALUE   (LST)  VALUE       VALUE  FROM      YEAR
                                                  NORMAL
..................................................................
TEMPERATURE (F)
 YESTERDAY
  MAXIMUM         74    337 PM  80    1982  57     17       64
                                      1937
  MINIMUM         60    728 AM   5    1985  33     27       49
  AVERAGE         67                        45     22       57

PRECIPITATION (IN)
  YESTERDAY        1.97          2.46 1935   0.18   1.79     1.33
  MONTH TO DATE    6.62                      3.27   3.35     1.69
  SINCE DEC 1     10.52                      8.33   2.19     7.77
  SINCE JAN 1      6.62                      3.27   3.35     1.69

SNOWFALL (IN)
  YESTERDAY        0.0           1.1  1987   0.0    0.0      0.0
  MONTH TO DATE    0.8                       0.1    0.7      0.0
  SINCE DEC 1      0.8                       0.2    0.6      0.0
  SINCE JUL 1      0.8                       0.2    0.6      0.0

DEGREE DAYS
 HEATING
  YESTERDAY        0                        20    -20        8
  MONTH TO DATE  191                       431   -240      436
  SINCE DEC 1    595                       989   -394      724
  SINCE JUL 1    804                      1439   -635      975

 COOLING
  YESTERDAY        2                         0      2        0
  MONTH TO DATE   24                         0     24        0
  SINCE DEC 1     42                         6     36       43
  SINCE JAN 1     24                         0     24        0
..................................................................


WIND (MPH)
  HIGHEST WIND SPEED    30   HIGHEST WIND DIRECTION    NW (300)
  HIGHEST GUST SPEED    42   HIGHEST GUST DIRECTION     W (290)
  AVERAGE WIND SPEED     6.5


SKY COVER
  POSSIBLE SUNSHINE  MM
  AVERAGE SKY COVER 0.6


WEATHER CONDITIONS
 THE FOLLOWING WEATHER WAS RECORDED YESTERDAY.
  THUNDERSTORM
  HEAVY RAIN
  RAIN
  LIGHT RAIN
  FOG


RELATIVE HUMIDITY (PERCENT)
 HIGHEST   100          1200 AM
 LOWEST     61           100 PM
 AVERAGE    81

..........................................................


THE MERIDIAN CLIMATE NORMALS FOR TODAY
                         NORMAL    RECORD    YEAR
 MAXIMUM TEMPERATURE (F)   57        80      1937
 MINIMUM TEMPERATURE (F)   33         9      1984


SUNRISE AND SUNSET
JANUARY 22 2017.......SUNRISE   654 AM CST   SUNSET   519 PM CST
JANUARY 23 2017.......SUNRISE   654 AM CST   SUNSET   520 PM CST


-  INDICATES NEGATIVE NUMBERS.
R  INDICATES RECORD WAS SET OR TIED.
MM INDICATES DATA IS MISSING.
T  INDICATES TRACE AMOUNT.




$$
