000
CDUS44 KJAN 230700
CLIMEI


CLIMATE REPORT
NATIONAL WEATHER SERVICE JACKSON MS
157 AM CDT THU MAR 23 2017


...................................

...THE MERIDIAN CLIMATE SUMMARY FOR MARCH 22 2017...

CLIMATE NORMAL PERIOD 1981 TO 2010
CLIMATE RECORD PERIOD 1889 TO 2017


WEATHER ITEM   OBSERVED TIME   RECORD YEAR NORMAL DEPARTURE LAST
                VALUE   (LST)  VALUE       VALUE  FROM      YEAR
                                                  NORMAL
..................................................................
TEMPERATURE (F)
 YESTERDAY
  MAXIMUM         82    316 PM  88    1995  71     11       69
  MINIMUM         53    606 AM  24    1986  43     10       32
  AVERAGE         68                        57     11       51

PRECIPITATION (IN)
  YESTERDAY        0.00          3.79 1923   0.16  -0.16     0.00
  MONTH TO DATE    3.81                      3.88  -0.07     8.22
  SINCE MAR 1      3.81                      3.88  -0.07     8.22
  SINCE JAN 1     13.38                     14.61  -1.23    15.71

SNOWFALL (IN)
  YESTERDAY        0.0           0.0  2002   0.0    0.0      0.0
                                      2001
  MONTH TO DATE    0.0                       0.1   -0.1      0.0
  SINCE MAR 1      0.0                       0.1   -0.1      0.0
  SINCE JUL 1      0.8                       0.4    0.4       T

DEGREE DAYS
 HEATING
  YESTERDAY        0                         9     -9       14
  MONTH TO DATE  189                       239    -50      152
  SINCE MAR 1    189                       239    -50      152
  SINCE JUL 1   1317                      2336  -1019     1714

 COOLING
  YESTERDAY        3                         1      2        0
  MONTH TO DATE   23                        14      9       25
  SINCE MAR 1     23                        14      9       25
  SINCE JAN 1     69                        21     48       30
..................................................................


WIND (MPH)
  HIGHEST WIND SPEED    15   HIGHEST WIND DIRECTION    NE (30)
  HIGHEST GUST SPEED    19   HIGHEST GUST DIRECTION    NE (30)
  AVERAGE WIND SPEED     6.9


SKY COVER
  POSSIBLE SUNSHINE  MM
  AVERAGE SKY COVER 0.0


WEATHER CONDITIONS
 THE FOLLOWING WEATHER WAS RECORDED YESTERDAY.
  NO SIGNIFICANT WEATHER WAS OBSERVED.


RELATIVE HUMIDITY (PERCENT)
 HIGHEST    93           100 AM
 LOWEST     42           100 PM
 AVERAGE    68

..........................................................


THE MERIDIAN CLIMATE NORMALS FOR TODAY
                         NORMAL    RECORD    YEAR
 MAXIMUM TEMPERATURE (F)   71        89      1995
 MINIMUM TEMPERATURE (F)   44        26      1986


SUNRISE AND SUNSET
MARCH 23 2017.........SUNRISE   655 AM CDT   SUNSET   709 PM CDT
MARCH 24 2017.........SUNRISE   653 AM CDT   SUNSET   710 PM CDT


-  INDICATES NEGATIVE NUMBERS.
R  INDICATES RECORD WAS SET OR TIED.
MM INDICATES DATA IS MISSING.
T  INDICATES TRACE AMOUNT.




$$
