000
CDUS44 KJAN 190711
CLIMEI


CLIMATE REPORT
NATIONAL WEATHER SERVICE JACKSON MS
110 AM CST MON FEB 19 2018


...................................

...THE MERIDIAN CLIMATE SUMMARY FOR FEBRUARY 18 2018...

CLIMATE NORMAL PERIOD 1981 TO 2010
CLIMATE RECORD PERIOD 1889 TO 2018


WEATHER ITEM   OBSERVED TIME   RECORD YEAR NORMAL DEPARTURE LAST
                VALUE   (LST)  VALUE       VALUE  FROM      YEAR
                                                  NORMAL
..................................................................
TEMPERATURE (F)
 YESTERDAY
  MAXIMUM         66    507 PM  82    2000  62      4       70
  MINIMUM         50    746 AM  14    1900  37     13       50
  AVERAGE         58                        49      9       60

PRECIPITATION (IN)
  YESTERDAY        0.05          2.44 1927   0.20  -0.15      T
  MONTH TO DATE    6.38                      3.66   2.72     0.91
  SINCE DEC 1     12.95                     13.85  -0.90    12.18
  SINCE JAN 1      8.86                      8.79   0.07     8.28

SNOWFALL (IN)
  YESTERDAY        0.0           T    2006   0.0    0.0      0.0
                                      1960
  MONTH TO DATE    0.0                       0.0    0.0      0.0
  SINCE DEC 1      5.3                       0.3    5.0      0.8
  SINCE JUL 1      5.3                       0.3    5.0      0.8

DEGREE DAYS
 HEATING
  YESTERDAY        7                        16     -9        5
  MONTH TO DATE  181                       317   -136      148
  SINCE DEC 1   1400                      1504   -104      878
  SINCE JUL 1   1741                      1954   -213     1087

 COOLING
  YESTERDAY        0                         0      0        0
  MONTH TO DATE   10                         0     10       12
  SINCE DEC 1     15                         9      6       54
  SINCE JAN 1     12                         3      9       36
..................................................................


WIND (MPH)
  HIGHEST WIND SPEED    14   HIGHEST WIND DIRECTION     N (10)
  HIGHEST GUST SPEED    16   HIGHEST GUST DIRECTION    NE (30)
  AVERAGE WIND SPEED     4.4


SKY COVER
  POSSIBLE SUNSHINE  MM
  AVERAGE SKY COVER 0.7


WEATHER CONDITIONS
 THE FOLLOWING WEATHER WAS RECORDED YESTERDAY.
  LIGHT RAIN
  FOG


RELATIVE HUMIDITY (PERCENT)
 HIGHEST    93           100 AM
 LOWEST     73           400 PM
 AVERAGE    83

..........................................................


THE MERIDIAN CLIMATE NORMALS FOR TODAY
                         NORMAL    RECORD    YEAR
 MAXIMUM TEMPERATURE (F)   62        83      2017
 MINIMUM TEMPERATURE (F)   37        19      2015
                                             1978


SUNRISE AND SUNSET
FEBRUARY 19 2018......SUNRISE   634 AM CST   SUNSET   544 PM CST
FEBRUARY 20 2018......SUNRISE   632 AM CST   SUNSET   545 PM CST


-  INDICATES NEGATIVE NUMBERS.
R  INDICATES RECORD WAS SET OR TIED.
MM INDICATES DATA IS MISSING.
T  INDICATES TRACE AMOUNT.




$$
