000
CDUS44 KJAN 312115
CLIMEI


CLIMATE REPORT
NATIONAL WEATHER SERVICE JACKSON MS
413 PM CDT TUE MAY 31 2016


...................................

...THE MERIDIAN CLIMATE SUMMARY FOR MAY 31 2016...
VALID TODAY AS OF 0400 PM LOCAL TIME.

CLIMATE NORMAL PERIOD 1981 TO 2010
CLIMATE RECORD PERIOD 1889 TO 2016


WEATHER ITEM   OBSERVED TIME   RECORD YEAR NORMAL DEPARTURE LAST
                VALUE   (LST)  VALUE       VALUE  FROM      YEAR
                                                  NORMAL
..................................................................
TEMPERATURE (F)
 TODAY
  MAXIMUM         94   1123 AM  99    1951  87      7       84
  MINIMUM         69    500 AM  40    1984  63      6       65
  AVERAGE         82                        75      7       75

PRECIPITATION (IN)
  TODAY            T             2.27 1901   0.15  -0.15     0.38
  MONTH TO DATE    0.96                      4.50  -3.54     2.16
  SINCE MAR 1     17.49                     14.70   2.79    12.22
  SINCE JAN 1     24.98                     25.43  -0.45    23.06

SNOWFALL (IN)
  TODAY            0.0           0.0    MM   0.0    0.0      0.0
  MONTH TO DATE    0.0                       0.0    0.0      0.0
  SINCE MAR 1      0.0                       0.3   -0.3       T
  SINCE JUL 1      T                         0.6   -0.6       T

DEGREE DAYS
 HEATING
  TODAY            0                         0      0        0
  MONTH TO DATE    8                        16     -8        6
  SINCE MAR 1    253                       456   -203      263
  SINCE JUL 1   1815                      2553   -738     2504

 COOLING
  TODAY           17                        10      7       10
  MONTH TO DATE  211                       200     11      225
  SINCE MAR 1    307                       276     31      365
  SINCE JAN 1    312                       283     29      365
..................................................................


WIND (MPH)
  HIGHEST WIND SPEED    18   HIGHEST WIND DIRECTION     N (350)
  HIGHEST GUST SPEED    23   HIGHEST GUST DIRECTION     N (340)
  AVERAGE WIND SPEED     3.2


SKY COVER
  POSSIBLE SUNSHINE  MM
  AVERAGE SKY COVER 0.1


WEATHER CONDITIONS
 THE FOLLOWING WEATHER WAS RECORDED TODAY.
  THUNDERSTORM
  LIGHT RAIN


RELATIVE HUMIDITY (PERCENT)
 HIGHEST    90           300 AM
 LOWEST     44          1000 AM
 AVERAGE    67

..........................................................


THE MERIDIAN CLIMATE NORMALS FOR TOMORROW
                         NORMAL    RECORD    YEAR
 MAXIMUM TEMPERATURE (F)   87        98      1998
                                             1951
 MINIMUM TEMPERATURE (F)   63        42      1984


SUNRISE AND SUNSET
MAY 31 2016...........SUNRISE   549 AM CDT   SUNSET   757 PM CDT
JUNE  1 2016..........SUNRISE   549 AM CDT   SUNSET   757 PM CDT


-  INDICATES NEGATIVE NUMBERS.
R  INDICATES RECORD WAS SET OR TIED.
MM INDICATES DATA IS MISSING.
T  INDICATES TRACE AMOUNT.




$$
