000
CDUS44 KJAN 262204
CLIMEI


CLIMATE REPORT
NATIONAL WEATHER SERVICE JACKSON MS
403 PM CST SUN FEB 26 2017


...................................

...THE MERIDIAN CLIMATE SUMMARY FOR FEBRUARY 26 2017...
VALID TODAY AS OF 0400 PM LOCAL TIME.

CLIMATE NORMAL PERIOD 1981 TO 2010
CLIMATE RECORD PERIOD 1889 TO 2017


WEATHER ITEM   OBSERVED TIME   RECORD YEAR NORMAL DEPARTURE LAST
                VALUE   (LST)  VALUE       VALUE  FROM      YEAR
                                                  NORMAL
..................................................................
TEMPERATURE (F)
 TODAY
  MAXIMUM         70    259 PM  82    1986  64      6       58
                                      1981
  MINIMUM         34    417 AM  21    1965  39     -5       30
  AVERAGE         52                        51      1       44

PRECIPITATION (IN)
  TODAY            0.00          2.52 1998   0.19  -0.19     0.00
  MONTH TO DATE    1.32                      5.21  -3.89     4.25
  SINCE DEC 1     12.59                     15.40  -2.81    13.57
  SINCE JAN 1      8.69                     10.34  -1.65     7.49

SNOWFALL (IN)
  TODAY            0.0           0.0  2001   0.0    0.0      0.0
  MONTH TO DATE    0.0                       0.0    0.0      0.0
  SINCE DEC 1      0.8                       0.3    0.5       T
  SINCE JUL 1      0.8                       0.3    0.5       T

DEGREE DAYS
 HEATING
  TODAY           13                        14     -1       21
  MONTH TO DATE  181                       433   -252      369
  SINCE DEC 1    911                      1620   -709     1275
  SINCE JUL 1   1120                      2070   -950     1526

 COOLING
  TODAY            0                         0      0        0
  MONTH TO DATE   15                         0     15        5
  SINCE DEC 1     57                         9     48       48
  SINCE JAN 1     39                         3     36        5
..................................................................


WIND (MPH)
  HIGHEST WIND SPEED    14   HIGHEST WIND DIRECTION     E (70)
  HIGHEST GUST SPEED    16   HIGHEST GUST DIRECTION     E (70)
  AVERAGE WIND SPEED     5.7


SKY COVER
  POSSIBLE SUNSHINE  MM
  AVERAGE SKY COVER 0.0


WEATHER CONDITIONS
 THE FOLLOWING WEATHER WAS RECORDED TODAY.
  NO SIGNIFICANT WEATHER WAS OBSERVED.


RELATIVE HUMIDITY (PERCENT)
 HIGHEST    89           100 AM
 LOWEST     17           300 PM
 AVERAGE    53

..........................................................


THE MERIDIAN CLIMATE NORMALS FOR TOMORROW
                         NORMAL    RECORD    YEAR
 MAXIMUM TEMPERATURE (F)   64        84      1981
 MINIMUM TEMPERATURE (F)   39        17      1963


SUNRISE AND SUNSET
FEBRUARY 26 2017......SUNRISE   626 AM CST   SUNSET   550 PM CST
FEBRUARY 27 2017......SUNRISE   624 AM CST   SUNSET   551 PM CST


-  INDICATES NEGATIVE NUMBERS.
R  INDICATES RECORD WAS SET OR TIED.
MM INDICATES DATA IS MISSING.
T  INDICATES TRACE AMOUNT.




$$
