000
CDUS44 KMEG 052146
CLIMEM


CLIMATE REPORT
NATIONAL WEATHER SERVICE MEMPHIS TN
446 PM CDT SUN JUL 5 2015


...................................

...THE MEMPHIS CLIMATE SUMMARY FOR JULY 5 2015...
VALID TODAY AS OF 0400 PM LOCAL TIME.

CLIMATE NORMAL PERIOD 1981 TO 2010
CLIMATE RECORD PERIOD 1872 TO 2015


WEATHER ITEM   OBSERVED TIME   RECORD YEAR NORMAL DEPARTURE LAST
                VALUE   (LST)  VALUE       VALUE  FROM      YEAR
                                                  NORMAL
..................................................................
TEMPERATURE (F)
 TODAY
  MAXIMUM         84    233 PM 104    1954  92     -8       86
  MINIMUM         69    535 AM  60    1968  74     -5       64
  AVERAGE         77                        82     -5       75

PRECIPITATION (IN)
  TODAY            0.00          2.73 1995   0.14  -0.14     0.00
  MONTH TO DATE    3.45                      0.67   2.78     0.10
  SINCE JUN 1      7.92                      4.30   3.62    13.50
  SINCE JAN 1     28.14                     28.58  -0.44    39.46

SNOWFALL (IN)
  TODAY            0.0

DEGREE DAYS
 HEATING
  TODAY            0                         0      0        0
  MONTH TO DATE    0                         0      0        0
  SINCE JUN 1      0                         0      0        0
  SINCE JUL 1      0                         0      0        0

 COOLING
  TODAY           12                        18     -6       10
  MONTH TO DATE   64                        86    -22       60
  SINCE JUN 1    541                       524     17      497
  SINCE JAN 1    895                       845     50      808
..................................................................


WIND (MPH)
  HIGHEST WIND SPEED    15   HIGHEST WIND DIRECTION     S (180)
  HIGHEST GUST SPEED    23   HIGHEST GUST DIRECTION     W (250)
  AVERAGE WIND SPEED     6.1


SKY COVER
  POSSIBLE SUNSHINE  MM
  AVERAGE SKY COVER 0.6


WEATHER CONDITIONS
 THE FOLLOWING WEATHER WAS RECORDED TODAY.
  FOG


RELATIVE HUMIDITY (PERCENT)
 HIGHEST    97           300 AM
 LOWEST     65           200 PM
 AVERAGE    81

..........................................................


THE MEMPHIS CLIMATE NORMALS FOR TOMORROW
                         NORMAL    RECORD    YEAR
 MAXIMUM TEMPERATURE (F)   92       102      2012
                                             1998
                                             1954
 MINIMUM TEMPERATURE (F)   74        58      1972


SUNRISE AND SUNSET
JULY  5 2015..........SUNRISE   551 AM CDT   SUNSET   818 PM CDT
JULY  6 2015..........SUNRISE   552 AM CDT   SUNSET   817 PM CDT


-  INDICATES NEGATIVE NUMBERS.
R  INDICATES RECORD WAS SET OR TIED.
MM INDICATES DATA IS MISSING.
T  INDICATES TRACE AMOUNT.




$$
