000
CDUS44 KMEG 170740
CLIMEM


CLIMATE REPORT
NATIONAL WEATHER SERVICE MEMPHIS TN
139 AM CST WED JAN 17 2018


...................................

...THE MEMPHIS CLIMATE SUMMARY FOR JANUARY 16 2018...

CLIMATE NORMAL PERIOD 1981 TO 2010
CLIMATE RECORD PERIOD 1872 TO 2018


WEATHER ITEM   OBSERVED TIME   RECORD YEAR NORMAL DEPARTURE LAST
                VALUE   (LST)  VALUE       VALUE  FROM      YEAR
                                                  NORMAL
..................................................................
TEMPERATURE (F)
 YESTERDAY
  MAXIMUM         26   1203 AM  77    1943  50    -24       69
  MINIMUM         10   1159 PM   3    1982  32    -22       50
  AVERAGE         18                        41    -23       60

PRECIPITATION (IN)
  YESTERDAY        0.07          2.97 1882   0.12  -0.05     0.07
  MONTH TO DATE    2.57                      2.07   0.50     2.50
  SINCE DEC 1      9.83                      7.81   2.02     9.83
  SINCE JAN 1      2.57                      2.07   0.50     2.50

SNOWFALL (IN)
  YESTERDAY        1.8           4.5  1888   0.1    1.7      0.0
  MONTH TO DATE    2.5                       1.0    1.5      2.0
  SINCE DEC 1      2.5                       1.2    1.3      2.0
  SINCE JUL 1      2.5                       1.2    1.3      2.0
  SNOW DEPTH       2

DEGREE DAYS
 HEATING
  YESTERDAY       47                        24     23        5
  MONTH TO DATE  518                       384    134      313
  SINCE DEC 1   1211                      1049    162      943
  SINCE JUL 1   1657                      1548    109     1213

 COOLING
  YESTERDAY        0                         0      0        0
  MONTH TO DATE    0                         0      0        1
  SINCE DEC 1      0                         2     -2        4
  SINCE JAN 1      0                         0      0        1
..................................................................


WIND (MPH)
  HIGHEST WIND SPEED    24   HIGHEST WIND DIRECTION     N (10)
  HIGHEST GUST SPEED    29   HIGHEST GUST DIRECTION     N (10)
  AVERAGE WIND SPEED    11.2


SKY COVER
  POSSIBLE SUNSHINE  MM
  AVERAGE SKY COVER 0.6


WEATHER CONDITIONS
 THE FOLLOWING WEATHER WAS RECORDED YESTERDAY.
  LIGHT SNOW
  FOG


RELATIVE HUMIDITY (PERCENT)
 HIGHEST    91           200 AM
 LOWEST     58           500 PM
 AVERAGE    75

..........................................................


THE MEMPHIS CLIMATE NORMALS FOR TODAY
                         NORMAL    RECORD    YEAR
 MAXIMUM TEMPERATURE (F)   50        72      2012
                                             1894
 MINIMUM TEMPERATURE (F)   32         0      1982


SUNRISE AND SUNSET
JANUARY 17 2018.......SUNRISE   707 AM CST   SUNSET   513 PM CST
JANUARY 18 2018.......SUNRISE   707 AM CST   SUNSET   514 PM CST


-  INDICATES NEGATIVE NUMBERS.
R  INDICATES RECORD WAS SET OR TIED.
MM INDICATES DATA IS MISSING.
T  INDICATES TRACE AMOUNT.




$$
