000
CDUS44 KMEG 280632
CLIMEM


CLIMATE REPORT
NATIONAL WEATHER SERVICE MEMPHIS TN
132 AM CDT FRI AUG 28 2015


...................................

...THE MEMPHIS CLIMATE SUMMARY FOR AUGUST 27 2015...

CLIMATE NORMAL PERIOD 1981 TO 2010
CLIMATE RECORD PERIOD 1872 TO 2015


WEATHER ITEM   OBSERVED TIME   RECORD YEAR NORMAL DEPARTURE LAST
                VALUE   (LST)  VALUE       VALUE  FROM      YEAR
                                                  NORMAL
..................................................................
TEMPERATURE (F)
 YESTERDAY
  MAXIMUM         85    307 PM 105    1943  91     -6       94
  MINIMUM         62    540 AM  58    1945  72    -10       75
                                      1927
  AVERAGE         74                        81     -7       85

PRECIPITATION (IN)
  YESTERDAY        0.00          1.80 1890   0.08  -0.08     0.00
  MONTH TO DATE    4.11                      2.58   1.53     0.93
  SINCE JUN 1     13.75                     10.80   2.95    16.89
  SINCE JAN 1     33.97                     35.08  -1.11    42.85

SNOWFALL (IN)
  YESTERDAY        0.0          MM      MM   0.0    0.0      0.0
  MONTH TO DATE    0.0                       0.0    0.0      0.0
  SINCE JUN 1      0.0                       0.0    0.0      0.0
  SINCE JUL 1      0.0                       0.0    0.0      0.0
  SNOW DEPTH       0

DEGREE DAYS
 HEATING
  YESTERDAY        0                         0      0        0
  MONTH TO DATE    0                         0      0        0
  SINCE JUN 1      0                         0      0        0
  SINCE JUL 1      0                         0      0        0

 COOLING
  YESTERDAY        9                        16     -7       20
  MONTH TO DATE  431                       467    -36      483
  SINCE JUN 1   1521                      1454     67     1327
  SINCE JAN 1   1875                      1775    100     1638
..................................................................


WIND (MPH)
  HIGHEST WIND SPEED    16   HIGHEST WIND DIRECTION    NE (40)
  HIGHEST GUST SPEED    24   HIGHEST GUST DIRECTION     N (20)
  AVERAGE WIND SPEED     6.0


SKY COVER
  POSSIBLE SUNSHINE  MM
  AVERAGE SKY COVER 0.2


WEATHER CONDITIONS
 THE FOLLOWING WEATHER WAS RECORDED YESTERDAY.
  NO SIGNIFICANT WEATHER WAS OBSERVED.


RELATIVE HUMIDITY (PERCENT)
 HIGHEST    78           500 AM
 LOWEST     37           300 PM
 AVERAGE    58

..........................................................


THE MEMPHIS CLIMATE NORMALS FOR TODAY
                         NORMAL    RECORD    YEAR
 MAXIMUM TEMPERATURE (F)   90       104      2000
 MINIMUM TEMPERATURE (F)   71        56      1967


SUNRISE AND SUNSET
AUGUST 28 2015........SUNRISE   629 AM CDT   SUNSET   732 PM CDT
AUGUST 29 2015........SUNRISE   630 AM CDT   SUNSET   731 PM CDT


-  INDICATES NEGATIVE NUMBERS.
R  INDICATES RECORD WAS SET OR TIED.
MM INDICATES DATA IS MISSING.
T  INDICATES TRACE AMOUNT.




$$
