000
CDUS44 KMEG 272145
CLIMEM


CLIMATE REPORT
NATIONAL WEATHER SERVICE MEMPHIS TN
445 PM CDT SAT AUG 27 2016


...................................

...THE MEMPHIS CLIMATE SUMMARY FOR AUGUST 27 2016...
VALID TODAY AS OF 0400 PM LOCAL TIME.

CLIMATE NORMAL PERIOD 1981 TO 2010
CLIMATE RECORD PERIOD 1872 TO 2016


WEATHER ITEM   OBSERVED TIME   RECORD YEAR NORMAL DEPARTURE LAST
                VALUE   (LST)  VALUE       VALUE  FROM      YEAR
                                                  NORMAL
..................................................................
TEMPERATURE (F)
 TODAY
  MAXIMUM         96    218 PM 105    1943  91      5       85
  MINIMUM         72    605 AM  58    1945  72      0       62
                                      1927
  AVERAGE         84                        81      3       74

PRECIPITATION (IN)
  TODAY            0.00          1.80 1890   0.08  -0.08     0.00
  MONTH TO DATE    5.53                      2.58   2.95     4.11
  SINCE JUN 1     14.72                     10.80   3.92    13.75
  SINCE JAN 1     49.81                     35.08  14.73    33.97

SNOWFALL (IN)
  TODAY            0.0

DEGREE DAYS
 HEATING
  TODAY            0                         0      0        0
  MONTH TO DATE    0                         0      0        0
  SINCE JUN 1      0                         0      0        0
  SINCE JUL 1      0                         0      0        0

 COOLING
  TODAY           19                        16      3        9
  MONTH TO DATE  523                       467     56      431
  SINCE JUN 1   1704                      1454    250     1521
  SINCE JAN 1   2009                      1775    234     1875
..................................................................


WIND (MPH)
  HIGHEST WIND SPEED     8   HIGHEST WIND DIRECTION    NE (60)
  HIGHEST GUST SPEED    17   HIGHEST GUST DIRECTION     W (290)
  AVERAGE WIND SPEED     2.4


SKY COVER
  POSSIBLE SUNSHINE  MM
  AVERAGE SKY COVER 0.3


WEATHER CONDITIONS
 THE FOLLOWING WEATHER WAS RECORDED TODAY.
  NO SIGNIFICANT WEATHER WAS OBSERVED.


RELATIVE HUMIDITY (PERCENT)
 HIGHEST    87          1200 AM
 LOWEST     43           200 PM
 AVERAGE    65

..........................................................


THE MEMPHIS CLIMATE NORMALS FOR TOMORROW
                         NORMAL    RECORD    YEAR
 MAXIMUM TEMPERATURE (F)   90       104      2000
 MINIMUM TEMPERATURE (F)   71        56      1967


SUNRISE AND SUNSET
AUGUST 27 2016........SUNRISE   629 AM CDT   SUNSET   733 PM CDT
AUGUST 28 2016........SUNRISE   630 AM CDT   SUNSET   731 PM CDT


-  INDICATES NEGATIVE NUMBERS.
R  INDICATES RECORD WAS SET OR TIED.
MM INDICATES DATA IS MISSING.
T  INDICATES TRACE AMOUNT.




$$
