000
CDUS44 KMEG 240731
CLIMEM


CLIMATE REPORT
NATIONAL WEATHER SERVICE MEMPHIS TN
131 AM CST FRI FEB 24 2017


...................................

...THE MEMPHIS CLIMATE SUMMARY FOR FEBRUARY 23 2017...

CLIMATE NORMAL PERIOD 1981 TO 2010
CLIMATE RECORD PERIOD 1872 TO 2017


WEATHER ITEM   OBSERVED TIME   RECORD YEAR NORMAL DEPARTURE LAST
                VALUE   (LST)  VALUE       VALUE  FROM      YEAR
                                                  NORMAL
..................................................................
TEMPERATURE (F)
 YESTERDAY
  MAXIMUM         77    426 PM  79    2012  57     20       54
  MINIMUM         54    653 AM  17    1989  38     16       46
  AVERAGE         66                        48     18       50

PRECIPITATION (IN)
  YESTERDAY        0.00          2.05 1909   0.17  -0.17     1.52
  MONTH TO DATE    1.14                      3.58  -2.44     5.39
  SINCE DEC 1     12.73                     13.30  -0.57    12.43
  SINCE JAN 1      5.40                      7.56  -2.16     7.66

SNOWFALL (IN)
  YESTERDAY        0.0           T    1999   0.1   -0.1      0.0
                                      1975
                                      1966
  MONTH TO DATE    0.0                       1.2   -1.2      0.0
  SINCE DEC 1      2.0                       3.3   -1.3      0.3
  SINCE JUL 1      2.0                       3.3   -1.3      0.3
  SNOW DEPTH       0

DEGREE DAYS
 HEATING
  YESTERDAY        0                        17    -17       15
  MONTH TO DATE  242                       465   -223      394
  SINCE DEC 1   1375                      1868   -493     1478
  SINCE JUL 1   1645                      2367   -722     1779

 COOLING
  YESTERDAY        1                         0      1        0
  MONTH TO DATE   18                         0     18        1
  SINCE DEC 1     23                         3     20       22
  SINCE JAN 1     20                         1     19        3
..................................................................


WIND (MPH)
  HIGHEST WIND SPEED    21   HIGHEST WIND DIRECTION     S (190)
  HIGHEST GUST SPEED    26   HIGHEST GUST DIRECTION    SW (240)
  AVERAGE WIND SPEED    10.3


SKY COVER
  POSSIBLE SUNSHINE  MM
  AVERAGE SKY COVER 0.2


WEATHER CONDITIONS
 THE FOLLOWING WEATHER WAS RECORDED YESTERDAY.
  NO SIGNIFICANT WEATHER WAS OBSERVED.


RELATIVE HUMIDITY (PERCENT)
 HIGHEST   100           500 AM
 LOWEST     46           500 PM
 AVERAGE    73

..........................................................


THE MEMPHIS CLIMATE NORMALS FOR TODAY
                         NORMAL    RECORD    YEAR
 MAXIMUM TEMPERATURE (F)   57        79      1890
 MINIMUM TEMPERATURE (F)   39        17      1914
                                             1910
                                             1889


SUNRISE AND SUNSET
FEBRUARY 24 2017......SUNRISE   635 AM CST   SUNSET   551 PM CST
FEBRUARY 25 2017......SUNRISE   634 AM CST   SUNSET   552 PM CST


-  INDICATES NEGATIVE NUMBERS.
R  INDICATES RECORD WAS SET OR TIED.
MM INDICATES DATA IS MISSING.
T  INDICATES TRACE AMOUNT.




$$
