000
CDUS44 KMEG 042147
CLIMEM


CLIMATE REPORT
NATIONAL WEATHER SERVICE MEMPHIS TN
446 PM CDT TUE AUG 4 2015


...................................

...THE MEMPHIS CLIMATE SUMMARY FOR AUGUST 4 2015...
VALID TODAY AS OF 0400 PM LOCAL TIME.

CLIMATE NORMAL PERIOD 1981 TO 2010
CLIMATE RECORD PERIOD 1872 TO 2015


WEATHER ITEM   OBSERVED TIME   RECORD YEAR NORMAL DEPARTURE LAST
                VALUE   (LST)  VALUE       VALUE  FROM      YEAR
                                                  NORMAL
..................................................................
TEMPERATURE (F)
 TODAY
  MAXIMUM         98    159 PM 104    2010  92      6       92
  MINIMUM         75    416 AM  58    1912  74      1       71
  AVERAGE         87                        83      4       82

PRECIPITATION (IN)
  TODAY            0.00          3.23 1978   0.11  -0.11     0.00
  MONTH TO DATE    0.00                      0.47  -0.47      T
  SINCE JUN 1      9.64                      8.69   0.95    15.96
  SINCE JAN 1     29.86                     32.97  -3.11    41.92

SNOWFALL (IN)
  TODAY            0.0

DEGREE DAYS
 HEATING
  TODAY            0                         0      0        0
  MONTH TO DATE    0                         0      0        0
  SINCE JUN 1      0                         0      0        0
  SINCE JUL 1      0                         0      0        0

 COOLING
  TODAY           22                        18      4       17
  MONTH TO DATE   86                        72     14       65
  SINCE JUN 1   1176                      1059    117      909
  SINCE JAN 1   1530                      1380    150     1220
..................................................................


WIND (MPH)
  HIGHEST WIND SPEED    12   HIGHEST WIND DIRECTION     S (190)
  HIGHEST GUST SPEED    17   HIGHEST GUST DIRECTION     W (250)
  AVERAGE WIND SPEED     2.1


SKY COVER
  POSSIBLE SUNSHINE  MM
  AVERAGE SKY COVER 0.5


WEATHER CONDITIONS
 THE FOLLOWING WEATHER WAS RECORDED TODAY.
  NO SIGNIFICANT WEATHER WAS OBSERVED.


RELATIVE HUMIDITY (PERCENT)
 HIGHEST    79           200 AM
 LOWEST     38           100 PM
 AVERAGE    59

..........................................................


THE MEMPHIS CLIMATE NORMALS FOR TOMORROW
                         NORMAL    RECORD    YEAR
 MAXIMUM TEMPERATURE (F)   92       103      1934
 MINIMUM TEMPERATURE (F)   74        60      1912
                                             1894
                                             1880


SUNRISE AND SUNSET
AUGUST  4 2015........SUNRISE   611 AM CDT   SUNSET   800 PM CDT
AUGUST  5 2015........SUNRISE   612 AM CDT   SUNSET   759 PM CDT


-  INDICATES NEGATIVE NUMBERS.
R  INDICATES RECORD WAS SET OR TIED.
MM INDICATES DATA IS MISSING.
T  INDICATES TRACE AMOUNT.




$$
