537
CDUS41 KCLE 170532
CLIMFD


CLIMATE REPORT
NATIONAL WEATHER SERVICE CLEVELAND OH
130 AM EDT TUE OCT 17 2017


...................................

...THE MANSFIELD OH CLIMATE SUMMARY FOR OCTOBER 16 2017...

CLIMATE NORMAL PERIOD 1981 TO 2010
CLIMATE RECORD PERIOD 1916 TO 2017


WEATHER ITEM   OBSERVED TIME   RECORD YEAR NORMAL DEPARTURE LAST
                VALUE   (LST)  VALUE       VALUE  FROM      YEAR
                                                  NORMAL
..................................................................
TEMPERATURE (F)
 YESTERDAY
  MAXIMUM         59    235 PM  85    1938  62     -3       77
  MINIMUM         39   1152 PM  21    1937  42     -3       61
  AVERAGE         49                        52     -3       69

PRECIPITATION (IN)
  YESTERDAY        0.00                      0.09  -0.09     0.18
  MONTH TO DATE    2.21                      1.51   0.70     0.45
  SINCE SEP 1      3.81                      4.83  -1.02     4.16
  SINCE JAN 1     40.39                     35.66   4.73    27.79

SNOWFALL (IN)
  YESTERDAY        0.0                       0.0    0.0      0.0
  MONTH TO DATE    0.0                       0.1   -0.1      0.0
  SINCE SEP 1      0.0                       0.1   -0.1      0.0
  SINCE JUL 1      0.0                       0.1   -0.1      0.0
  SNOW DEPTH       0

DEGREE DAYS
 HEATING
  YESTERDAY       16                        13      3        0
  MONTH TO DATE   45                       180   -135       99
  SINCE SEP 1    135                       305   -170      133
  SINCE JUL 1    149                       330   -181      134

 COOLING
  YESTERDAY        0                         0      0        4
  MONTH TO DATE   19                         5     14       12
  SINCE SEP 1    131                        68     63      158
  SINCE JAN 1    748                       630    118     1062
..................................................................


WIND (MPH)
  HIGHEST WIND SPEED    17   HIGHEST WIND DIRECTION    NW (310)
  HIGHEST GUST SPEED    20   HIGHEST GUST DIRECTION    NW (320)
  AVERAGE WIND SPEED     6.9


SKY COVER
  POSSIBLE SUNSHINE  MM
  AVERAGE SKY COVER 0.5


WEATHER CONDITIONS
 THE FOLLOWING WEATHER WAS RECORDED YESTERDAY.
  NO SIGNIFICANT WEATHER WAS OBSERVED.


RELATIVE HUMIDITY (PERCENT)
 HIGHEST    93           700 AM
 LOWEST     43           300 PM
 AVERAGE    68

..........................................................


THE MANSFIELD OH CLIMATE NORMALS FOR TODAY
                         NORMAL    RECORD    YEAR
 MAXIMUM TEMPERATURE (F)   61        85      1938
 MINIMUM TEMPERATURE (F)   41        25      1940


SUNRISE AND SUNSET
OCTOBER 17 2017.......SUNRISE   744 AM EDT   SUNSET   646 PM EDT
OCTOBER 18 2017.......SUNRISE   745 AM EDT   SUNSET   645 PM EDT


-  INDICATES NEGATIVE NUMBERS.
R  INDICATES RECORD WAS SET OR TIED.
MM INDICATES DATA IS MISSING.
T  INDICATES TRACE AMOUNT.




$$
