000
CDUS44 KBRO 122125
CLIMFE


CLIMATE REPORT
NATIONAL WEATHER SERVICE BROWNSVILLE TX
425 PM CDT SAT JUL 12 2014


...................................

...THE MCALLEN CLIMATE SUMMARY FOR JULY 12 2014...
VALID TODAY AS OF 0400 PM LOCAL TIME.

CLIMATE NORMAL PERIOD 1981 TO 2010
CLIMATE RECORD PERIOD 1941 TO 2014


WEATHER ITEM   OBSERVED TIME   RECORD YEAR NORMAL DEPARTURE LAST
                VALUE   (LST)  VALUE       VALUE  FROM      YEAR
                                                  NORMAL
..................................................................
TEMPERATURE (F)
 TODAY
  MAXIMUM         96    204 PM 103    2012  97     -1       98
                                      2009
                                      1998
  MINIMUM         75    634 AM  63    1974  76     -1       76
  AVERAGE         86                        86      0       87

PRECIPITATION (IN)
  TODAY            T             1.07 1974   0.08  -0.08     0.00
  MONTH TO DATE    0.60                      0.91  -0.31     0.80
  SINCE JUN 1      0.90                      3.49  -2.59     1.68
  SINCE JAN 1      3.78                     10.27  -6.49     5.10

SNOWFALL (IN)
  TODAY            0.0
  MONTH TO DATE    0.0
  SINCE JUN 1      0.0
  SINCE JUL 1      0.0
  SNOW DEPTH       0

DEGREE DAYS
 HEATING
  TODAY            0                         0      0        0
  MONTH TO DATE    0                         0      0        0
  SINCE JUN 1      0                         0      0        0
  SINCE JUL 1      0                         0      0        0

 COOLING
  TODAY           21                        22     -1       22
  MONTH TO DATE  242                       254    -12      251
  SINCE JUN 1    912                       882     30      928
  SINCE JAN 1   1968                      2137   -169     2224
..................................................................


WIND (MPH)
  HIGHEST WIND SPEED    22   HIGHEST WIND DIRECTION    SE (120)
  HIGHEST GUST SPEED    32   HIGHEST GUST DIRECTION    SE (120)
  AVERAGE WIND SPEED     8.2



WEATHER CONDITIONS
 THE FOLLOWING WEATHER WAS RECORDED TODAY.
  LIGHT RAIN
  FOG
  FOG W/VISIBILITY <= 1/4 MILE


..........................................................


THE MCALLEN CLIMATE NORMALS FOR TOMORROW
                         NORMAL    RECORD    YEAR
 MAXIMUM TEMPERATURE (F)   97       103      2009
                                             1996
                                             1998
 MINIMUM TEMPERATURE (F)   76        69      1971
                                             1976


SUNRISE AND SUNSET
JULY 12 2014..........SUNRISE   649 AM CDT   SUNSET   828 PM CDT
JULY 13 2014..........SUNRISE   649 AM CDT   SUNSET   828 PM CDT


-  INDICATES NEGATIVE NUMBERS.
R  INDICATES RECORD WAS SET OR TIED.
MM INDICATES DATA IS MISSING.
T  INDICATES TRACE AMOUNT.




$$
