000
CDUS44 KBRO 262130
CLIMFE


CLIMATE REPORT
NATIONAL WEATHER SERVICE BROWNSVILLE TX
430 PM CDT WED JUL 26 2017


...................................

...THE MCALLEN CLIMATE SUMMARY FOR JULY 26 2017...
VALID TODAY AS OF 0400 PM LOCAL TIME.

CLIMATE NORMAL PERIOD 1981 TO 2010
CLIMATE RECORD PERIOD 1961 TO 2017


WEATHER ITEM   OBSERVED TIME   RECORD YEAR NORMAL DEPARTURE LAST
                VALUE   (LST)  VALUE       VALUE  FROM      YEAR
                                                  NORMAL
..................................................................
TEMPERATURE (F)
 TODAY
  MAXIMUM         99   1211 PM 106    1986  98      1      102
  MINIMUM         77    545 AM  71    1988  77      0       81
                                      1976
                                      1968
  AVERAGE         88                        87      1       92

PRECIPITATION (IN)
  TODAY            0.01          1.41 2000   0.05  -0.04     0.00
  MONTH TO DATE    0.18                      1.76  -1.58     0.25
  SINCE JUN 1      0.36                      4.34  -3.98     0.49
  SINCE JAN 1      6.23                     11.12  -4.89     8.46

SNOWFALL (IN)
  TODAY            0.0
  MONTH TO DATE    0.0
  SINCE JUN 1      0.0
  SINCE JUL 1      0.0
  SNOW DEPTH       0

DEGREE DAYS
 HEATING
  TODAY            0                         0      0        0
  MONTH TO DATE    0                         0      0        0
  SINCE JUN 1      0                         0      0        0
  SINCE JUL 1      0                         0      0        0

 COOLING
  TODAY           23                        22      1       27
  MONTH TO DATE  644                       562     82      687
  SINCE JUN 1   1391                      1190    201     1344
  SINCE JAN 1   3330                      2445    885     2962
..................................................................


WIND (MPH)
  HIGHEST WIND SPEED    30   HIGHEST WIND DIRECTION    SE (140)
  HIGHEST GUST SPEED    35   HIGHEST GUST DIRECTION    SE (140)
  AVERAGE WIND SPEED    11.3



WEATHER CONDITIONS
 THE FOLLOWING WEATHER WAS RECORDED TODAY.
  LIGHT RAIN


..........................................................


THE MCALLEN CLIMATE NORMALS FOR TOMORROW
                         NORMAL    RECORD    YEAR
 MAXIMUM TEMPERATURE (F)   98       104      2009
                                             1994
 MINIMUM TEMPERATURE (F)   77        71      1968


SUNRISE AND SUNSET
JULY 26 2017..........SUNRISE   656 AM CDT   SUNSET   823 PM CDT
JULY 27 2017..........SUNRISE   656 AM CDT   SUNSET   822 PM CDT


-  INDICATES NEGATIVE NUMBERS.
R  INDICATES RECORD WAS SET OR TIED.
MM INDICATES DATA IS MISSING.
T  INDICATES TRACE AMOUNT.




$$
