663
CDUS44 KBRO 310627
CLIMFE


CLIMATE REPORT
NATIONAL WEATHER SERVICE BROWNSVILLE TX
126 AM CDT SUN JUL 31 2016


...................................

...THE MCALLEN CLIMATE SUMMARY FOR JULY 30 2016...

CLIMATE NORMAL PERIOD 1981 TO 2010
CLIMATE RECORD PERIOD 1961 TO 2016


WEATHER ITEM   OBSERVED TIME   RECORD YEAR NORMAL DEPARTURE LAST
                VALUE   (LST)  VALUE       VALUE  FROM      YEAR
                                                  NORMAL
..................................................................
TEMPERATURE (F)
 YESTERDAY
  MAXIMUM        103    406 PM 106    2009  98      5      104
  MINIMUM         78    535 AM  72    1977  77      1       78
  AVERAGE         91                        87      4

PRECIPITATION (IN)
  YESTERDAY        0.00          0.24 2004   0.05  -0.05     0.00
  MONTH TO DATE    0.25                      1.96  -1.71     0.25
  SINCE JUN 1      0.49                      4.54  -4.05     5.64
  SINCE JAN 1      8.46                     11.32  -2.86    17.11

DEGREE DAYS
 HEATING
  YESTERDAY        0                         0      0        0
  MONTH TO DATE    0                         0      0        0
  SINCE JUN 1      0                         0      0        0
  SINCE JUL 1      0                         0      0        0

 COOLING
  YESTERDAY       26                        22      4       26
  MONTH TO DATE  794                       650    144      730
  SINCE JUN 1   1451                      1278    173     1371
  SINCE JAN 1   3069                      2533    536     2616
..................................................................


WIND (MPH)
  HIGHEST WIND SPEED    26   HIGHEST WIND DIRECTION    SE (130)
  HIGHEST GUST SPEED    32   HIGHEST GUST DIRECTION    SE (120)
  AVERAGE WIND SPEED    12.1



WEATHER CONDITIONS
 THE FOLLOWING WEATHER WAS RECORDED YESTERDAY.
  THUNDERSTORM


RELATIVE HUMIDITY (PERCENT)
 HIGHEST    85
 LOWEST     36
 AVERAGE    61

..........................................................


THE MCALLEN CLIMATE NORMALS FOR TODAY
                         NORMAL    RECORD    YEAR
 MAXIMUM TEMPERATURE (F)   98       106      2009
 MINIMUM TEMPERATURE (F)   77        72      1965
                                             1961


SUNRISE AND SUNSET
JULY 31 2016..........SUNRISE   658 AM CDT   SUNSET   820 PM CDT
AUGUST  1 2016........SUNRISE   659 AM CDT   SUNSET   819 PM CDT


-  INDICATES NEGATIVE NUMBERS.
R  INDICATES RECORD WAS SET OR TIED.
MM INDICATES DATA IS MISSING.
T  INDICATES TRACE AMOUNT.

$$
