000
CDUS44 KBRO 080726
CLIMFE


CLIMATE REPORT
NATIONAL WEATHER SERVICE BROWNSVILLE TX
125 AM CST MON FEB 8 2016


...................................

...THE MCALLEN CLIMATE SUMMARY FOR FEBRUARY 7 2016...

CLIMATE NORMAL PERIOD 1981 TO 2010
CLIMATE RECORD PERIOD 1941 TO 2016


WEATHER ITEM   OBSERVED TIME   RECORD YEAR NORMAL DEPARTURE LAST
                VALUE   (LST)  VALUE       VALUE  FROM      YEAR
                                                  NORMAL
..................................................................
TEMPERATURE (F)
 YESTERDAY
  MAXIMUM         78    352 PM  88    1948  74      4       76
                                      1974
  MINIMUM         38    654 AM  30    1989  53    -15       54
  AVERAGE         58                        63     -5

PRECIPITATION (IN)
  YESTERDAY        0.00          0.64 2012   0.04  -0.04     0.00
  MONTH TO DATE    0.00                      0.31  -0.31     0.37
  SINCE DEC 1      0.44                      2.55  -2.11     1.39
  SINCE JAN 1      0.40                      1.36  -0.96     0.54

SNOWFALL (IN)
  YESTERDAY        0.0
  MONTH TO DATE    0.0
  SINCE DEC 1      0.0
  SINCE JUL 1      0.0

DEGREE DAYS
 HEATING
  YESTERDAY        7                         5      2        0
  MONTH TO DATE   31                        35     -4       48
  SINCE DEC 1    266                       402   -136      454
  SINCE JUL 1    300                       462   -162      583

 COOLING
  YESTERDAY        0                         3     -3        0
  MONTH TO DATE   17                        19     -2        6
  SINCE DEC 1    206                       164     42      106
  SINCE JAN 1     62                        81    -19       23
..................................................................


WIND (MPH)
  HIGHEST WIND SPEED    18   HIGHEST WIND DIRECTION    SE (130)
  HIGHEST GUST SPEED    21   HIGHEST GUST DIRECTION    SE (140)
  AVERAGE WIND SPEED     6.7



WEATHER CONDITIONS
 THE FOLLOWING WEATHER WAS RECORDED YESTERDAY.
  NO SIGNIFICANT WEATHER WAS OBSERVED.


RELATIVE HUMIDITY (PERCENT)
 HIGHEST    76
 LOWEST     15
 AVERAGE    46

..........................................................


THE MCALLEN CLIMATE NORMALS FOR TODAY
                         NORMAL    RECORD    YEAR
 MAXIMUM TEMPERATURE (F)   74        90      1962
                                             1963
 MINIMUM TEMPERATURE (F)   53        30      1989


SUNRISE AND SUNSET
FEBRUARY  8 2016......SUNRISE   714 AM CST   SUNSET   621 PM CST
FEBRUARY  9 2016......SUNRISE   713 AM CST   SUNSET   622 PM CST


-  INDICATES NEGATIVE NUMBERS.
R  INDICATES RECORD WAS SET OR TIED.
MM INDICATES DATA IS MISSING.
T  INDICATES TRACE AMOUNT.




$$
