900
CDUS44 KBRO 252133
CLIMFE


CLIMATE REPORT
NATIONAL WEATHER SERVICE BROWNSVILLE TX
432 PM CDT SUN SEP 25 2016


...................................

...THE MCALLEN CLIMATE SUMMARY FOR SEPTEMBER 25 2016...
VALID TODAY AS OF 0400 PM LOCAL TIME.

CLIMATE NORMAL PERIOD 1981 TO 2010
CLIMATE RECORD PERIOD 1961 TO 2016


WEATHER ITEM   OBSERVED TIME   RECORD YEAR NORMAL DEPARTURE LAST
                VALUE   (LST)  VALUE       VALUE  FROM      YEAR
                                                  NORMAL
..................................................................
TEMPERATURE (F)
 TODAY
  MAXIMUM        102    308 PM 104    2011  91     11       85
                                      2005
  MINIMUM         81    533 AM  59    1989  72      9       73
                                      1975
  AVERAGE         92                        81     11       79

PRECIPITATION (IN)
  TODAY            0.00          2.83 1965   0.12  -0.12     0.58
  MONTH TO DATE    0.68                      3.88  -3.20     4.89
  SINCE SEP 1      0.68                      3.88  -3.20     4.89
  SINCE JAN 1      9.98                     17.45  -7.47    24.65

DEGREE DAYS
 HEATING
  TODAY            0                         0      0        0
  MONTH TO DATE    0                         0      0        0
  SINCE SEP 1      0                         0      0        0
  SINCE JUL 1      0                         0      0        0

 COOLING
  TODAY           27                        16     11       14
  MONTH TO DATE  631                       470    161      531
  SINCE SEP 1    631                       470    161      531
  SINCE JAN 1   4533                      3721    812     3958
..................................................................


WIND (MPH)
  HIGHEST WIND SPEED    28   HIGHEST WIND DIRECTION    SE (130)
  HIGHEST GUST SPEED    36   HIGHEST GUST DIRECTION    SE (130)
  AVERAGE WIND SPEED    15.2



WEATHER CONDITIONS
 THE FOLLOWING WEATHER WAS RECORDED TODAY.
  NO SIGNIFICANT WEATHER WAS OBSERVED.


..........................................................


THE MCALLEN CLIMATE NORMALS FOR TOMORROW
                         NORMAL    RECORD    YEAR
 MAXIMUM TEMPERATURE (F)   91       103      2011
 MINIMUM TEMPERATURE (F)   71        58      1991


SUNRISE AND SUNSET
SEPTEMBER 25 2016.....SUNRISE   723 AM CDT   SUNSET   725 PM CDT
SEPTEMBER 26 2016.....SUNRISE   723 AM CDT   SUNSET   724 PM CDT


-  INDICATES NEGATIVE NUMBERS.
R  INDICATES RECORD WAS SET OR TIED.
MM INDICATES DATA IS MISSING.
T  INDICATES TRACE AMOUNT.

$$
