000
CDUS44 KBRO 262128
CLIMFE


CLIMATE REPORT
NATIONAL WEATHER SERVICE BROWNSVILLE TX
426 PM CDT FRI MAY 26 2017


...................................

...THE MCALLEN CLIMATE SUMMARY FOR MAY 26 2017...
VALID TODAY AS OF 0400 PM LOCAL TIME.

CLIMATE NORMAL PERIOD 1981 TO 2010
CLIMATE RECORD PERIOD 1961 TO 2017


WEATHER ITEM   OBSERVED TIME   RECORD YEAR NORMAL DEPARTURE LAST
                VALUE   (LST)  VALUE       VALUE  FROM      YEAR
                                                  NORMAL
..................................................................
TEMPERATURE (F)
 TODAY
  MAXIMUM        102R   235 PM  99    2000  94      8       94
  MINIMUM         81    146 AM  66    1967  74      7       77
  AVERAGE         92                        84      8       86

PRECIPITATION (IN)
  TODAY            0.00          0.29 1961   0.07  -0.07      T
  MONTH TO DATE    0.31                      1.86  -1.55     4.98
  SINCE MAR 1      3.56                      4.23  -0.67     5.60
  SINCE JAN 1      5.19                      6.39  -1.20     6.00

SNOWFALL (IN)
  TODAY            0.0
  MONTH TO DATE    0.0
  SINCE MAR 1      0.0
  SINCE JUL 1      0.0
  SNOW DEPTH       0

DEGREE DAYS
 HEATING
  TODAY            0                         0      0        0
  MONTH TO DATE    0                         0      0        0
  SINCE MAR 1      1                        46    -45        7
  SINCE JUL 1    189                       579   -390      318

 COOLING
  TODAY           27                        19      8       21
  MONTH TO DATE  502                       428     74      483
  SINCE MAR 1   1350                      1000    350     1305
  SINCE JAN 1   1831                      1159    672     1510
..................................................................


WIND (MPH)
  HIGHEST WIND SPEED    28   HIGHEST WIND DIRECTION    SE (140)
  HIGHEST GUST SPEED    33   HIGHEST GUST DIRECTION    SE (140)
  AVERAGE WIND SPEED    18.2



WEATHER CONDITIONS
 THE FOLLOWING WEATHER WAS RECORDED TODAY.
  NO SIGNIFICANT WEATHER WAS OBSERVED.


..........................................................


THE MCALLEN CLIMATE NORMALS FOR TOMORROW
                         NORMAL    RECORD    YEAR
 MAXIMUM TEMPERATURE (F)   94       107      1973
 MINIMUM TEMPERATURE (F)   74        58      1967


SUNRISE AND SUNSET
MAY 26 2017...........SUNRISE   642 AM CDT   SUNSET   818 PM CDT
MAY 27 2017...........SUNRISE   642 AM CDT   SUNSET   819 PM CDT


-  INDICATES NEGATIVE NUMBERS.
R  INDICATES RECORD WAS SET OR TIED.
MM INDICATES DATA IS MISSING.
T  INDICATES TRACE AMOUNT.




$$
