000
CDUS44 KBRO 282312
CLIMFE


CLIMATE REPORT
NATIONAL WEATHER SERVICE BROWNSVILLE TX
509 PM CST FRI NOV 28 2014


...................................

...THE MCALLEN CLIMATE SUMMARY FOR NOVEMBER 28 2014...
VALID TODAY AS OF 0400 PM LOCAL TIME.

CLIMATE NORMAL PERIOD 1981 TO 2010
CLIMATE RECORD PERIOD 1941 TO 2014


WEATHER ITEM   OBSERVED TIME   RECORD YEAR NORMAL DEPARTURE LAST
                VALUE   (LST)  VALUE       VALUE  FROM      YEAR
                                                  NORMAL
..................................................................
TEMPERATURE (F)
 TODAY
  MAXIMUM         77    359 PM  93    1949  76      1       65
  MINIMUM         49    730 AM  35    1896  55     -6       37
  AVERAGE         63                        66     -3       51

PRECIPITATION (IN)
  TODAY            0.00          0.82 1952   0.03  -0.03     0.00
  MONTH TO DATE    0.56                      0.84  -0.28     3.16
  SINCE SEP 1     12.41                      7.39   5.02     9.53
  SINCE JAN 1     19.27                     20.96  -1.69    15.47

SNOWFALL (IN)
  TODAY            0.0
  MONTH TO DATE    0.0
  SINCE SEP 1      0.0
  SINCE JUL 1      0.0
  SNOW DEPTH       0

DEGREE DAYS
 HEATING
  TODAY            2                         3     -1       14
  MONTH TO DATE  129                        49     80      122
  SINCE SEP 1    129                        54     75      122
  SINCE JUL 1    129                        54     75      122

 COOLING
  TODAY            0                         4     -4        0
  MONTH TO DATE   65                       179   -114      169
  SINCE SEP 1   1029                      1110    -81     1147
  SINCE JAN 1   4224                      4361   -137     4534
..................................................................


WIND (MPH)
  HIGHEST WIND SPEED    18   HIGHEST WIND DIRECTION     S (160)
  HIGHEST GUST SPEED    24   HIGHEST GUST DIRECTION    SE (130)
  AVERAGE WIND SPEED     5.4



WEATHER CONDITIONS
 THE FOLLOWING WEATHER WAS RECORDED TODAY.
  FOG
  FOG W/VISIBILITY <= 1/4 MILE


..........................................................


THE MCALLEN CLIMATE NORMALS FOR TOMORROW
                         NORMAL    RECORD    YEAR
 MAXIMUM TEMPERATURE (F)   76        93      2010
 MINIMUM TEMPERATURE (F)   55        30      1896


SUNRISE AND SUNSET
NOVEMBER 28 2014......SUNRISE   701 AM CST   SUNSET   541 PM CST
NOVEMBER 29 2014......SUNRISE   702 AM CST   SUNSET   541 PM CST


-  INDICATES NEGATIVE NUMBERS.
R  INDICATES RECORD WAS SET OR TIED.
MM INDICATES DATA IS MISSING.
T  INDICATES TRACE AMOUNT.




$$
