000
CDUS46 KMFR 281806
CLIMFR

CLIMATE REPORT
NATIONAL WEATHER SERVICE MEDFORD, OR
136 AM PDT WED SEP 28 2016


...................................

...THE MEDFORD OR CLIMATE SUMMARY FOR SEPTEMBER 27 2016...

CLIMATE NORMAL PERIOD 1981 TO 2010
CLIMATE RECORD PERIOD 1911 TO 2016


WEATHER ITEM   OBSERVED TIME   RECORD YEAR NORMAL DEPARTURE LAST
                VALUE   (LST)  VALUE       VALUE  FROM      YEAR
                                                  NORMAL
..................................................................
TEMPERATURE (F)
 YESTERDAY
  MAXIMUM         92    431 PM 102    2003  80     12       80
                                      1963
  MINIMUM         54    603 AM  32    1929  47      7       53
                                      1926
  AVERAGE         73                        63     10       67

PRECIPITATION (IN)
  YESTERDAY        0.00          0.80 1977   0.02  -0.02     0.00
  MONTH TO DATE    0.01                      0.50  -0.49     0.25
  SINCE OCT 1     19.78                     18.28   1.50    14.57
  SINCE JAN 1     10.02                     10.64  -0.62     7.72

SNOWFALL (IN)
  YESTERDAY        0.0                       0.0    0.0      0.0
  MONTH TO DATE    0.0                       0.0    0.0      0.0
  SINCE JUL 1      0.0                       0.0    0.0      0.0
  SNOW DEPTH       0

DEGREE DAYS
 HEATING
  YESTERDAY        0                         4     -4        0
  MONTH TO DATE   34                        48    -14       40
  SINCE SEP 1     34                        48    -14       40
  SINCE JUL 1     36                        58    -22       40

 COOLING
  YESTERDAY        8                         2      6        2
  MONTH TO DATE  100                       107     -7      120
  SINCE SEP 1    100                       107     -7      120
  SINCE JAN 1   1045                       814    231     1250
..................................................................


WIND (MPH)
  HIGHEST WIND SPEED     9   HIGHEST WIND DIRECTION    NW (300)
  HIGHEST GUST SPEED    12   HIGHEST GUST DIRECTION    NW (300)
  AVERAGE WIND SPEED     2.8


SKY COVER
  POSSIBLE SUNSHINE  MM
  AVERAGE SKY COVER 0.0


WEATHER CONDITIONS
 THE FOLLOWING WEATHER WAS RECORDED YESTERDAY.
  NO SIGNIFICANT WEATHER WAS OBSERVED.


RELATIVE HUMIDITY (PERCENT)
 HIGHEST    77           500 AM
 LOWEST     20           400 PM
 AVERAGE    49

..........................................................


THE MEDFORD OR CLIMATE NORMALS FOR TODAY
                         NORMAL    RECORD    YEAR
 MAXIMUM TEMPERATURE (F)   80        94      2003
                                             1996
                                             1992
 MINIMUM TEMPERATURE (F)   47        31      1929


SUNRISE AND SUNSET
SEPTEMBER 28 2016.....SUNRISE   706 AM PDT   SUNSET   657 PM PDT
SEPTEMBER 29 2016.....SUNRISE   707 AM PDT   SUNSET   655 PM PDT


-  INDICATES NEGATIVE NUMBERS.
R  INDICATES RECORD WAS SET OR TIED.
MM INDICATES DATA IS MISSING.
T  INDICATES TRACE AMOUNT.

&&

LOW TEMPERATURE THIS MORNING....55 DEGREES
24-HOUR PRECIPITATION...........NONE

$$
