000
CDUS46 KMFR 261204
CLIMFR

CLIMATE REPORT
NATIONAL WEATHER SERVICE MEDFORD, OR
403 AM PDT THU MAR 26 2015


...................................

...THE MEDFORD OR CLIMATE SUMMARY FOR MARCH 25 2015...

CLIMATE NORMAL PERIOD 1981 TO 2010
CLIMATE RECORD PERIOD 1911 TO 2015


WEATHER ITEM   OBSERVED TIME   RECORD YEAR NORMAL DEPARTURE LAST
                VALUE   (LST)  VALUE       VALUE  FROM      YEAR
                                                  NORMAL
..................................................................
TEMPERATURE (F)
 YESTERDAY
  MAXIMUM         70    417 PM  80    1997  61      9       62
  MINIMUM         42    525 AM  25    1964  38      4       43
  AVERAGE         56                        49      7       53

PRECIPITATION (IN)
  YESTERDAY        0.00          0.66 1957   0.05  -0.05     0.01
  MONTH TO DATE    1.32                      1.40  -0.08     2.48
  SINCE OCT 1     12.62                     13.48  -0.86     9.49
  SINCE JAN 1      5.77                      5.84  -0.07     7.81

SNOWFALL (IN)
  YESTERDAY        0.0                       0.0    0.0      0.0
  MONTH TO DATE    0.0                       0.5   -0.5      0.0
  SINCE JUL 1      T                         4.1   -4.1      3.4
  SNOW DEPTH       0

DEGREE DAYS
 HEATING
  YESTERDAY        9                        16     -7       12
  MONTH TO DATE  305                       428   -123      331
  SINCE MAR 1    305                       428   -123      331
  SINCE JUL 1   2745                      3542   -797     3701

 COOLING
  YESTERDAY        0                         0      0        0
  MONTH TO DATE    0                         0      0        0
  SINCE MAR 1      0                         0      0        0
  SINCE JAN 1      0                         0      0        0
..................................................................


WIND (MPH)
  HIGHEST WIND SPEED     7   HIGHEST WIND DIRECTION     N (360)
  HIGHEST GUST SPEED    14   HIGHEST GUST DIRECTION     N (350)
  AVERAGE WIND SPEED     3.1


SKY COVER
  POSSIBLE SUNSHINE  MM
  AVERAGE SKY COVER 0.4


WEATHER CONDITIONS
 THE FOLLOWING WEATHER WAS RECORDED YESTERDAY.
  FOG


RELATIVE HUMIDITY (PERCENT)
 HIGHEST    93           100 AM
 LOWEST     32           600 PM
 AVERAGE    63

..........................................................


THE MEDFORD OR CLIMATE NORMALS FOR TODAY
                         NORMAL    RECORD    YEAR
 MAXIMUM TEMPERATURE (F)   61        80      1923
 MINIMUM TEMPERATURE (F)   38        23      1914


SUNRISE AND SUNSET
MARCH 26 2015.........SUNRISE   705 AM PDT   SUNSET   730 PM PDT
MARCH 27 2015.........SUNRISE   703 AM PDT   SUNSET   732 PM PDT


-  INDICATES NEGATIVE NUMBERS.
R  INDICATES RECORD WAS SET OR TIED.
MM INDICATES DATA IS MISSING.
T  INDICATES TRACE AMOUNT.

&&

LOW TEMPERATURE THIS MORNING...45 DEGREES
24-HOUR PRECIPITATION...........0

$$
