000
CDUS46 KMFR 231303
CLIMFR

CLIMATE REPORT
NATIONAL WEATHER SERVICE MEDFORD, OR
139 AM PDT TUE SEP 23 2014


...................................

...THE MEDFORD OR CLIMATE SUMMARY FOR SEPTEMBER 22 2014...

CLIMATE NORMAL PERIOD 1981 TO 2010
CLIMATE RECORD PERIOD 1911 TO 2014


WEATHER ITEM   OBSERVED TIME   RECORD YEAR NORMAL DEPARTURE LAST
                VALUE   (LST)  VALUE       VALUE  FROM      YEAR
                                                  NORMAL
..................................................................
TEMPERATURE (F)
 YESTERDAY
  MAXIMUM         88    353 PM 102    1987  82      6       65
  MINIMUM         58    635 AM  33    1961  48     10       51
  AVERAGE         73                        65      8       58

PRECIPITATION (IN)
  YESTERDAY        0.00          0.38 1923   0.02  -0.02     0.10
  MONTH TO DATE    T                         0.39  -0.39     1.13
  SINCE SEP 1      T                         0.39  -0.39     1.13
  SINCE JAN 1     11.39                     10.53   0.86     5.68

SNOWFALL (IN)
  YESTERDAY        0.0                       0.0    0.0      0.0
  MONTH TO DATE    0.0                       0.0    0.0      0.0
  SINCE JUL 1      0.0                       0.0    0.0      0.0
  SNOW DEPTH       0

DEGREE DAYS
 HEATING
  YESTERDAY        0                         3     -3        7
  MONTH TO DATE    0                        32    -32       23
  SINCE SEP 1      0                        32    -32       23
  SINCE JUL 1      0                        42    -42       23

 COOLING
  YESTERDAY        8                         3      5        0
  MONTH TO DATE  195                        96     99      142
  SINCE SEP 1    195                        96     99      142
  SINCE JAN 1   1209                       803    406     1057
..................................................................


WIND (MPH)
  HIGHEST WIND SPEED    17   HIGHEST WIND DIRECTION    NW (300)
  HIGHEST GUST SPEED    23   HIGHEST GUST DIRECTION    NW (310)
  AVERAGE WIND SPEED     4.6


SKY COVER
  POSSIBLE SUNSHINE  MM
  AVERAGE SKY COVER 0.2


WEATHER CONDITIONS
 THE FOLLOWING WEATHER WAS RECORDED YESTERDAY.

  HAZE


RELATIVE HUMIDITY (PERCENT)
 HIGHEST    60           600 AM
 LOWEST     21           200 PM
 AVERAGE    41

..........................................................


THE MEDFORD OR CLIMATE NORMALS FOR TODAY
                         NORMAL    RECORD    YEAR
 MAXIMUM TEMPERATURE (F)   81       100      1943
 MINIMUM TEMPERATURE (F)   48        33      1913


SUNRISE AND SUNSET
SEPTEMBER 23 2014.....SUNRISE   700 AM PDT   SUNSET   707 PM PDT
SEPTEMBER 24 2014.....SUNRISE   701 AM PDT   SUNSET   705 PM PDT


-  INDICATES NEGATIVE NUMBERS.
R  INDICATES RECORD WAS SET OR TIED.
MM INDICATES DATA IS MISSING.
T  INDICATES TRACE AMOUNT.



&&

LOW TEMPERATURE THIS MORNING.....59
24-HOUR PRECIPITATION............0.00

$$
