000
CDUS46 KMFR 310840
CLIMFR


CLIMATE REPORT
NATIONAL WEATHER SERVICE MEDFORD, OR
139 AM PDT MON AUG 31 2015


...................................

...THE MEDFORD OR CLIMATE SUMMARY FOR AUGUST 30 2015...

CLIMATE NORMAL PERIOD 1981 TO 2010
CLIMATE RECORD PERIOD 1911 TO 2015


WEATHER ITEM   OBSERVED TIME   RECORD YEAR NORMAL DEPARTURE LAST
                VALUE   (LST)  VALUE       VALUE  FROM      YEAR
                                                  NORMAL
..................................................................
TEMPERATURE (F)
 YESTERDAY
  MAXIMUM         75    116 PM 106    1987  88    -13       85
  MINIMUM         59   1127 PM  40    1912  54      5       57
  AVERAGE         67                        71     -4       71

PRECIPITATION (IN)
  YESTERDAY        0.00          0.49 1983   0.01  -0.01     0.00
  MONTH TO DATE    0.04                      0.38  -0.34     0.63
  SINCE OCT 1     14.32                     17.76  -3.44    13.07
  SINCE JAN 1      7.47                     10.12  -2.65    11.39

SNOWFALL (IN)
  YESTERDAY        0.0                       0.0    0.0      0.0
  MONTH TO DATE    0.0                       0.0    0.0      0.0
  SINCE JUL 1      0.0                       0.0    0.0      0.0
  SNOW DEPTH       0

DEGREE DAYS
 HEATING
  YESTERDAY        0                         0      0        0
  MONTH TO DATE    0                         0      0        0
  SINCE JUN 1     10                        60    -50       22
  SINCE JUL 1      0                         6     -6        0

 COOLING
  YESTERDAY        2                         6     -4        6
  MONTH TO DATE  345                       270     75      370
  SINCE JUN 1   1081                       664    417      952
  SINCE JAN 1   1126                       702    424     1008
..................................................................


WIND (MPH)
  HIGHEST WIND SPEED    23   HIGHEST WIND DIRECTION    NW (320)
  HIGHEST GUST SPEED    29   HIGHEST GUST DIRECTION    NW (330)
  AVERAGE WIND SPEED     6.8


SKY COVER
  POSSIBLE SUNSHINE  MM
  AVERAGE SKY COVER 0.6


WEATHER CONDITIONS
 THE FOLLOWING WEATHER WAS RECORDED YESTERDAY.
  NO SIGNIFICANT WEATHER WAS OBSERVED.


RELATIVE HUMIDITY (PERCENT)
 HIGHEST    69           700 AM
 LOWEST     38           500 PM
 AVERAGE    54

..........................................................


THE MEDFORD OR CLIMATE NORMALS FOR TODAY
                         NORMAL    RECORD    YEAR
 MAXIMUM TEMPERATURE (F)   88       104      1998
 MINIMUM TEMPERATURE (F)   54        41      1975
                                             1932


SUNRISE AND SUNSET
AUGUST 31 2015........SUNRISE   635 AM PDT   SUNSET   747 PM PDT
SEPTEMBER  1 2015.....SUNRISE   636 AM PDT   SUNSET   746 PM PDT


-  INDICATES NEGATIVE NUMBERS.
R  INDICATES RECORD WAS SET OR TIED.
MM INDICATES DATA IS MISSING.
T  INDICATES TRACE AMOUNT.




$$
