000
CDUS46 KMFR 261210
CLIMFR

CLIMATE REPORT
NATIONAL WEATHER SERVICE MEDFORD, OR
505 AM PDT SAT JUL 26 2014


...................................

...THE MEDFORD OR CLIMATE SUMMARY FOR JULY 25 2014...

CLIMATE NORMAL PERIOD 1981 TO 2010
CLIMATE RECORD PERIOD 1911 TO 2014


WEATHER ITEM   OBSERVED TIME   RECORD YEAR NORMAL DEPARTURE LAST
                VALUE   (LST)  VALUE       VALUE  FROM      YEAR
                                                  NORMAL
..................................................................
TEMPERATURE (F)
 YESTERDAY
  MAXIMUM         92    458 PM 107    1988  93     -1      106
  MINIMUM         52    452 AM  46    1920  59     -7       70
  AVERAGE         72                        76     -4       88

PRECIPITATION (IN)
  YESTERDAY        0.00          0.17 1913   0.01  -0.01     0.00
  MONTH TO DATE    0.10                      0.23  -0.13     0.00
  SINCE SEP 1     15.20                     17.90  -2.70    16.88
  SINCE JAN 1     10.76                      9.69   1.07     4.13

SNOWFALL (IN)
  YESTERDAY        0.0                       0.0    0.0      0.0
  MONTH TO DATE    0.0                       0.0    0.0      0.0
  SINCE JUL 1      0.0                       0.0    0.0      0.0
  SNOW DEPTH       0

DEGREE DAYS
 HEATING
  YESTERDAY        0                         0      0        0
  MONTH TO DATE    0                         1     -1        0
  SINCE JUN 1     22                        55    -33       35
  SINCE JUL 1      0                         1     -1        0

 COOLING
  YESTERDAY        7                        11     -4       23
  MONTH TO DATE  363                       222    141      365
  SINCE JUN 1    474                       330    144      511
  SINCE JAN 1    530                       368    162      546
..................................................................


WIND (MPH)
  HIGHEST WIND SPEED    18   HIGHEST WIND DIRECTION     N (360)
  HIGHEST GUST SPEED    23   HIGHEST GUST DIRECTION     N (360)
  AVERAGE WIND SPEED     3.9


SKY COVER
  POSSIBLE SUNSHINE  MM
  AVERAGE SKY COVER 0.0


WEATHER CONDITIONS
 THE FOLLOWING WEATHER WAS RECORDED YESTERDAY.

  NO SIGNIFICANT WEATHER WAS OBSERVED.


RELATIVE HUMIDITY (PERCENT)
 HIGHEST    83           500 AM
 LOWEST     16           300 PM
 AVERAGE    50

..........................................................


THE MEDFORD OR CLIMATE NORMALS FOR TODAY
                         NORMAL    RECORD    YEAR
 MAXIMUM TEMPERATURE (F)   93       108      1939
 MINIMUM TEMPERATURE (F)   59        41      1919


SUNRISE AND SUNSET
JULY 26 2014..........SUNRISE   558 AM PDT   SUNSET   837 PM PDT
JULY 27 2014..........SUNRISE   559 AM PDT   SUNSET   836 PM PDT


-  INDICATES NEGATIVE NUMBERS.
R  INDICATES RECORD WAS SET OR TIED.
MM INDICATES DATA IS MISSING.
T  INDICATES TRACE AMOUNT.

&&

LOW TEMPERATURE SINCE MIDNIGHT...57
24 HOUR PRECIPITATION............0.00

$$
