000
CDUS46 KMFR 191804
CLIMFR

CLIMATE REPORT
NATIONAL WEATHER SERVICE MEDFORD, OR
1005 AM PST FRI DEC 19 2014


...................................

...THE MEDFORD OR CLIMATE SUMMARY FOR DECEMBER 18 2014...

CLIMATE NORMAL PERIOD 1981 TO 2010
CLIMATE RECORD PERIOD 1911 TO 2014


WEATHER ITEM   OBSERVED TIME   RECORD YEAR NORMAL DEPARTURE LAST
                VALUE   (LST)  VALUE       VALUE  FROM      YEAR
                                                  NORMAL
..................................................................
TEMPERATURE (F)
 YESTERDAY
  MAXIMUM         54    900 PM  64    1931  45      9       36
  MINIMUM         38    334 AM   9    1924  32      6       27
  AVERAGE         46                        39      7       32

PRECIPITATION (IN)
  YESTERDAY        0.09          0.70 1940   0.12  -0.03      T
  MONTH TO DATE    1.01                      2.09  -1.08     0.34
  SINCE SEP 1      7.59                      6.81   0.78     4.42
  SINCE JAN 1     18.98                     16.95   2.03     8.97

SNOWFALL (IN)
  YESTERDAY        0.0                       0.1   -0.1       T
  MONTH TO DATE    0.0                       0.7   -0.7      3.4
  SINCE JUL 1      0.0                       0.9   -0.9      3.4
  SNOW DEPTH       0

DEGREE DAYS
 HEATING
  YESTERDAY       19                        26     -7       33
  MONTH TO DATE  319                       456   -137      657
  SINCE DEC 1    319                       456   -137      657
  SINCE JUL 1    993                      1425   -432     1708

 COOLING
  YESTERDAY        0                         0      0        0
  MONTH TO DATE    0                         0      0        0
  SINCE DEC 1      0                         0      0        0
  SINCE JAN 1   1238                       829    409     1057
..................................................................


WIND (MPH)
  HIGHEST WIND SPEED    25   HIGHEST WIND DIRECTION    SE (150)
  HIGHEST GUST SPEED    32   HIGHEST GUST DIRECTION    SE (140)
  AVERAGE WIND SPEED     4.1


SKY COVER
  POSSIBLE SUNSHINE  MM
  AVERAGE SKY COVER 0.9


WEATHER CONDITIONS
 THE FOLLOWING WEATHER WAS RECORDED YESTERDAY.
  LIGHT RAIN
  FOG
  FOG W/VISIBILITY <= 1/4 MILE
  HAZE


RELATIVE HUMIDITY (PERCENT)
 HIGHEST   100           400 AM
 LOWEST     59           700 PM
 AVERAGE    80

..........................................................


THE MEDFORD OR CLIMATE NORMALS FOR TODAY
                         NORMAL    RECORD    YEAR
 MAXIMUM TEMPERATURE (F)   45        65      2003
                                             1953
 MINIMUM TEMPERATURE (F)   32         9      1924


SUNRISE AND SUNSET
DECEMBER 19 2014......SUNRISE   736 AM PST   SUNSET   441 PM PST
DECEMBER 20 2014......SUNRISE   737 AM PST   SUNSET   441 PM PST


-  INDICATES NEGATIVE NUMBERS.
R  INDICATES RECORD WAS SET OR TIED.
MM INDICATES DATA IS MISSING.
T  INDICATES TRACE AMOUNT.

&&

LOW TEMPERATURE THIS MORNING......44
24-HOUR PRECIPITATION...........0.26

$$
