000
CDUS46 KMFR 271208
CLIMFR

CLIMATE REPORT
NATIONAL WEATHER SERVICE MEDFORD, OR
0410 AM PST FRI FEB 27 2015


...................................

...THE MEDFORD OR CLIMATE SUMMARY FOR FEBRUARY 26 2015...

CLIMATE NORMAL PERIOD 1981 TO 2010
CLIMATE RECORD PERIOD 1911 TO 2015


WEATHER ITEM   OBSERVED TIME   RECORD YEAR NORMAL DEPARTURE LAST
                VALUE   (LST)  VALUE       VALUE  FROM      YEAR
                                                  NORMAL
..................................................................
TEMPERATURE (F)
 YESTERDAY
  MAXIMUM         52    150 PM  79    1992  57     -5       68
  MINIMUM         34    530 AM  10    1962  35     -1       45
  AVERAGE         43                        46     -3       57

PRECIPITATION (IN)
  YESTERDAY        0.13          0.87 1957   0.07   0.06     0.01
  MONTH TO DATE    2.81                      1.87   0.94     4.53
  SINCE OCT 1     10.91                     11.94  -1.03     6.99
  SINCE JAN 1      4.06                      4.30  -0.24     5.31

SNOWFALL (IN)
  YESTERDAY       MM                         0.1   MM        0.0
  MONTH TO DATE    0.0                       0.6   -0.6       T
  SINCE JUL 1      T                         3.6   -3.6      3.4
  SNOW DEPTH       0

DEGREE DAYS
 HEATING
  YESTERDAY       22                        19      3        8
  MONTH TO DATE  436                       544   -108      488
  SINCE DEC 1   1731                      2107   -376     2290
  SINCE JUL 1   2405                      3076   -671     3341

 COOLING
  YESTERDAY        0                         0      0        0
  MONTH TO DATE    0                         0      0        0
  SINCE DEC 1      0                         0      0        0
  SINCE JAN 1      0                         0      0        0
..................................................................


WIND (MPH)
  HIGHEST WIND SPEED     7   HIGHEST WIND DIRECTION    SW (240)
  HIGHEST GUST SPEED    12   HIGHEST GUST DIRECTION     W (250)
  AVERAGE WIND SPEED     2.4


SKY COVER
  POSSIBLE SUNSHINE  MM
  AVERAGE SKY COVER 0.8


WEATHER CONDITIONS
 THE FOLLOWING WEATHER WAS RECORDED YESTERDAY.
  LIGHT RAIN
  FOG


RELATIVE HUMIDITY (PERCENT)
 HIGHEST    93           600 PM
 LOWEST     59          1200 PM
 AVERAGE    76

..........................................................


THE MEDFORD OR CLIMATE NORMALS FOR TODAY
                         NORMAL    RECORD    YEAR
 MAXIMUM TEMPERATURE (F)   57        75      1992
                                             1990
 MINIMUM TEMPERATURE (F)   35        13      1962


SUNRISE AND SUNSET
FEBRUARY 27 2015......SUNRISE   650 AM PST   SUNSET   559 PM PST
FEBRUARY 28 2015......SUNRISE   649 AM PST   SUNSET   600 PM PST


-  INDICATES NEGATIVE NUMBERS.
R  INDICATES RECORD WAS SET OR TIED.
MM INDICATES DATA IS MISSING.
T  INDICATES TRACE AMOUNT.

&&

LOW TEMPERATURE THIS MORNING....45
24-HOUR PRECIPITATION.........0.14

$$
