000
CDUS44 KBMX 280042
CLIMGM


CLIMATE REPORT
NATIONAL WEATHER SERVICE BIRMINGHAM, AL
742 PM CDT WED JUL 27 2016


...................................

...THE MONTGOMERY CLIMATE SUMMARY FOR JULY 27 2016...
VALID TODAY AS OF 0700 PM LOCAL TIME.

CLIMATE NORMAL PERIOD 1981 TO 2010
CLIMATE RECORD PERIOD 1872 TO 2016


WEATHER ITEM   OBSERVED TIME   RECORD YEAR NORMAL DEPARTURE LAST
                VALUE   (LST)  VALUE       VALUE  FROM      YEAR
                                                  NORMAL
..................................................................
TEMPERATURE (F)
 TODAY
  MAXIMUM         92    130 PM 101    1987  92      0       97
  MINIMUM         76    543 AM  62    1911  72      4       76
  AVERAGE         84                        82      2       87

PRECIPITATION (IN)
  TODAY            0.01          2.14 1887   0.15  -0.14     0.00
  MONTH TO DATE    5.61                      4.66   0.95     4.50
  SINCE JUN 1      8.34                      8.73  -0.39     8.49
  SINCE JAN 1     30.57                     32.17  -1.60    28.99

DEGREE DAYS
 COOLING
  TODAY           19                        17      2       22
  MONTH TO DATE  540                       453     87      530
  SINCE JUN 1   1058                       872    186     1027
  SINCE JAN 1   1519                      1211    308     1565
..................................................................


WIND (MPH)
  HIGHEST WIND SPEED    21   HIGHEST WIND DIRECTION     W (250)
  HIGHEST GUST SPEED    31   HIGHEST GUST DIRECTION     W (250)
  AVERAGE WIND SPEED     4.5


SKY COVER
  AVERAGE SKY COVER 0.5


WEATHER CONDITIONS
 THE FOLLOWING WEATHER WAS RECORDED TODAY.
  THUNDERSTORM
  LIGHT RAIN


RELATIVE HUMIDITY (PERCENT)
 HIGHEST    94           200 AM
 LOWEST     52          1200 PM
 AVERAGE    73

..........................................................


THE MONTGOMERY CLIMATE NORMALS FOR TOMORROW
                         NORMAL    RECORD    YEAR
 MAXIMUM TEMPERATURE (F)   92       102      1952
 MINIMUM TEMPERATURE (F)   72        63      1911


SUNRISE AND SUNSET
JULY 27 2016..........SUNRISE   557 AM CDT   SUNSET   746 PM CDT
JULY 28 2016..........SUNRISE   558 AM CDT   SUNSET   746 PM CDT


-  INDICATES NEGATIVE NUMBERS.
R  INDICATES RECORD WAS SET OR TIED.
MM INDICATES DATA IS MISSING.
T  INDICATES TRACE AMOUNT.




$$
