000
CDUS44 KBMX 240749
CLIMGM


CLIMATE REPORT
NATIONAL WEATHER SERVICE BIRMINGHAM, AL
249 AM CDT MON JUL 24 2017


...................................

...THE MONTGOMERY CLIMATE SUMMARY FOR JULY 23 2017...

CLIMATE NORMAL PERIOD 1981 TO 2010
CLIMATE RECORD PERIOD 1872 TO 2017


WEATHER ITEM   OBSERVED TIME   RECORD YEAR NORMAL DEPARTURE LAST
                VALUE   (LST)  VALUE       VALUE  FROM      YEAR
                                                  NORMAL
..................................................................
TEMPERATURE (F)
 YESTERDAY
  MAXIMUM         94    328 PM 103    1952  92      2       95
  MINIMUM         75    430 AM  61    1947  72      3       75
  AVERAGE         85                        82      3       85

PRECIPITATION (IN)
  YESTERDAY        0.00          2.67 1956   0.16  -0.16     0.00
  MONTH TO DATE    3.17                      4.04  -0.87     5.07
  SINCE JUN 1     15.21                      8.11   7.10     7.80
  SINCE JAN 1     49.13                     31.55  17.58    30.03

DEGREE DAYS
 COOLING
  YESTERDAY       20                        17      3       20
  MONTH TO DATE  444                       385     59      459
  SINCE JUN 1    880                       804     76      977
  SINCE JAN 1   1462                      1143    319     1438
..................................................................


WIND (MPH)
  HIGHEST WIND SPEED    10   HIGHEST WIND DIRECTION     W (250)
  HIGHEST GUST SPEED    15   HIGHEST GUST DIRECTION     S (200)
  AVERAGE WIND SPEED     4.6


SKY COVER
  AVERAGE SKY COVER 0.1


WEATHER CONDITIONS
 THE FOLLOWING WEATHER WAS RECORDED YESTERDAY.
  FOG
  HAZE


RELATIVE HUMIDITY (PERCENT)
 HIGHEST    87           300 AM
 LOWEST     49           200 PM
 AVERAGE    68

..........................................................


THE MONTGOMERY CLIMATE NORMALS FOR TODAY
                         NORMAL    RECORD    YEAR
 MAXIMUM TEMPERATURE (F)   92       105      1952
 MINIMUM TEMPERATURE (F)   72        66      1966
                                             1906
                                             1882


SUNRISE AND SUNSET
JULY 24 2017..........SUNRISE   555 AM CDT   SUNSET   749 PM CDT
JULY 25 2017..........SUNRISE   556 AM CDT   SUNSET   748 PM CDT


-  INDICATES NEGATIVE NUMBERS.
R  INDICATES RECORD WAS SET OR TIED.
MM INDICATES DATA IS MISSING.
T  INDICATES TRACE AMOUNT.




$$
