000
CDUS44 KBMX 031239
CLIMGM


CLIMATE REPORT
NATIONAL WEATHER SERVICE BIRMINGHAM, AL
738 AM CDT THU SEP 3 2015


...................................

...THE MONTGOMERY CLIMATE SUMMARY FOR SEPTEMBER 2 2015...

CLIMATE NORMAL PERIOD 1981 TO 2010
CLIMATE RECORD PERIOD 1994 TO 2015


WEATHER ITEM   OBSERVED TIME   RECORD YEAR NORMAL DEPARTURE LAST
                VALUE   (LST)  VALUE       VALUE  FROM      YEAR
                                                  NORMAL
..................................................................
TEMPERATURE (F)
 YESTERDAY
  MAXIMUM         97    158 PM  98    1907  91      6       96
  MINIMUM         72    503 AM  57    1887  69      3       73
  AVERAGE         85                        80      5       85

PRECIPITATION (IN)
  YESTERDAY        0.00          2.64 1996   0.14  -0.14     0.00
  MONTH TO DATE    0.00                      0.27  -0.27     0.00
  SINCE SEP 1      0.00                      0.27  -0.27     0.00
  SINCE JAN 1     31.10                     36.98  -5.88    39.75

DEGREE DAYS
 HEATING
  YESTERDAY        0                         0      0        0
  MONTH TO DATE    0                         0      0        0
  SINCE SEP 1      0                         0      0        0
  SINCE JUL 1      0                         0      0        0

 COOLING
  YESTERDAY       20                        15      5       20
  MONTH TO DATE   39                        30      9       39
  SINCE SEP 1     39                        30      9       39
  SINCE JAN 1   2260                      1819    441     1938
..................................................................


WIND (MPH)
  HIGHEST WIND SPEED     9   HIGHEST WIND DIRECTION     W (290)
  HIGHEST GUST SPEED    12   HIGHEST GUST DIRECTION     W (290)
  AVERAGE WIND SPEED     1.9


SKY COVER
  AVERAGE SKY COVER 0.2


WEATHER CONDITIONS
 THE FOLLOWING WEATHER WAS RECORDED YESTERDAY.
  NO SIGNIFICANT WEATHER WAS OBSERVED.


RELATIVE HUMIDITY (PERCENT)
 HIGHEST    87           200 AM
 LOWEST     35           200 PM
 AVERAGE    61

..........................................................


THE MONTGOMERY CLIMATE NORMALS FOR TODAY
                         NORMAL    RECORD    YEAR
 MAXIMUM TEMPERATURE (F)   90        99      1990
                                             1951
                                             1925
 MINIMUM TEMPERATURE (F)   69        60      1967
                                             1952
                                             1915


SUNRISE AND SUNSET
SEPTEMBER  3 2015.....SUNRISE   622 AM CDT   SUNSET   708 PM CDT
SEPTEMBER  4 2015.....SUNRISE   622 AM CDT   SUNSET   706 PM CDT


-  INDICATES NEGATIVE NUMBERS.
R  INDICATES RECORD WAS SET OR TIED.
MM INDICATES DATA IS MISSING.
T  INDICATES TRACE AMOUNT.




$$
