000
CDUS44 KBMX 280814
CLIMGM


CLIMATE REPORT
NATIONAL WEATHER SERVICE BIRMINGHAM, AL
213 AM CST SUN DEC 28 2014


...................................

...THE MONTGOMERY CLIMATE SUMMARY FOR DECEMBER 27 2014...

CLIMATE NORMAL PERIOD 1981 TO 2010
CLIMATE RECORD PERIOD 1872 TO 2014


WEATHER ITEM   OBSERVED TIME   RECORD YEAR NORMAL DEPARTURE LAST
                VALUE   (LST)  VALUE       VALUE  FROM      YEAR
                                                  NORMAL
..................................................................
TEMPERATURE (F)
 YESTERDAY
  MAXIMUM         61   1144 AM  80    1987  57      4       61
                                      1982
  MINIMUM         40    130 AM  17    1902  36      4       35
  AVERAGE         51                        47      4       48

PRECIPITATION (IN)
  YESTERDAY        1.26          1.77 2000   0.15   1.11     0.00
  MONTH TO DATE    4.46                      4.29   0.17     7.18
  SINCE DEC 1      4.46                      4.29   0.17     7.18
  SINCE JAN 1     48.17                     52.50  -4.33    54.44

SNOWFALL (IN)
  YESTERDAY        0.0                       0.0    0.0      0.0
  MONTH TO DATE    0.0                       0.1   -0.1      0.0
  SINCE DEC 1      0.0                       0.1   -0.1      0.0
  SINCE JUL 1      0.0                       0.1   -0.1      0.0
  SNOW DEPTH       0

DEGREE DAYS
 HEATING
  YESTERDAY       14                        18     -4       17
  MONTH TO DATE  336                       442   -106      349
  SINCE DEC 1    336                       442   -106      349
  SINCE JUL 1    799                       813    -14      717
..................................................................


WIND (MPH)
  HIGHEST WIND SPEED    16   HIGHEST WIND DIRECTION    SE (120)
  HIGHEST GUST SPEED    18   HIGHEST GUST DIRECTION     E (110)
  AVERAGE WIND SPEED     6.1


SKY COVER
  AVERAGE SKY COVER 0.7


WEATHER CONDITIONS
 THE FOLLOWING WEATHER WAS RECORDED YESTERDAY.
  HEAVY RAIN
  RAIN
  LIGHT RAIN
  FOG


RELATIVE HUMIDITY (PERCENT)
 HIGHEST    96           800 PM
 LOWEST     62          1100 AM
 AVERAGE    79

..........................................................


THE MONTGOMERY CLIMATE NORMALS FOR TODAY
                         NORMAL    RECORD    YEAR
 MAXIMUM TEMPERATURE (F)   57        82      1984
 MINIMUM TEMPERATURE (F)   36        12      1925


SUNRISE AND SUNSET
DECEMBER 28 2014......SUNRISE   646 AM CST   SUNSET   449 PM CST
DECEMBER 29 2014......SUNRISE   646 AM CST   SUNSET   449 PM CST


-  INDICATES NEGATIVE NUMBERS.
R  INDICATES RECORD WAS SET OR TIED.
MM INDICATES DATA IS MISSING.
T  INDICATES TRACE AMOUNT.




$$
