000
CDUS44 KBMX 292150
CLIMGM


CLIMATE REPORT
NATIONAL WEATHER SERVICE BIRMINGHAM, AL
450 PM CDT MON MAY 29 2017


...................................

...THE MONTGOMERY CLIMATE SUMMARY FOR MAY 29 2017...
VALID TODAY AS OF 0400 PM LOCAL TIME.

CLIMATE NORMAL PERIOD 1981 TO 2010
CLIMATE RECORD PERIOD 1872 TO 2017


WEATHER ITEM   OBSERVED TIME   RECORD YEAR NORMAL DEPARTURE LAST
                VALUE   (LST)  VALUE       VALUE  FROM      YEAR
                                                  NORMAL
..................................................................
TEMPERATURE (F)
 TODAY
  MAXIMUM         86    233 PM  96    1962  87     -1       94
                                      1937
  MINIMUM         70    457 AM  51    1961  64      6       70
  AVERAGE         78                        76      2       82

PRECIPITATION (IN)
  TODAY            T             2.39 1959   0.11  -0.11     0.00
  MONTH TO DATE   12.28                      3.31   8.97     0.73
  SINCE MAR 1     18.76                     13.28   5.48    11.57
  SINCE JAN 1     33.46                     23.21  10.25    22.23

DEGREE DAYS
 COOLING
  TODAY           13                        11      2       17
  MONTH TO DATE  242                       215     27      241
  SINCE MAR 1    511                       310    201      414
  SINCE JAN 1    557                       316    241      427
..................................................................


WIND (MPH)
  HIGHEST WIND SPEED    16   HIGHEST WIND DIRECTION     W (280)
  HIGHEST GUST SPEED    22   HIGHEST GUST DIRECTION    SW (230)
  AVERAGE WIND SPEED     6.7


SKY COVER
  AVERAGE SKY COVER 0.1


WEATHER CONDITIONS
 THE FOLLOWING WEATHER WAS RECORDED TODAY.
  THUNDERSTORM


RELATIVE HUMIDITY (PERCENT)
 HIGHEST    84           100 AM
 LOWEST     55           300 PM
 AVERAGE    70

..........................................................


THE MONTGOMERY CLIMATE NORMALS FOR TOMORROW
                         NORMAL    RECORD    YEAR
 MAXIMUM TEMPERATURE (F)   87        98      1937
                                             1914
 MINIMUM TEMPERATURE (F)   65        48      1984


SUNRISE AND SUNSET
MAY 29 2017...........SUNRISE   540 AM CDT   SUNSET   746 PM CDT
MAY 30 2017...........SUNRISE   540 AM CDT   SUNSET   747 PM CDT


-  INDICATES NEGATIVE NUMBERS.
R  INDICATES RECORD WAS SET OR TIED.
MM INDICATES DATA IS MISSING.
T  INDICATES TRACE AMOUNT.




$$
