000
CDUS44 KBMX 170839
CLIMGM


CLIMATE REPORT
NATIONAL WEATHER SERVICE BIRMINGHAM, AL
239 AM CST SAT FEB 17 2018


...................................

...THE MONTGOMERY CLIMATE SUMMARY FOR FEBRUARY 16 2018...

CLIMATE NORMAL PERIOD 1981 TO 2010
CLIMATE RECORD PERIOD 1872 TO 2018


WEATHER ITEM   OBSERVED TIME   RECORD YEAR NORMAL DEPARTURE LAST
                VALUE   (LST)  VALUE       VALUE  FROM      YEAR
                                                  NORMAL
..................................................................
TEMPERATURE (F)
 YESTERDAY
  MAXIMUM         76    244 PM  81    2001  62     14       64
                                      1995
                                      1883
  MINIMUM         62   1159 PM  16    1991  39     23       36
  AVERAGE         69                        51     18       50

PRECIPITATION (IN)
  YESTERDAY        0.00          3.62 1975   0.20  -0.20     0.00
  MONTH TO DATE    2.38                      3.02  -0.64     1.83
  SINCE DEC 1     10.04                     12.53  -2.49    17.11
  SINCE JAN 1      7.43                      7.67  -0.24    13.00

SNOWFALL (IN)
  YESTERDAY        0.0                       0.0    0.0      0.0
  MONTH TO DATE    0.0                       0.0    0.0      0.0
  SINCE DEC 1      T                         0.1   -0.1      0.0
  SINCE JUL 1      T                         0.1   -0.1      0.0
  SNOW DEPTH       0

DEGREE DAYS
 HEATING
  YESTERDAY        0                        14    -14       15
  MONTH TO DATE  139                       256   -117      121
  SINCE DEC 1   1336                      1347    -11      769
  SINCE JUL 1   1671                      1718    -47      944
..................................................................


WIND (MPH)
  HIGHEST WIND SPEED    20   HIGHEST WIND DIRECTION     W (260)
  HIGHEST GUST SPEED    26   HIGHEST GUST DIRECTION     W (290)
  AVERAGE WIND SPEED     8.4


SKY COVER
  AVERAGE SKY COVER 0.9


WEATHER CONDITIONS
 THE FOLLOWING WEATHER WAS RECORDED YESTERDAY.
  NO SIGNIFICANT WEATHER WAS OBSERVED.


RELATIVE HUMIDITY (PERCENT)
 HIGHEST    93           500 AM
 LOWEST     64          1100 AM
 AVERAGE    79

..........................................................


THE MONTGOMERY CLIMATE NORMALS FOR TODAY
                         NORMAL    RECORD    YEAR
 MAXIMUM TEMPERATURE (F)   62        80      1956
                                             1927
                                             1889
 MINIMUM TEMPERATURE (F)   40        13      1958


SUNRISE AND SUNSET
FEBRUARY 17 2018......SUNRISE   626 AM CST   SUNSET   533 PM CST
FEBRUARY 18 2018......SUNRISE   625 AM CST   SUNSET   534 PM CST


-  INDICATES NEGATIVE NUMBERS.
R  INDICATES RECORD WAS SET OR TIED.
MM INDICATES DATA IS MISSING.
T  INDICATES TRACE AMOUNT.




$$
