000
CDUS44 KBMX 282127
CLIMGM


CLIMATE REPORT
NATIONAL WEATHER SERVICE BIRMINGHAM, AL
426 PM CDT SAT MAR 28 2015


...................................

...THE MONTGOMERY CLIMATE SUMMARY FOR MARCH 28 2015...
VALID AS OF 0400 PM LOCAL TIME.

CLIMATE NORMAL PERIOD 1981 TO 2010
CLIMATE RECORD PERIOD 1994 TO 2015


WEATHER ITEM   OBSERVED TIME   RECORD YEAR NORMAL DEPARTURE LAST
                VALUE   (LST)  VALUE       VALUE  FROM      YEAR
                                                  NORMAL
..................................................................
TEMPERATURE (F)
 TODAY
  MAXIMUM         56   1223 PM  87    1989  73    -17       63
  MINIMUM         37    503 AM  30    1894  47    -10       57
  AVERAGE         47                        60    -13       60

PRECIPITATION (IN)
  TODAY            0.00          2.66 1956   0.19  -0.19     2.09
  MONTH TO DATE    1.90                      5.41  -3.51     5.29
  SINCE MAR 1      1.90                      5.41  -3.51     5.29
  SINCE JAN 1      9.56                     15.34  -5.78    12.96

SNOWFALL (IN)
  TODAY            0.0                       0.0    0.0      0.0
  MONTH TO DATE    0.0                       0.3   -0.3      0.0
  SINCE MAR 1      0.0                       0.3   -0.3      0.0
  SINCE JUL 1      0.0                       0.4   -0.4      0.5
  SNOW DEPTH       0

DEGREE DAYS

 COOLING
  TODAY            0                         1     -1        0
  MONTH TO DATE   64                        23     41        3
  SINCE MAR 1     64                        23     41        3
  SINCE JAN 1     64                        29     35       10
..................................................................


WIND (MPH)
  HIGHEST WIND SPEED    17   HIGHEST WIND DIRECTION     W (280)
  HIGHEST GUST SPEED    24   HIGHEST GUST DIRECTION    NW (300)
  AVERAGE WIND SPEED     8.2


SKY COVER
  AVERAGE SKY COVER 0.3


WEATHER CONDITIONS
 THE FOLLOWING WEATHER WAS RECORDED TODAY.
  NO SIGNIFICANT WEATHER WAS OBSERVED.


RELATIVE HUMIDITY (PERCENT)
 HIGHEST    85           300 AM
 LOWEST     32           200 PM
 AVERAGE    59

..........................................................


THE MONTGOMERY CLIMATE NORMALS FOR TOMORROW
                         NORMAL    RECORD    YEAR
 MAXIMUM TEMPERATURE (F)   73        89      2007
 MINIMUM TEMPERATURE (F)   48        30      1955


SUNRISE AND SUNSET
MARCH 28 2015.........SUNRISE   639 AM CDT   SUNSET   703 PM CDT
MARCH 29 2015.........SUNRISE   638 AM CDT   SUNSET   703 PM CDT


-  INDICATES NEGATIVE NUMBERS.
R  INDICATES RECORD WAS SET OR TIED.
MM INDICATES DATA IS MISSING.
T  INDICATES TRACE AMOUNT.




$$
