172
CDUS41 KPBZ 182134
CLIMGW


CLIMATE REPORT
NATIONAL WEATHER SERVICE PITTSBURGH PA
533 PM EDT WED OCT 18  2017


...................................

...THE MORGANTOWN WV CLIMATE SUMMARY FOR OCTOBER 18 2017...
VALID TODAY AS OF 0500 PM LOCAL TIME.

CLIMATE NORMAL PERIOD 1981 TO 2010
CLIMATE RECORD PERIOD 1872 TO 2017


WEATHER ITEM   OBSERVED TIME   RECORD YEAR NORMAL DEPARTURE LAST
                VALUE   (LST)  VALUE       VALUE  FROM      YEAR
                                                  NORMAL
..................................................................
TEMPERATURE (F)
 TODAY
  MAXIMUM         73    308 PM  85    1938  64      9       82
  MINIMUM         39    719 AM  26    1939  43     -4       67
  AVERAGE         56                        54      2       75

PRECIPITATION (IN)
  TODAY            0.00          1.13 1927   0.08  -0.08     0.00
  MONTH TO DATE    1.26                      1.63  -0.37     2.04
  SINCE JUN 1     18.63                     17.12   1.51    20.63
  SINCE JAN 1     41.72                     34.31   7.41    36.67

DEGREE DAYS
 HEATING
  TODAY            9                        12     -3        0
  MONTH TO DATE   40                       168   -128       70
  SINCE SEP 1    105                       254   -149       74
  SINCE JUL 1    107                       265   -158       74

 COOLING
  TODAY            0                         0      0       10
  MONTH TO DATE   54                        10     44       25
  SINCE SEP 1    166                       102     64      247
  SINCE JAN 1    919                       811    108     1258
..................................................................


WIND (MPH)
  RESULTANT WIND SPEED   2   RESULTANT WIND DIRECTION   S (160)
  HIGHEST WIND SPEED     9   HIGHEST WIND DIRECTION     E (80)
  HIGHEST GUST SPEED    13   HIGHEST GUST DIRECTION     E (90)
  AVERAGE WIND SPEED     3.1


SKY COVER
  POSSIBLE SUNSHINE  MM
  AVERAGE SKY COVER 0.0


WEATHER CONDITIONS
 THE FOLLOWING WEATHER WAS RECORDED TODAY.
  NO SIGNIFICANT WEATHER WAS OBSERVED.


RELATIVE HUMIDITY (PERCENT)
 HIGHEST    31           100 PM
 LOWEST     19           400 PM
 AVERAGE    25

..........................................................


THE MORGANTOWN WV CLIMATE NORMALS FOR TOMORROW
                         NORMAL    RECORD    YEAR
 MAXIMUM TEMPERATURE (F)   64        85      1894
 MINIMUM TEMPERATURE (F)   43        23      1972


SUNRISE AND SUNSET
OCTOBER 18 2017.......SUNRISE   733 AM EDT   SUNSET   636 PM EDT
OCTOBER 19 2017.......SUNRISE   734 AM EDT   SUNSET   634 PM EDT


-  INDICATES NEGATIVE NUMBERS.
R  INDICATES RECORD WAS SET OR TIED.
MM INDICATES DATA IS MISSING.
T  INDICATES TRACE AMOUNT.




$$
