000
CDUS41 KPBZ 312119
CLIMGW


CLIMATE REPORT
NATIONAL WEATHER SERVICE PITTSBURGH PA
516 PM EDT TUE MAY 31 2016


...................................

...THE MORGANTOWN WV CLIMATE SUMMARY FOR MAY 31 2016...
VALID TODAY AS OF 0500 PM LOCAL TIME.

CLIMATE NORMAL PERIOD 1981 TO 2010
CLIMATE RECORD PERIOD 1948 TO 2016


WEATHER ITEM   OBSERVED TIME   RECORD YEAR NORMAL DEPARTURE LAST
                VALUE   (LST)  VALUE       VALUE  FROM      YEAR
                                                  NORMAL
..................................................................
TEMPERATURE (F)
 TODAY
  MAXIMUM         86    248 PM  93    2011  76     10       85
  MINIMUM         58    457 AM  37    2001  55      3       67
  AVERAGE         72                        65      7       76

PRECIPITATION (IN)
  TODAY            0.00         MM      MM   0.16  -0.16     0.04
  MONTH TO DATE    5.21                      4.61   0.60     1.22
  SINCE JUN 1     39.58                     41.83  -2.25    43.48
  SINCE JAN 1     16.04                     17.19  -1.15    17.25

DEGREE DAYS
 HEATING
  TODAY            0                         3     -3        0
  MONTH TO DATE  171                       170      1       84
  SINCE MAR 1    942                      1264   -322     1158
  SINCE JUL 1   4036                      5153  -1117     5282

 COOLING
  TODAY            7                         3      4       11
  MONTH TO DATE   68                        51     17      176
  SINCE MAR 1     74                        67      7      184
  SINCE JAN 1     74                        67      7      184
..................................................................


WIND (MPH)
  RESULTANT WIND SPEED   1   RESULTANT WIND DIRECTION  NE (30)
  HIGHEST WIND SPEED     9   HIGHEST WIND DIRECTION     N (350)
  HIGHEST GUST SPEED    13   HIGHEST GUST DIRECTION     N (340)
  AVERAGE WIND SPEED     1.8


SKY COVER
  POSSIBLE SUNSHINE  MM
  AVERAGE SKY COVER 0.1


WEATHER CONDITIONS
 THE FOLLOWING WEATHER WAS RECORDED TODAY.
  NO SIGNIFICANT WEATHER WAS OBSERVED.


RELATIVE HUMIDITY (PERCENT)
 HIGHEST    86           500 AM
 LOWEST     32          1100 AM
 AVERAGE    59

..........................................................


THE MORGANTOWN WV CLIMATE NORMALS FOR TOMORROW
                         NORMAL    RECORD    YEAR
 MAXIMUM TEMPERATURE (F)   76        89      2011
                                             2007
 MINIMUM TEMPERATURE (F)   55        37      1966


SUNRISE AND SUNSET
MAY 31 2016...........SUNRISE   554 AM EDT   SUNSET   841 PM EDT
JUNE  1 2016..........SUNRISE   554 AM EDT   SUNSET   842 PM EDT


-  INDICATES NEGATIVE NUMBERS.
R  INDICATES RECORD WAS SET OR TIED.
MM INDICATES DATA IS MISSING.
T  INDICATES TRACE AMOUNT.




$$
