000
CDUS41 KPBZ 290724
CLIMGW


CLIMATE REPORT
NATIONAL WEATHER SERVICE PITTSBURGH PA
324 AM EDT FRI APR 29 2016


...................................

...THE MORGANTOWN WV CLIMATE SUMMARY FOR APRIL 28 2016...

CLIMATE NORMAL PERIOD 1981 TO 2010
CLIMATE RECORD PERIOD 1948 TO 2016


WEATHER ITEM   OBSERVED TIME   RECORD YEAR NORMAL DEPARTURE LAST
                VALUE   (LST)  VALUE       VALUE  FROM      YEAR
                                                  NORMAL
..................................................................
TEMPERATURE (F)
 YESTERDAY
  MAXIMUM         73    156 PM  91    1986  68      5       65
  MINIMUM         54   1112 PM  28    1947  45      9       42
  AVERAGE         64                        57      7       54

PRECIPITATION (IN)
  YESTERDAY        0.74         MM      MM   0.12   0.62     0.00
  MONTH TO DATE    3.47                      3.29   0.18     5.46
  SINCE JUN 1     34.23                     36.99  -2.76    42.17
  SINCE JAN 1     10.69                     12.35  -1.66    15.94

DEGREE DAYS
 HEATING
  YESTERDAY        1                         9     -8       11
  MONTH TO DATE  314                       363    -49      295
  SINCE MAR 1    762                      1075   -313     1057
  SINCE JUL 1   3856                      4964  -1108     5181

 COOLING
  YESTERDAY        0                         1     -1        0
  MONTH TO DATE    5                        10     -5        8
  SINCE MAR 1      6                        12     -6        8
  SINCE JAN 1      6                        12     -6        8
..................................................................


WIND (MPH)
  HIGHEST WIND SPEED    15   HIGHEST WIND DIRECTION     N (360)
  HIGHEST GUST SPEED    25   HIGHEST GUST DIRECTION    NE (40)
  AVERAGE WIND SPEED     3.3


SKY COVER
  POSSIBLE SUNSHINE  MM
  AVERAGE SKY COVER 0.8


WEATHER CONDITIONS
 THE FOLLOWING WEATHER WAS RECORDED YESTERDAY.
  THUNDERSTORM
  HEAVY RAIN
  RAIN
  LIGHT RAIN
  FOG
  HAZE


RELATIVE HUMIDITY (PERCENT)
 HIGHEST    93           800 AM
 LOWEST     57           200 PM
 AVERAGE    75

..........................................................


THE MORGANTOWN WV CLIMATE NORMALS FOR TODAY
                         NORMAL    RECORD    YEAR
 MAXIMUM TEMPERATURE (F)   68        85      1970
 MINIMUM TEMPERATURE (F)   46        31      1967


SUNRISE AND SUNSET
APRIL 29 2016.........SUNRISE   622 AM EDT   SUNSET   812 PM EDT
APRIL 30 2016.........SUNRISE   621 AM EDT   SUNSET   813 PM EDT


-  INDICATES NEGATIVE NUMBERS.
R  INDICATES RECORD WAS SET OR TIED.
MM INDICATES DATA IS MISSING.
T  INDICATES TRACE AMOUNT.




$$
