000
CDUS41 KPBZ 130801
CLIMGW


CLIMATE REPORT
NATIONAL WEATHER SERVICE PITTSBURGH PA
301 AM EST WED DEC 13 2017


...................................

...THE MORGANTOWN WV CLIMATE SUMMARY FOR DECEMBER 12 2017...

CLIMATE NORMAL PERIOD 1981 TO 2010
CLIMATE RECORD PERIOD 1872 TO 2017


WEATHER ITEM   OBSERVED TIME   RECORD YEAR NORMAL DEPARTURE LAST
                VALUE   (LST)  VALUE       VALUE  FROM      YEAR
                                                  NORMAL
..................................................................
TEMPERATURE (F)
 YESTERDAY
  MAXIMUM         47    208 AM  71    2015  43      4       44
                                      1965
  MINIMUM         17   1159 PM   0    1937  28    -11       32
  AVERAGE         32                        36     -4       38

PRECIPITATION (IN)
  YESTERDAY        0.02          1.06 1944   0.10  -0.08     0.60
  MONTH TO DATE    0.55                      1.22  -0.67     1.39
  SINCE JUN 1     25.34                     22.95   2.39    26.75
  SINCE JAN 1     48.43                     40.14   8.29    42.79

DEGREE DAYS
 HEATING
  YESTERDAY       33                        29      4       27
  MONTH TO DATE  341                       333      8      349
  SINCE DEC 1    341                       333      8      349
  SINCE JUL 1   1236                      1381   -145     1035

 COOLING
  YESTERDAY        0                         0      0        0
  MONTH TO DATE    0                         0      0        0
  SINCE DEC 1      0                         0      0        0
  SINCE JAN 1    919                       814    105     1283
..................................................................


WIND (MPH)
  HIGHEST WIND SPEED    16   HIGHEST WIND DIRECTION    SW (230)
  HIGHEST GUST SPEED    28   HIGHEST GUST DIRECTION     W (290)
  AVERAGE WIND SPEED     8.5


SKY COVER
  POSSIBLE SUNSHINE  MM
  AVERAGE SKY COVER 0.9


WEATHER CONDITIONS
 THE FOLLOWING WEATHER WAS RECORDED YESTERDAY.
  LIGHT SNOW
  FOG
  HAZE


RELATIVE HUMIDITY (PERCENT)
 HIGHEST    78          1100 AM
 LOWEST     45           100 AM
 AVERAGE    62

..........................................................


THE MORGANTOWN WV CLIMATE NORMALS FOR TODAY
                         NORMAL    RECORD    YEAR
 MAXIMUM TEMPERATURE (F)   43        69      2015
                                             1923
                                             1901
 MINIMUM TEMPERATURE (F)   28        -3      1962


SUNRISE AND SUNSET
DECEMBER 13 2017......SUNRISE   732 AM EST   SUNSET   456 PM EST
DECEMBER 14 2017......SUNRISE   733 AM EST   SUNSET   456 PM EST


-  INDICATES NEGATIVE NUMBERS.
R  INDICATES RECORD WAS SET OR TIED.
MM INDICATES DATA IS MISSING.
T  INDICATES TRACE AMOUNT.




$$
