000
CDUS41 KPBZ 220814
CLIMGW


CLIMATE REPORT
NATIONAL WEATHER SERVICE PITTSBURGH PA
313 AM EST SAT NOV 22 2014


...................................

...THE MORGANTOWN WV CLIMATE SUMMARY FOR NOVEMBER 21 2014...

CLIMATE NORMAL PERIOD 1981 TO 2010
CLIMATE RECORD PERIOD 1948 TO 2014


WEATHER ITEM   OBSERVED TIME   RECORD YEAR NORMAL DEPARTURE LAST
                VALUE   (LST)  VALUE       VALUE  FROM      YEAR
                                                  NORMAL
..................................................................
TEMPERATURE (F)
 YESTERDAY
  MAXIMUM         31    356 PM  74    1979  51    -20       58
  MINIMUM         20   1040 PM  11    1969  35    -15       34
  AVERAGE         26                        43    -17       46

PRECIPITATION (IN)
  YESTERDAY        T            MM      MM   0.11  -0.11     0.00
  MONTH TO DATE    1.38                      2.41  -1.03     1.81
  SINCE JUN 1     22.83                     20.68   2.15    22.15
  SINCE JAN 1     38.32                     37.87   0.45    34.79

DEGREE DAYS
 HEATING
  YESTERDAY       39                        22     17       19
  MONTH TO DATE  498                       390    108      416
  SINCE SEP 1    829                       821      8      807
  SINCE JUL 1    835                       832      3      816

 COOLING
  YESTERDAY        0                         0      0        0
  MONTH TO DATE    0                         0      0        0
  SINCE SEP 1    148                       104     44      120
  SINCE JAN 1    981                       813    168      906
..................................................................


WIND (MPH)
  HIGHEST WIND SPEED    12   HIGHEST WIND DIRECTION     W (280)
  HIGHEST GUST SPEED    17   HIGHEST GUST DIRECTION     W (280)
  AVERAGE WIND SPEED     3.7


SKY COVER
  POSSIBLE SUNSHINE  MM
  AVERAGE SKY COVER 0.2


WEATHER CONDITIONS
 THE FOLLOWING WEATHER WAS RECORDED YESTERDAY.
  LIGHT SNOW
  HAZE


RELATIVE HUMIDITY (PERCENT)
 HIGHEST    59           600 AM
 LOWEST     32           200 PM
 AVERAGE    46

..........................................................


THE MORGANTOWN WV CLIMATE NORMALS FOR TODAY
                         NORMAL    RECORD    YEAR
 MAXIMUM TEMPERATURE (F)   51        76      1953
 MINIMUM TEMPERATURE (F)   34        12      1964


SUNRISE AND SUNSET
NOVEMBER 22 2014......SUNRISE   712 AM EST   SUNSET   459 PM EST
NOVEMBER 23 2014......SUNRISE   713 AM EST   SUNSET   459 PM EST


-  INDICATES NEGATIVE NUMBERS.
R  INDICATES RECORD WAS SET OR TIED.
MM INDICATES DATA IS MISSING.
T  INDICATES TRACE AMOUNT.




$$
