000
CDUS41 KPBZ 060814
CLIMGW


CLIMATE REPORT
NATIONAL WEATHER SERVICE PITTSBURGH PA
313 AM EST FRI MAR 6 2015


...................................

...THE MORGANTOWN WV CLIMATE SUMMARY FOR MARCH 5 2015...

CLIMATE NORMAL PERIOD 1981 TO 2010
CLIMATE RECORD PERIOD 1948 TO 2015


WEATHER ITEM   OBSERVED TIME   RECORD YEAR NORMAL DEPARTURE LAST
                VALUE   (LST)  VALUE       VALUE  FROM      YEAR
                                                  NORMAL
..................................................................
TEMPERATURE (F)
 YESTERDAY
  MAXIMUM         31   1229 AM  80    1983  48    -17       37
  MINIMUM          5R  1156 PM   8    1960  29    -24       14
  AVERAGE         18                        38    -20       26

PRECIPITATION (IN)
  YESTERDAY        1.07         MM      MM   0.11   0.96     0.00
  MONTH TO DATE    3.90                      0.54   3.36     0.52
  SINCE JUN 1     34.42                     30.59   3.83    34.12
  SINCE JAN 1      8.19                      5.95   2.24     5.69

DEGREE DAYS
 HEATING
  YESTERDAY       47                        27     20       39
  MONTH TO DATE  161                       136     25      205
  SINCE MAR 1    161                       136     25      205
  SINCE JUL 1   4285                      4025    260     4331

 COOLING
  YESTERDAY        0                         0      0        0
  MONTH TO DATE    0                         0      0        0
  SINCE MAR 1      0                         0      0        0
  SINCE JAN 1      0                         0      0        0
..................................................................


WIND (MPH)
  HIGHEST WIND SPEED    18   HIGHEST WIND DIRECTION     N (350)
  HIGHEST GUST SPEED    26   HIGHEST GUST DIRECTION     N (10)
  AVERAGE WIND SPEED     4.3


SKY COVER
  POSSIBLE SUNSHINE  MM
  AVERAGE SKY COVER 0.8


WEATHER CONDITIONS
 THE FOLLOWING WEATHER WAS RECORDED YESTERDAY.
  SNOW
  LIGHT SNOW
  FOG
  HAZE


RELATIVE HUMIDITY (PERCENT)
 HIGHEST    85          1200 AM
 LOWEST     77           600 AM
 AVERAGE    81

..........................................................


THE MORGANTOWN WV CLIMATE NORMALS FOR TODAY
                         NORMAL    RECORD    YEAR
 MAXIMUM TEMPERATURE (F)   48        75      1946
 MINIMUM TEMPERATURE (F)   29        12      1972


SUNRISE AND SUNSET
MARCH  6 2015.........SUNRISE   646 AM EST   SUNSET   617 PM EST
MARCH  7 2015.........SUNRISE   644 AM EST   SUNSET   618 PM EST


-  INDICATES NEGATIVE NUMBERS.
R  INDICATES RECORD WAS SET OR TIED.
MM INDICATES DATA IS MISSING.
T  INDICATES TRACE AMOUNT.




$$
