000
CDUS41 KPBZ 302239
CLIMGW


CLIMATE REPORT
NATIONAL WEATHER SERVICE PITTSBURGH PA
639 PM EDT THU MAR 30 2017


...................................

...THE MORGANTOWN WV CLIMATE SUMMARY FOR MARCH 30 2017...
VALID TODAY AS OF 0500 PM LOCAL TIME.

CLIMATE NORMAL PERIOD 1981 TO 2010
CLIMATE RECORD PERIOD 1948 TO 2017


WEATHER ITEM   OBSERVED TIME   RECORD YEAR NORMAL DEPARTURE LAST
                VALUE   (LST)  VALUE       VALUE  FROM      YEAR
                                                  NORMAL
..................................................................
TEMPERATURE (F)
 TODAY
  MAXIMUM         67    359 PM  82    1986  58      9       71
  MINIMUM         48    821 AM  12    1970  37     11       32
  AVERAGE         58                        47     11       52

PRECIPITATION (IN)
  TODAY            0.03         MM      MM   0.12  -0.09     0.00
  MONTH TO DATE    4.28                      3.52   0.76     3.09
  SINCE JUN 1     40.59                     33.57   7.02    30.76
  SINCE JAN 1     11.18                      8.93   2.25     7.22

DEGREE DAYS
 HEATING
  TODAY            7                        18    -11       13
  MONTH TO DATE  650                       694    -44      448
  SINCE MAR 1    650                       694    -44      448
  SINCE JUL 1   3663                      4583   -920     3542

 COOLING
  TODAY            0                         0      0        0
  MONTH TO DATE    2                         0      2        0
  SINCE MAR 1      2                         0      2        0
  SINCE JAN 1      5                         0      5        0
..................................................................


WIND (MPH)
  RESULTANT WIND SPEED   8   RESULTANT WIND DIRECTION   E (100)
  HIGHEST WIND SPEED    16   HIGHEST WIND DIRECTION    SE (120)
  HIGHEST GUST SPEED    25   HIGHEST GUST DIRECTION    SE (120)
  AVERAGE WIND SPEED     8.6


SKY COVER
  POSSIBLE SUNSHINE  MM
  AVERAGE SKY COVER 0.2


WEATHER CONDITIONS
 THE FOLLOWING WEATHER WAS RECORDED TODAY.
  THUNDERSTORM
  LIGHT RAIN


RELATIVE HUMIDITY (PERCENT)
 HIGHEST    50          1200 AM
 LOWEST     44           100 AM
 AVERAGE    47

..........................................................


THE MORGANTOWN WV CLIMATE NORMALS FOR TOMORROW
                         NORMAL    RECORD    YEAR
 MAXIMUM TEMPERATURE (F)   58        79      1986
 MINIMUM TEMPERATURE (F)   37        18      1965


SUNRISE AND SUNSET
MARCH 30 2017.........SUNRISE   707 AM EDT   SUNSET   742 PM EDT
MARCH 31 2017.........SUNRISE   705 AM EDT   SUNSET   743 PM EDT


-  INDICATES NEGATIVE NUMBERS.
R  INDICATES RECORD WAS SET OR TIED.
MM INDICATES DATA IS MISSING.
T  INDICATES TRACE AMOUNT.




$$
