000
CDUS41 KPBZ 180804
CLIMGW


CLIMATE REPORT
NATIONAL WEATHER SERVICE PITTSBURGH PA
304 AM EST THU DEC 18 2014


...................................

...THE MORGANTOWN WV CLIMATE SUMMARY FOR DECEMBER 17 2014...

CLIMATE NORMAL PERIOD 1981 TO 2010
CLIMATE RECORD PERIOD 1948 TO 2014


WEATHER ITEM   OBSERVED TIME   RECORD YEAR NORMAL DEPARTURE LAST
                VALUE   (LST)  VALUE       VALUE  FROM      YEAR
                                                  NORMAL
..................................................................
TEMPERATURE (F)
 YESTERDAY
  MAXIMUM         42    207 AM  68    1984  42      0       38
  MINIMUM         30   1159 PM   2    1951  27      3       28
  AVERAGE         36                        34      2       33

PRECIPITATION (IN)
  YESTERDAY        T            MM      MM   0.09  -0.09     0.03
  MONTH TO DATE    2.47                      1.68   0.79     2.80
  SINCE JUN 1     25.81                     23.41   2.40    26.70
  SINCE JAN 1     41.30                     40.60   0.70    39.34

DEGREE DAYS
 HEATING
  YESTERDAY       29                        31     -2       32
  MONTH TO DATE  445                       485    -40      490
  SINCE DEC 1    445                       485    -40      490
  SINCE JUL 1   1475                      1533    -58     1607

 COOLING
  YESTERDAY        0                         0      0        0
  MONTH TO DATE    0                         0      0        0
  SINCE DEC 1      0                         0      0        0
  SINCE JAN 1    981                       814    167      906
..................................................................


WIND (MPH)
  HIGHEST WIND SPEED    14   HIGHEST WIND DIRECTION    SW (240)
  HIGHEST GUST SPEED    23   HIGHEST GUST DIRECTION     W (250)
  AVERAGE WIND SPEED     7.3


SKY COVER
  POSSIBLE SUNSHINE  MM
  AVERAGE SKY COVER 1.0


WEATHER CONDITIONS
 THE FOLLOWING WEATHER WAS RECORDED YESTERDAY.
  LIGHT RAIN
  LIGHT SNOW
  FOG
  HAZE


RELATIVE HUMIDITY (PERCENT)
 HIGHEST    82          1200 AM
 LOWEST     59           300 PM
 AVERAGE    71

..........................................................


THE MORGANTOWN WV CLIMATE NORMALS FOR TODAY
                         NORMAL    RECORD    YEAR
 MAXIMUM TEMPERATURE (F)   42        67      1967
 MINIMUM TEMPERATURE (F)   26         0      1989


SUNRISE AND SUNSET
DECEMBER 18 2014......SUNRISE   735 AM EST   SUNSET   457 PM EST
DECEMBER 19 2014......SUNRISE   736 AM EST   SUNSET   458 PM EST


-  INDICATES NEGATIVE NUMBERS.
R  INDICATES RECORD WAS SET OR TIED.
MM INDICATES DATA IS MISSING.
T  INDICATES TRACE AMOUNT.




$$
