000
CDUS43 KFSD 250629
CLIMHE


CLIMATE REPORT
NATIONAL WEATHER SERVICE SIOUX FALLS SD
129 AM CDT SAT MAR 25 2017


...................................

...THE MITCHELL SD CLIMATE SUMMARY FOR MARCH 24 2017...

CLIMATE NORMAL PERIOD 1981 TO 2010
CLIMATE RECORD PERIOD 1893 TO 2017


WEATHER ITEM   OBSERVED TIME   RECORD YEAR NORMAL DEPARTURE LAST
                VALUE   (LST)  VALUE       VALUE  FROM      YEAR
                                                  NORMAL
..................................................................
TEMPERATURE (F)
 YESTERDAY
  MAXIMUM         48    404 PM  82    1939  48      0       47
                                      1907
  MINIMUM         35    811 PM  -2    1974  26      9       21
  AVERAGE         42                        37      5       34

PRECIPITATION (IN)
  YESTERDAY        0.00          1.13 1937   0.03  -0.03     0.00
  MONTH TO DATE    0.34                      0.71  -0.37     0.48
  SINCE MAR 1      0.34                      0.71  -0.37     0.48
  SINCE JAN 1      1.50                      1.27   0.23     1.71

SNOWFALL (IN)
  YESTERDAY        0.0           5.0  1975  MM     MM        0.0
                                      1937
  MONTH TO DATE    3.6                      MM     MM        3.7
  SINCE MAR 1      3.6                      MM     MM        3.7
  SINCE JUL 1     29.0                      MM     MM       46.1
  SNOW DEPTH       0

DEGREE DAYS
 HEATING
  YESTERDAY       23                        28     -5       31
  MONTH TO DATE  732                       775    -43      549
  SINCE MAR 1    732                       775    -43      549
  SINCE JUL 1   5466                      6297   -831     5338

 COOLING
  YESTERDAY        0                         0      0        0
  MONTH TO DATE    0                         0      0        0
  SINCE MAR 1      0                         0      0        0
  SINCE JAN 1      0                         0      0        0
..................................................................


WIND (MPH)
  HIGHEST WIND SPEED    23   HIGHEST WIND DIRECTION     N (360)
  HIGHEST GUST SPEED    27   HIGHEST GUST DIRECTION     N (10)
  AVERAGE WIND SPEED    13.7


SKY COVER
  POSSIBLE SUNSHINE  MM
  AVERAGE SKY COVER 0.8


WEATHER CONDITIONS
 THE FOLLOWING WEATHER WAS RECORDED YESTERDAY.
  FOG


RELATIVE HUMIDITY (PERCENT)
 HIGHEST   100          1200 AM
 LOWEST     66           300 PM
 AVERAGE    83

..........................................................


THE MITCHELL SD CLIMATE NORMALS FOR TODAY
                         NORMAL    RECORD    YEAR
 MAXIMUM TEMPERATURE (F)   49        85      1939
 MINIMUM TEMPERATURE (F)   27        -1      1964


SUNRISE AND SUNSET
MARCH 25 2017.........SUNRISE   726 AM CDT   SUNSET   751 PM CDT
MARCH 26 2017.........SUNRISE   724 AM CDT   SUNSET   752 PM CDT


-  INDICATES NEGATIVE NUMBERS.
R  INDICATES RECORD WAS SET OR TIED.
MM INDICATES DATA IS MISSING.
T  INDICATES TRACE AMOUNT.




$$
