000
CDUS43 KFSD 290640
CLIMHE


CLIMATE REPORT
NATIONAL WEATHER SERVICE SIOUX FALLS SD
1238 AM CST MON DEC 29 2014


...................................

...THE MITCHELL SD CLIMATE SUMMARY FOR DECEMBER 28 2014...

CLIMATE NORMAL PERIOD 1981 TO 2010
CLIMATE RECORD PERIOD 1893 TO 2014


WEATHER ITEM   OBSERVED TIME   RECORD YEAR NORMAL DEPARTURE LAST
                VALUE   (LST)  VALUE       VALUE  FROM      YEAR
                                                  NORMAL
..................................................................
TEMPERATURE (F)
 YESTERDAY
  MAXIMUM         22    703 PM  58    1898  28     -6       42
  MINIMUM          2    900 AM -21    1924  10     -8        3
  AVERAGE         12                        19     -7       23

PRECIPITATION (IN)
  YESTERDAY        0.02          0.37 1959   0.01   0.01      T
  MONTH TO DATE    1.19                      0.40   0.79     0.55
  SINCE DEC 1      1.19                      0.40   0.79     0.55
  SINCE JAN 1     19.17                     21.47  -2.30    26.21

SNOWFALL (IN)
  YESTERDAY        0.3           5.0  1959  MM     MM         T
  MONTH TO DATE    7.4                      MM     MM        9.8
  SINCE DEC 1      7.4                      MM     MM        9.8
  SINCE JUL 1     13.0                      MM     MM       13.8
  SNOW DEPTH       4

DEGREE DAYS
 HEATING
  YESTERDAY       53                        46      7       42
  MONTH TO DATE 1036                      1228   -192     1428
  SINCE DEC 1   1036                      1228   -192     1428
  SINCE JUL 1   2692                      2796   -104     2936

 COOLING
  YESTERDAY        0                         0      0        0
  MONTH TO DATE    0                         0      0        0
  SINCE DEC 1      0                         0      0        0
  SINCE JAN 1    724                       824   -100      946
..................................................................


WIND (MPH)
  HIGHEST WIND SPEED    16   HIGHEST WIND DIRECTION    NE (40)
  HIGHEST GUST SPEED    19   HIGHEST GUST DIRECTION    NE (30)
  AVERAGE WIND SPEED     5.8


SKY COVER
  POSSIBLE SUNSHINE  MM
  AVERAGE SKY COVER 0.3


WEATHER CONDITIONS
 THE FOLLOWING WEATHER WAS RECORDED YESTERDAY.
  LIGHT SNOW
  FOG


RELATIVE HUMIDITY (PERCENT)
 HIGHEST    96           200 AM
 LOWEST     77           100 PM
 AVERAGE    87

..........................................................


THE MITCHELL SD CLIMATE NORMALS FOR TODAY
                         NORMAL    RECORD    YEAR
 MAXIMUM TEMPERATURE (F)   27        60      1999
 MINIMUM TEMPERATURE (F)   10       -34      1917


SUNRISE AND SUNSET
DECEMBER 29 2014......SUNRISE   806 AM CST   SUNSET   503 PM CST
DECEMBER 30 2014......SUNRISE   806 AM CST   SUNSET   504 PM CST


-  INDICATES NEGATIVE NUMBERS.
R  INDICATES RECORD WAS SET OR TIED.
MM INDICATES DATA IS MISSING.
T  INDICATES TRACE AMOUNT.




$$
