000
CDUS43 KFSD 050624
CLIMHE


CLIMATE REPORT
NATIONAL WEATHER SERVICE SIOUX FALLS SD
124 AM CDT THU MAY 5 2016


...................................

...THE MITCHELL SD CLIMATE SUMMARY FOR MAY 4 2016...

CLIMATE NORMAL PERIOD 1981 TO 2010
CLIMATE RECORD PERIOD 1893 TO 2016


WEATHER ITEM   OBSERVED TIME   RECORD YEAR NORMAL DEPARTURE LAST
                VALUE   (LST)  VALUE       VALUE  FROM      YEAR
                                                  NORMAL
..................................................................
TEMPERATURE (F)
 YESTERDAY
  MAXIMUM         70    545 PM  99    1926  68      2       75
  MINIMUM         40    545 AM  20    1967  43     -3       38
  AVERAGE         55                        56     -1       57

PRECIPITATION (IN)
  YESTERDAY        0.00          1.44 2012   0.10  -0.10     0.00
  MONTH TO DATE    0.00                      0.37  -0.37     0.03
  SINCE MAR 1      6.73                      3.61   3.12     1.58
  SINCE JAN 1      7.96                      4.17   3.79     2.35

SNOWFALL (IN)
  YESTERDAY        0.0           T    1944  MM     MM        0.0
  MONTH TO DATE    0.0                      MM     MM        0.0
  SINCE MAR 1      3.9                      MM     MM        0.7
  SINCE JUL 1     46.3                      MM     MM       22.6
  SNOW DEPTH       0

DEGREE DAYS
 HEATING
  YESTERDAY       10                        10      0        8
  MONTH TO DATE   45                        41      4        9
  SINCE MAR 1   1238                      1519   -281     1173
  SINCE JUL 1   6027                      7041  -1014     6663

 COOLING
  YESTERDAY        0                         1     -1        0
  MONTH TO DATE    0                         1     -1        2
  SINCE MAR 1      4                         3      1        8
  SINCE JAN 1      4                         3      1        8
..................................................................


WIND (MPH)
  HIGHEST WIND SPEED    16   HIGHEST WIND DIRECTION     N (340)
  HIGHEST GUST SPEED    20   HIGHEST GUST DIRECTION     N (340)
  AVERAGE WIND SPEED     7.9


SKY COVER
  POSSIBLE SUNSHINE  MM
  AVERAGE SKY COVER 0.0


WEATHER CONDITIONS
 THE FOLLOWING WEATHER WAS RECORDED YESTERDAY.
  NO SIGNIFICANT WEATHER WAS OBSERVED.


RELATIVE HUMIDITY (PERCENT)
 HIGHEST    85           500 AM
 LOWEST     26           400 PM
 AVERAGE    56

..........................................................


THE MITCHELL SD CLIMATE NORMALS FOR TODAY
                         NORMAL    RECORD    YEAR
 MAXIMUM TEMPERATURE (F)   68        95      2004
 MINIMUM TEMPERATURE (F)   44        26      1954


SUNRISE AND SUNSET
MAY  5 2016...........SUNRISE   618 AM CDT   SUNSET   840 PM CDT
MAY  6 2016...........SUNRISE   617 AM CDT   SUNSET   841 PM CDT


-  INDICATES NEGATIVE NUMBERS.
R  INDICATES RECORD WAS SET OR TIED.
MM INDICATES DATA IS MISSING.
T  INDICATES TRACE AMOUNT.




$$
