000
CDUS43 KFSD 290634
CLIMHE


CLIMATE REPORT
NATIONAL WEATHER SERVICE SIOUX FALLS SD
1234 AM CST SAT NOV 29 2014


...................................

...THE MITCHELL SD CLIMATE SUMMARY FOR NOVEMBER 28 2014...

CLIMATE NORMAL PERIOD 1981 TO 2010
CLIMATE RECORD PERIOD 1893 TO 2014


WEATHER ITEM   OBSERVED TIME   RECORD YEAR NORMAL DEPARTURE LAST
                VALUE   (LST)  VALUE       VALUE  FROM      YEAR
                                                  NORMAL
..................................................................
TEMPERATURE (F)
 YESTERDAY
  MAXIMUM         42    401 PM  71    1941  36      6       30
  MINIMUM         21    800 AM -10    1896  17      4       16
  AVERAGE         32                        27      5       23

PRECIPITATION (IN)
  YESTERDAY        0.00          1.12 1960   0.01  -0.01     0.00
  MONTH TO DATE    0.49                      0.74  -0.25     0.39
  SINCE SEP 1      2.87                      4.68  -1.81     7.17
  SINCE JAN 1     17.97                     21.03  -3.06    25.66

SNOWFALL (IN)
  YESTERDAY        0.0           7.0  1983  MM     MM        0.0
  MONTH TO DATE    5.4                      MM     MM        4.0
  SINCE SEP 1      5.4                      MM     MM        4.0
  SINCE JUL 1      5.4                      MM     MM        4.0
  SNOW DEPTH       0

DEGREE DAYS
 HEATING
  YESTERDAY       33                        38     -5       42
  MONTH TO DATE 1027                       849    178      858
  SINCE SEP 1   1555                      1473     82     1418
  SINCE JUL 1   1567                      1490     77     1441

 COOLING
  YESTERDAY        0                         0      0        0
  MONTH TO DATE    0                         0      0        0
  SINCE SEP 1     78                        79     -1      165
  SINCE JAN 1    724                       824   -100      946
..................................................................


WIND (MPH)
  HIGHEST WIND SPEED    16   HIGHEST WIND DIRECTION    SE (150)
  HIGHEST GUST SPEED    20   HIGHEST GUST DIRECTION    SE (150)
  AVERAGE WIND SPEED     7.8


SKY COVER
  POSSIBLE SUNSHINE  MM
  AVERAGE SKY COVER 0.0


WEATHER CONDITIONS
 THE FOLLOWING WEATHER WAS RECORDED YESTERDAY.
  FOG


RELATIVE HUMIDITY (PERCENT)
 HIGHEST    92           900 PM
 LOWEST     57           400 PM
 AVERAGE    75

..........................................................


THE MITCHELL SD CLIMATE NORMALS FOR TODAY
                         NORMAL    RECORD    YEAR
 MAXIMUM TEMPERATURE (F)   36        63      1932
 MINIMUM TEMPERATURE (F)   17       -16      1896


SUNRISE AND SUNSET
NOVEMBER 29 2014......SUNRISE   744 AM CST   SUNSET   457 PM CST
NOVEMBER 30 2014......SUNRISE   745 AM CST   SUNSET   456 PM CST


-  INDICATES NEGATIVE NUMBERS.
R  INDICATES RECORD WAS SET OR TIED.
MM INDICATES DATA IS MISSING.
T  INDICATES TRACE AMOUNT.




$$
