000
CDUS43 KTOP 300633
CLIMHK


CLIMATE REPORT
NATIONAL WEATHER SERVICE TOPEKA KS
132 AM CDT SAT APR 30 2016


...................................

...THE MANHATTAN KS CLIMATE SUMMARY FOR APRIL 29 2016...

CLIMATE NORMAL PERIOD 1981 TO 2010
CLIMATE RECORD PERIOD 9999 TO 9999


WEATHER ITEM   OBSERVED NORMAL DEPARTURE LAST
                VALUE   VALUE  FROM      YEAR
                               NORMAL
...............................................
TEMPERATURE (F)
 YESTERDAY
  MAXIMUM         53     71    -18       73
  MINIMUM         47     46      1       40
  AVERAGE         50     58     -8       57

PRECIPITATION (IN)
  YESTERDAY        0.57   0.15   0.42     0.00
  MONTH TO DATE    7.78   2.66   5.12     2.52
  SINCE MAR 1      8.28   4.86   3.42     2.78
  SINCE JAN 1      9.26   6.58   2.68     4.24

DEGREE DAYS
 HEATING
  YESTERDAY       15      8      7        8
  MONTH TO DATE  223    339   -116      236
  SINCE MAR 1    696   1015   -319      817
  SINCE JUL 1   3993   5175  -1182     5011

 COOLING
  YESTERDAY        0      1     -1        0
  MONTH TO DATE   19     18      1        6
  SINCE MAR 1     28     20      8        8
  SINCE JAN 1     28     20      8        8
...............................................


WIND (MPH)
  HIGHEST WIND SPEED    25   HIGHEST WIND DIRECTION    NE (60)
  HIGHEST GUST SPEED    35   HIGHEST GUST DIRECTION     E (70)
  AVERAGE WIND SPEED    14.2


SKY COVER
  AVERAGE SKY COVER 0.9


WEATHER CONDITIONS
 THE FOLLOWING WEATHER WAS RECORDED YESTERDAY.
  HEAVY RAIN
  RAIN
  LIGHT RAIN
  FOG


RELATIVE HUMIDITY (PERCENT)
 HIGHEST    86
 LOWEST     71
 AVERAGE    79

..........................................................


THE MANHATTAN KS CLIMATE NORMALS FOR TODAY
                         NORMAL
 MAXIMUM TEMPERATURE (F)   71
 MINIMUM TEMPERATURE (F)   46


SUNRISE AND SUNSET
APRIL 30 2016.........SUNRISE   629 AM CDT   SUNSET   819 PM CDT
MAY  1 2016...........SUNRISE   628 AM CDT   SUNSET   820 PM CDT


-  INDICATES NEGATIVE NUMBERS.
R  INDICATES RECORD WAS SET OR TIED.
MM INDICATES DATA IS MISSING.
T  INDICATES TRACE AMOUNT.




$$
