000
CDUS43 KTOP 150635
CLIMHK


CLIMATE REPORT
NATIONAL WEATHER SERVICE TOPEKA KS
1234 AM CST FRI DEC 15 2017


...................................

...THE MANHATTAN KS CLIMATE SUMMARY FOR DECEMBER 14 2017...

CLIMATE NORMAL PERIOD 1981 TO 2010
CLIMATE RECORD PERIOD 9999 TO 9999


WEATHER ITEM   OBSERVED NORMAL DEPARTURE LAST
                VALUE   VALUE  FROM      YEAR
                               NORMAL
...............................................
TEMPERATURE (F)
 YESTERDAY
  MAXIMUM         49     42      7       30
  MINIMUM         31     20     11       11
  AVERAGE         40     30     10       21

PRECIPITATION (IN)
  YESTERDAY        0.00   0.02  -0.02     0.00
  MONTH TO DATE    0.00   0.52  -0.52     0.65
  SINCE DEC 1      0.00   0.52  -0.52     0.65
  SINCE JAN 1     27.94  32.05  -4.11    34.17

DEGREE DAYS
 HEATING
  YESTERDAY       25     34     -9       44
  MONTH TO DATE  360    452    -92      501
  SINCE DEC 1    360    452    -92      501
  SINCE JUL 1   1242   1527   -285     1111

 COOLING
  YESTERDAY        0      0      0        0
  MONTH TO DATE    0      0      0        0
  SINCE DEC 1      0      0      0        0
  SINCE JAN 1   1566   1362    204     1749
...............................................


WIND (MPH)
  HIGHEST WIND SPEED    12   HIGHEST WIND DIRECTION     W (270)
  HIGHEST GUST SPEED    17   HIGHEST GUST DIRECTION     W (290)
  AVERAGE WIND SPEED     4.6


SKY COVER
  AVERAGE SKY COVER 0.7


WEATHER CONDITIONS
 THE FOLLOWING WEATHER WAS RECORDED YESTERDAY.
  NO SIGNIFICANT WEATHER WAS OBSERVED.


RELATIVE HUMIDITY (PERCENT)
 HIGHEST    79
 LOWEST     42
 AVERAGE    61

..........................................................


THE MANHATTAN KS CLIMATE NORMALS FOR TODAY
                         NORMAL
 MAXIMUM TEMPERATURE (F)   41
 MINIMUM TEMPERATURE (F)   19


SUNRISE AND SUNSET
DECEMBER 15 2017......SUNRISE   739 AM CST   SUNSET   505 PM CST
DECEMBER 16 2017......SUNRISE   740 AM CST   SUNSET   505 PM CST


-  INDICATES NEGATIVE NUMBERS.
R  INDICATES RECORD WAS SET OR TIED.
MM INDICATES DATA IS MISSING.
T  INDICATES TRACE AMOUNT.




$$
