000
CDUS43 KTOP 010631
CLIMHK


CLIMATE REPORT
NATIONAL WEATHER SERVICE TOPEKA KS
131 AM CDT TUE SEP 1 2015


...................................

...THE MANHATTAN KS CLIMATE SUMMARY FOR AUGUST 31 2015...

CLIMATE NORMAL PERIOD 1981 TO 2010
CLIMATE RECORD PERIOD 9999 TO 9999


WEATHER ITEM   OBSERVED NORMAL DEPARTURE LAST
                VALUE   VALUE  FROM      YEAR
                               NORMAL
...............................................
TEMPERATURE (F)
 YESTERDAY
  MAXIMUM         94     87      7      100
  MINIMUM         62     61      1       63
  AVERAGE         78     74      4       82

PRECIPITATION (IN)
  YESTERDAY        0.00   0.17  -0.17     1.18
  MONTH TO DATE    3.35   4.28  -0.93     3.38
  SINCE JUN 1     10.74  13.34  -2.60    11.05
  SINCE JAN 1     24.96  24.54   0.42    16.90

DEGREE DAYS
 HEATING
  YESTERDAY        0      0      0        0
  MONTH TO DATE    0      0      0        0
  SINCE JUN 1      0     14    -14        1
  SINCE JUL 1      0      3     -3        1

 COOLING
  YESTERDAY       13      9      4       17
  MONTH TO DATE  336    377    -41      482
  SINCE JUN 1   1177   1083     94     1175
  SINCE JAN 1   1258   1183     75     1378
...............................................


WIND (MPH)
  HIGHEST WIND SPEED    15   HIGHEST WIND DIRECTION     S (170)
  HIGHEST GUST SPEED    23   HIGHEST GUST DIRECTION     S (170)
  AVERAGE WIND SPEED     6.1


SKY COVER
  AVERAGE SKY COVER 0.1


WEATHER CONDITIONS
 THE FOLLOWING WEATHER WAS RECORDED YESTERDAY.
  FOG
  FOG W/VISIBILITY <= 1/4 MILE


RELATIVE HUMIDITY (PERCENT)
 HIGHEST   100
 LOWEST     33
 AVERAGE    67

..........................................................


THE MANHATTAN KS CLIMATE NORMALS FOR TODAY
                         NORMAL
 MAXIMUM TEMPERATURE (F)   86
 MINIMUM TEMPERATURE (F)   61


SUNRISE AND SUNSET
SEPTEMBER  1 2015.....SUNRISE   655 AM CDT   SUNSET   758 PM CDT
SEPTEMBER  2 2015.....SUNRISE   656 AM CDT   SUNSET   756 PM CDT


-  INDICATES NEGATIVE NUMBERS.
R  INDICATES RECORD WAS SET OR TIED.
MM INDICATES DATA IS MISSING.
T  INDICATES TRACE AMOUNT.




$$
