000
CDUS43 KTOP 272138
CLIMHK


CLIMATE REPORT
NATIONAL WEATHER SERVICE TOPEKA KS
437 PM CDT WED MAY 27 2015


...................................

...THE MANHATTAN KS CLIMATE SUMMARY FOR MAY 27 2015...
VALID TODAY AS OF 0400 PM LOCAL TIME.

CLIMATE NORMAL PERIOD 1981 TO 2010
CLIMATE RECORD PERIOD 9999 TO 9999


WEATHER ITEM   OBSERVED NORMAL DEPARTURE LAST
                VALUE   VALUE  FROM      YEAR
                               NORMAL
...............................................
TEMPERATURE (F)
 TODAY
  MAXIMUM         82     80      2       84
  MINIMUM         51     55     -4       59
  AVERAGE         67     67      0       72

PRECIPITATION (IN)
  TODAY            0.00   0.17  -0.17     0.00
  MONTH TO DATE    9.03   3.78   5.25     2.15
  SINCE MAR 1     11.81   8.78   3.03     4.63
  SINCE JAN 1     13.27  10.50   2.77     5.85

DEGREE DAYS
 HEATING
  TODAY            0      2     -2        0
  MONTH TO DATE  101    118    -17      118
  SINCE MAR 1    926   1139   -213     1210
  SINCE JUL 1   5120   5299   -179     5741

 COOLING
  TODAY            2      4     -2        7
  MONTH TO DATE   63     64     -1      129
  SINCE MAR 1     71     81    -10      159
  SINCE JAN 1     71     81    -10      159
...............................................


WIND (MPH)
  HIGHEST WIND SPEED    13   HIGHEST WIND DIRECTION    SE (140)
  HIGHEST GUST SPEED    16   HIGHEST GUST DIRECTION     S (180)
  AVERAGE WIND SPEED     3.7



WEATHER CONDITIONS
 THE FOLLOWING WEATHER WAS RECORDED TODAY.
  NO SIGNIFICANT WEATHER WAS OBSERVED.


RELATIVE HUMIDITY (PERCENT)
 HIGHEST   100
 LOWEST     39
 AVERAGE    70

..........................................................


THE MANHATTAN KS CLIMATE NORMALS FOR TOMORROW
                         NORMAL
 MAXIMUM TEMPERATURE (F)   80
 MINIMUM TEMPERATURE (F)   56


SUNRISE AND SUNSET
MAY 27 2015...........SUNRISE   605 AM CDT   SUNSET   843 PM CDT
MAY 28 2015...........SUNRISE   604 AM CDT   SUNSET   844 PM CDT


-  INDICATES NEGATIVE NUMBERS.
R  INDICATES RECORD WAS SET OR TIED.
MM INDICATES DATA IS MISSING.
T  INDICATES TRACE AMOUNT.




$$
