000
CDUS43 KTOP 282240
CLIMHK


CLIMATE REPORT
NATIONAL WEATHER SERVICE TOPEKA KS
439 PM CST FRI NOV 28 2014


...................................

...THE MANHATTAN KS CLIMATE SUMMARY FOR NOVEMBER 28 2014...
VALID TODAY AS OF 430 PM LOCAL TIME.

CLIMATE NORMAL PERIOD 1981 TO 2010
CLIMATE RECORD PERIOD 9999 TO 9999


WEATHER ITEM   OBSERVED NORMAL DEPARTURE LAST
                VALUE   VALUE  FROM      YEAR
                               NORMAL
...............................................
TEMPERATURE (F)
 TODAY
  MAXIMUM         66     48     18       40
  MINIMUM         30     25      5       18
  AVERAGE         48     37     11       29

PRECIPITATION (IN)
  TODAY            0.00   0.03  -0.03     0.00
  MONTH TO DATE    0.11   1.54  -1.43     0.54
  SINCE SEP 1      3.83   6.93  -3.10     7.38
  SINCE JAN 1     20.73  31.47 -10.74    28.60

DEGREE DAYS
 HEATING
  TODAY           17     28    -11       36
  MONTH TO DATE  792    618    174      681
  SINCE SEP 1   1091   1014     77     1030
  SINCE JUL 1   1092   1017     75     1033

 COOLING
  TODAY            0      0      0        0
  MONTH TO DATE    0      0      0        0
  SINCE SEP 1    203    178     25      285
  SINCE JAN 1   1581   1361    220     1513
...............................................


WIND (MPH)
  HIGHEST WIND SPEED    20   HIGHEST WIND DIRECTION    SW (210)
  HIGHEST GUST SPEED    23   HIGHEST GUST DIRECTION    SW (220)
  AVERAGE WIND SPEED     9.5



WEATHER CONDITIONS
 THE FOLLOWING WEATHER WAS RECORDED TODAY.
  NO SIGNIFICANT WEATHER WAS OBSERVED.


RELATIVE HUMIDITY (PERCENT)
 HIGHEST    72
 LOWEST     31
 AVERAGE    52

..........................................................


THE MANHATTAN KS CLIMATE NORMALS FOR TOMORROW
                         NORMAL
 MAXIMUM TEMPERATURE (F)   48
 MINIMUM TEMPERATURE (F)   25


SUNRISE AND SUNSET
NOVEMBER 28 2014......SUNRISE   724 AM CST   SUNSET   505 PM CST
NOVEMBER 29 2014......SUNRISE   725 AM CST   SUNSET   505 PM CST


-  INDICATES NEGATIVE NUMBERS.
R  INDICATES RECORD WAS SET OR TIED.
MM INDICATES DATA IS MISSING.
T  INDICATES TRACE AMOUNT.




$$
