000
CDUS43 KTOP 210635
CLIMHK


CLIMATE REPORT
NATIONAL WEATHER SERVICE TOPEKA KS
1235 AM CST TUE FEB 21 2017


...................................

...THE MANHATTAN KS CLIMATE SUMMARY FOR FEBRUARY 20 2017...

CLIMATE NORMAL PERIOD 1981 TO 2010
CLIMATE RECORD PERIOD 9999 TO 9999


WEATHER ITEM   OBSERVED NORMAL DEPARTURE LAST
                VALUE   VALUE  FROM      YEAR
                               NORMAL
...............................................
TEMPERATURE (F)
 YESTERDAY
  MAXIMUM         64     47     17       75
  MINIMUM         42     22     20       30
  AVERAGE         53     34     19       53

PRECIPITATION (IN)
  YESTERDAY        0.39   0.05   0.34     0.00
  MONTH TO DATE    0.41   0.75  -0.34     0.41
  SINCE DEC 1      2.73   2.42   0.31     4.06
  SINCE JAN 1      1.79   1.40   0.39     0.97

DEGREE DAYS
 HEATING
  YESTERDAY       12     31    -19       12
  MONTH TO DATE  456    661   -205      528
  SINCE DEC 1   2515   2852   -337     2350
  SINCE JUL 1   3125   3927   -802     3089

 COOLING
  YESTERDAY        0      0      0        0
  MONTH TO DATE    0      0      0        0
  SINCE DEC 1      0      0      0        0
  SINCE JAN 1      0      0      0        0
...............................................


WIND (MPH)
  HIGHEST WIND SPEED    20   HIGHEST WIND DIRECTION    SW (210)
  HIGHEST GUST SPEED    24   HIGHEST GUST DIRECTION    SW (210)
  AVERAGE WIND SPEED     7.6


SKY COVER
  AVERAGE SKY COVER 0.4


WEATHER CONDITIONS
 THE FOLLOWING WEATHER WAS RECORDED YESTERDAY.
  THUNDERSTORM
  HEAVY RAIN
  RAIN
  LIGHT RAIN
  FOG


RELATIVE HUMIDITY (PERCENT)
 HIGHEST   100
 LOWEST     67
 AVERAGE    84

..........................................................


THE MANHATTAN KS CLIMATE NORMALS FOR TODAY
                         NORMAL
 MAXIMUM TEMPERATURE (F)   47
 MINIMUM TEMPERATURE (F)   22


SUNRISE AND SUNSET
FEBRUARY 21 2017......SUNRISE   710 AM CST   SUNSET   611 PM CST
FEBRUARY 22 2017......SUNRISE   709 AM CST   SUNSET   612 PM CST


-  INDICATES NEGATIVE NUMBERS.
R  INDICATES RECORD WAS SET OR TIED.
MM INDICATES DATA IS MISSING.
T  INDICATES TRACE AMOUNT.




$$
