000
CDUS43 KTOP 282238
CLIMHK


CLIMATE REPORT
NATIONAL WEATHER SERVICE TOPEKA KS
437 PM CST SAT FEB 28 2015


...................................

...THE MANHATTAN KS CLIMATE SUMMARY FOR FEBRUARY 28 2015...
VALID TODAY AS OF 430 PM LOCAL TIME.

CLIMATE NORMAL PERIOD 1981 TO 2010
CLIMATE RECORD PERIOD 9999 TO 9999


WEATHER ITEM   OBSERVED NORMAL DEPARTURE LAST
                VALUE   VALUE  FROM      YEAR
                               NORMAL
...............................................
TEMPERATURE (F)
 TODAY
  MAXIMUM         24     50    -26       51
  MINIMUM          8     24    -16       24
  AVERAGE         16     37    -21       38

PRECIPITATION (IN)
  TODAY            0.06   0.04   0.02      T
  MONTH TO DATE    0.54   1.07  -0.53     0.91
  SINCE DEC 1      3.68   2.74   0.94     1.81
  SINCE JAN 1      1.46   1.72  -0.26     1.22

DEGREE DAYS
 HEATING
  TODAY           49     28     21       27
  MONTH TO DATE 1047    894    153     1080
  SINCE DEC 1   3057   3085    -28     3444
  SINCE JUL 1   4194   4160     34     4531

 COOLING
  TODAY            0      0      0        0
  MONTH TO DATE    0      0      0        0
  SINCE DEC 1      0      0      0        0
  SINCE JAN 1      0      0      0        0
...............................................


WIND (MPH)
  HIGHEST WIND SPEED     8   HIGHEST WIND DIRECTION     S (160)
  HIGHEST GUST SPEED    11   HIGHEST GUST DIRECTION     S (160)
  AVERAGE WIND SPEED     4.2



WEATHER CONDITIONS
 THE FOLLOWING WEATHER WAS RECORDED TODAY.
  SNOW
  LIGHT SNOW
  FOG
  FOG W/VISIBILITY <= 1/4 MILE
  HAZE


RELATIVE HUMIDITY (PERCENT)
 HIGHEST    92
 LOWEST     74
 AVERAGE    83

..........................................................


THE MANHATTAN KS CLIMATE NORMALS FOR TOMORROW
                         NORMAL
 MAXIMUM TEMPERATURE (F)   50
 MINIMUM TEMPERATURE (F)   25


SUNRISE AND SUNSET
FEBRUARY 28 2015......SUNRISE   701 AM CST   SUNSET   618 PM CST
MARCH  1 2015.........SUNRISE   700 AM CST   SUNSET   619 PM CST


-  INDICATES NEGATIVE NUMBERS.
R  INDICATES RECORD WAS SET OR TIED.
MM INDICATES DATA IS MISSING.
T  INDICATES TRACE AMOUNT.




$$
