000
CDUS43 KTOP 020633
CLIMHK


CLIMATE REPORT
NATIONAL WEATHER SERVICE TOPEKA KS
132 AM CDT SAT AUG 2 2014


...................................

...THE MANHATTAN KS CLIMATE SUMMARY FOR AUGUST 1 2014...

CLIMATE NORMAL PERIOD 1981 TO 2010
CLIMATE RECORD PERIOD 9999 TO 9999


WEATHER ITEM   OBSERVED NORMAL DEPARTURE LAST
                VALUE   VALUE  FROM      YEAR
                               NORMAL
...............................................
TEMPERATURE (F)
 YESTERDAY
  MAXIMUM         92     91      1       89
  MINIMUM         64     67     -3       64
  AVERAGE         78     79     -1       77

PRECIPITATION (IN)
  YESTERDAY        0.00   0.09  -0.09     0.01
  MONTH TO DATE    0.00   0.09  -0.09     0.01
  SINCE JUN 1      7.67   9.15  -1.48     7.52
  SINCE JAN 1     13.52  20.35  -6.83    17.13

DEGREE DAYS
 HEATING
  YESTERDAY        0      0      0        0
  MONTH TO DATE    0      0      0        0
  SINCE JUN 1      1     12    -11       12
  SINCE JUL 1      1      1      0        3

 COOLING
  YESTERDAY       13     14     -1       12
  MONTH TO DATE   13     14     -1       12
  SINCE JUN 1    706    720    -14      723
  SINCE JAN 1    909    820     89      859
...............................................


WIND (MPH)
  HIGHEST WIND SPEED    14   HIGHEST WIND DIRECTION    SW (220)
  HIGHEST GUST SPEED    17   HIGHEST GUST DIRECTION    SW (220)
  AVERAGE WIND SPEED     5.5


SKY COVER
  AVERAGE SKY COVER 0.2


WEATHER CONDITIONS
 THE FOLLOWING WEATHER WAS RECORDED YESTERDAY.
  NO SIGNIFICANT WEATHER WAS OBSERVED.


RELATIVE HUMIDITY (PERCENT)
 HIGHEST    81
 LOWEST     32
 AVERAGE    57

..........................................................


THE MANHATTAN KS CLIMATE NORMALS FOR TODAY
                         NORMAL
 MAXIMUM TEMPERATURE (F)   91
 MINIMUM TEMPERATURE (F)   67


SUNRISE AND SUNSET
AUGUST  2 2014........SUNRISE   628 AM CDT   SUNSET   837 PM CDT
AUGUST  3 2014........SUNRISE   629 AM CDT   SUNSET   836 PM CDT


-  INDICATES NEGATIVE NUMBERS.
R  INDICATES RECORD WAS SET OR TIED.
MM INDICATES DATA IS MISSING.
T  INDICATES TRACE AMOUNT.




$$
