000
CDUS43 KTOP 270640
CLIMHK


CLIMATE REPORT
NATIONAL WEATHER SERVICE TOPEKA KS
139 AM CDT TUE JUN 27 2017


...................................

...THE MANHATTAN KS CLIMATE SUMMARY FOR JUNE 26 2017...

CLIMATE NORMAL PERIOD 1981 TO 2010
CLIMATE RECORD PERIOD 9999 TO 9999


WEATHER ITEM   OBSERVED NORMAL DEPARTURE LAST
                VALUE   VALUE  FROM      YEAR
                               NORMAL
...............................................
TEMPERATURE (F)
 YESTERDAY
  MAXIMUM         82     88     -6       88
  MINIMUM         53     65    -12       71
  AVERAGE         68     77     -9       80

PRECIPITATION (IN)
  YESTERDAY        0.06   0.15  -0.09     0.00
  MONTH TO DATE    0.56   4.54  -3.98     0.27
  SINCE JUN 1      0.56   4.54  -3.98     0.27
  SINCE JAN 1     14.42  15.74  -1.32    15.55

DEGREE DAYS
 HEATING
  YESTERDAY        0      0      0        0
  MONTH TO DATE    2      8     -6        0
  SINCE JUN 1      2      8     -6        0
  SINCE JUL 1   4171   5312  -1141     4115

 COOLING
  YESTERDAY        3     12     -9       15
  MONTH TO DATE  300    222     78      401
  SINCE JUN 1    300    222     78      401
  SINCE JAN 1    434    322    112      511
...............................................


WIND (MPH)
  HIGHEST WIND SPEED    16   HIGHEST WIND DIRECTION     E (90)
  HIGHEST GUST SPEED    22   HIGHEST GUST DIRECTION     E (80)
  AVERAGE WIND SPEED     5.9


SKY COVER
  AVERAGE SKY COVER 0.3


WEATHER CONDITIONS
 THE FOLLOWING WEATHER WAS RECORDED YESTERDAY.
  THUNDERSTORM
  LIGHT RAIN
  HAZE


RELATIVE HUMIDITY (PERCENT)
 HIGHEST   100
 LOWEST     51
 AVERAGE    76

..........................................................


THE MANHATTAN KS CLIMATE NORMALS FOR TODAY
                         NORMAL
 MAXIMUM TEMPERATURE (F)   89
 MINIMUM TEMPERATURE (F)   65


SUNRISE AND SUNSET
JUNE 27 2017..........SUNRISE   603 AM CDT   SUNSET   857 PM CDT
JUNE 28 2017..........SUNRISE   603 AM CDT   SUNSET   857 PM CDT


-  INDICATES NEGATIVE NUMBERS.
R  INDICATES RECORD WAS SET OR TIED.
MM INDICATES DATA IS MISSING.
T  INDICATES TRACE AMOUNT.




$$
