000
CDUS46 KMFR 180837
CLIMHS


CLIMATE REPORT
NATIONAL WEATHER SERVICE MEDFORD, OR
137 AM PDT THU SEP 18 2014


...................................

...THE MT SHASTA CITY CA CLIMATE SUMMARY FOR SEPTEMBER 17 2014...

CLIMATE NORMAL PERIOD 1981 TO 2010
CLIMATE RECORD PERIOD 1908 TO 2014


WEATHER ITEM   OBSERVED TIME   RECORD YEAR NORMAL DEPARTURE LAST
                VALUE   (LST)  VALUE       VALUE  FROM      YEAR
                                                  NORMAL
..................................................................
TEMPERATURE (F)
 YESTERDAY
  MAXIMUM         82    136 PM  92    1984  78      4       69
  MINIMUM         53   1220 AM  25    1965  43     10       47
  AVERAGE         68                        60      8       58

PRECIPITATION (IN)
  YESTERDAY        T             1.43 1948   0.02  -0.02     0.04
  MONTH TO DATE    T                         0.33  -0.33     0.04
  SINCE SEP 1      T                         0.33  -0.33     0.04
  SINCE JAN 1     12.28                     27.66 -15.38     7.22

SNOWFALL (IN)
  YESTERDAY       MM                         0.0   MM       MM
  MONTH TO DATE   MM                         0.0   MM       MM
  SINCE JUL 1     MM                         0.0   MM       MM
  SNOW DEPTH      MM

DEGREE DAYS
 HEATING
  YESTERDAY        0                         6     -6        7
  MONTH TO DATE    5                        70    -65       15
  SINCE SEP 1      5                        70    -65       15
  SINCE JUL 1     10                       145   -135       27

 COOLING
  YESTERDAY        3                         1      2        0
  MONTH TO DATE   36                        18     18       47
  SINCE SEP 1     36                        18     18       47
  SINCE JAN 1    534                       278    256      474
..................................................................


WIND (MPH)
  HIGHEST WIND SPEED     7   HIGHEST WIND DIRECTION    SE (130)
  HIGHEST GUST SPEED    18   HIGHEST GUST DIRECTION    SE (140)
  AVERAGE WIND SPEED     0.9


SKY COVER
  POSSIBLE SUNSHINE  MM
  AVERAGE SKY COVER 0.2


WEATHER CONDITIONS
 THE FOLLOWING WEATHER WAS RECORDED YESTERDAY.
  LIGHT RAIN


RELATIVE HUMIDITY (PERCENT)
 HIGHEST    64          1100 PM
 LOWEST     20          1200 PM

..........................................................


THE MT SHASTA CITY CA CLIMATE NORMALS FOR TODAY
                         NORMAL    RECORD    YEAR
 MAXIMUM TEMPERATURE (F)   78        93      1951
 MINIMUM TEMPERATURE (F)   43        28      1926


SUNRISE AND SUNSET
SEPTEMBER 18 2014.....SUNRISE   653 AM PDT   SUNSET   713 PM PDT
SEPTEMBER 19 2014.....SUNRISE   654 AM PDT   SUNSET   711 PM PDT


-  INDICATES NEGATIVE NUMBERS.
R  INDICATES RECORD WAS SET OR TIED.
MM INDICATES DATA IS MISSING.
T  INDICATES TRACE AMOUNT.




$$
