409
CDUS46 KMFR 290836
CLIMHS


CLIMATE REPORT
NATIONAL WEATHER SERVICE MEDFORD, OR
136 AM PDT SUN MAY 29 2016


...................................

...THE MT SHASTA CITY CA CLIMATE SUMMARY FOR MAY 28 2016...

CLIMATE NORMAL PERIOD 1981 TO 2010
CLIMATE RECORD PERIOD 1908 TO 2016


WEATHER ITEM   OBSERVED TIME   RECORD YEAR NORMAL DEPARTURE LAST
                VALUE   (LST)  VALUE       VALUE  FROM      YEAR
                                                  NORMAL
..................................................................
TEMPERATURE (F)
 YESTERDAY
  MAXIMUM         78    228 PM  94    1984  72      6       86
  MINIMUM         44    436 AM  27    1909  42      2       45
                                      1977
  AVERAGE         61                        57      4       66

PRECIPITATION (IN)
  YESTERDAY        0.00          1.48 1998   0.07  -0.07     0.00
  MONTH TO DATE    1.28                      2.01  -0.73     1.76
  SINCE OCT 1     39.91                     40.40  -0.49    34.67
  SINCE JAN 1     30.42                     25.19   5.23    15.15

SNOWFALL (IN)
  YESTERDAY       MM                         0.0   MM       MM
  MONTH TO DATE   MM                         0.3   MM       MM
  SINCE JUL 1     MM                        91.8   MM       MM
  SNOW DEPTH      MM

DEGREE DAYS
 HEATING
  YESTERDAY        4                         8     -4        0
  MONTH TO DATE  219                       312    -93      229
  SINCE MAR 1   1209                      1552   -343     1183
  SINCE JUL 1   4724                      5527   -803     4149

 COOLING
  YESTERDAY        0                         0      0        1
  MONTH TO DATE    4                         0      4        1
  SINCE MAR 1      4                         0      4        1
  SINCE JAN 1      4                         0      4        1
..................................................................


WIND (MPH)
  HIGHEST WIND SPEED    12   HIGHEST WIND DIRECTION     N (360)
  HIGHEST GUST SPEED    23   HIGHEST GUST DIRECTION     N (20)
  AVERAGE WIND SPEED     4.4


SKY COVER
  POSSIBLE SUNSHINE  MM
  AVERAGE SKY COVER 0.0


WEATHER CONDITIONS
 THE FOLLOWING WEATHER WAS RECORDED YESTERDAY.
  NO SIGNIFICANT WEATHER WAS OBSERVED.


RELATIVE HUMIDITY (PERCENT)
 HIGHEST    60           200 AM
 LOWEST     25           500 PM

..........................................................


THE MT SHASTA CITY CA CLIMATE NORMALS FOR TODAY
                         NORMAL    RECORD    YEAR
 MAXIMUM TEMPERATURE (F)   73        93      1984
 MINIMUM TEMPERATURE (F)   43        30      1929


SUNRISE AND SUNSET
MAY 29 2016...........SUNRISE   540 AM PDT   SUNSET   834 PM PDT
MAY 30 2016...........SUNRISE   539 AM PDT   SUNSET   835 PM PDT


-  INDICATES NEGATIVE NUMBERS.
R  INDICATES RECORD WAS SET OR TIED.
MM INDICATES DATA IS MISSING.
T  INDICATES TRACE AMOUNT.




$$
