669
CDUS46 KMFR 190856
CLIMHS


CLIMATE REPORT
NATIONAL WEATHER SERVICE MEDFORD, OR
1252 AM PST FRI JAN 19 2018


...................................

...THE MT SHASTA CITY CA CLIMATE SUMMARY FOR JANUARY 18 2018...

CLIMATE NORMAL PERIOD 1981 TO 2010
CLIMATE RECORD PERIOD 1908 TO 2018


WEATHER ITEM   OBSERVED TIME   RECORD YEAR NORMAL DEPARTURE LAST
                VALUE   (LST)  VALUE       VALUE  FROM      YEAR
                                                  NORMAL
..................................................................
TEMPERATURE (F)
 YESTERDAY
  MAXIMUM         47   1232 AM  64    1920  46      1       38
                                      1994
  MINIMUM         33   1159 PM   2    1943  27      6       33
  AVERAGE         40                        36      4       36

PRECIPITATION (IN)
  YESTERDAY        0.61          2.69 2010   0.22   0.39    MM
  MONTH TO DATE    2.81                      4.27  -1.46     7.11
  SINCE OCT 1      8.64                     19.48 -10.84    28.27
  SINCE JAN 1      2.81                      4.27  -1.46     7.11

SNOWFALL (IN)
  YESTERDAY       MM                         0.6   MM       MM
  MONTH TO DATE   MM                        13.1   MM       MM
  SINCE JUL 1     MM                        45.8   MM       MM
  SNOW DEPTH      MM

DEGREE DAYS
 HEATING
  YESTERDAY       25                        29     -4       29
  MONTH TO DATE  391                       532   -141      587
  SINCE DEC 1   1245                      1457   -212     1569
  SINCE JUL 1   2496                      2854   -358     2754

 COOLING
  YESTERDAY        0                         0      0        0
  MONTH TO DATE    0                         0      0        0
  SINCE DEC 1      0                         0      0        0
  SINCE JAN 1      0                         0      0        0
..................................................................


WIND (MPH)
  HIGHEST WIND SPEED    10   HIGHEST WIND DIRECTION     E (90)
  HIGHEST GUST SPEED    20   HIGHEST GUST DIRECTION     E (80)
  AVERAGE WIND SPEED     3.7


SKY COVER
  POSSIBLE SUNSHINE  MM
  AVERAGE SKY COVER 1.0


WEATHER CONDITIONS
 THE FOLLOWING WEATHER WAS RECORDED YESTERDAY.
  RAIN
  LIGHT RAIN
  FOG


RELATIVE HUMIDITY (PERCENT)
 HIGHEST   100           900 PM
 LOWEST     82           400 PM

..........................................................


THE MT SHASTA CITY CA CLIMATE NORMALS FOR TODAY
                         NORMAL    RECORD    YEAR
 MAXIMUM TEMPERATURE (F)   46        66      1920
 MINIMUM TEMPERATURE (F)   27        -5      1922


SUNRISE AND SUNSET
JANUARY 19 2018.......SUNRISE   731 AM PST   SUNSET   510 PM PST
JANUARY 20 2018.......SUNRISE   730 AM PST   SUNSET   511 PM PST


-  INDICATES NEGATIVE NUMBERS.
R  INDICATES RECORD WAS SET OR TIED.
MM INDICATES DATA IS MISSING.
T  INDICATES TRACE AMOUNT.




$$
