000
CDUS46 KMFR 120837
CLIMHS


CLIMATE REPORT
NATIONAL WEATHER SERVICE MEDFORD, OR
1236 AM PST FRI FEB 12 2016


...................................

...THE MT SHASTA CITY CA CLIMATE SUMMARY FOR FEBRUARY 11 2016...

CLIMATE NORMAL PERIOD 1981 TO 2010
CLIMATE RECORD PERIOD 1908 TO 2016


WEATHER ITEM   OBSERVED TIME   RECORD YEAR NORMAL DEPARTURE LAST
                VALUE   (LST)  VALUE       VALUE  FROM      YEAR
                                                  NORMAL
..................................................................
TEMPERATURE (F)
 YESTERDAY
  MAXIMUM         67R   218 PM  67    1971  48     19       58
  MINIMUM         37   1147 PM  10    1929  28      9       32
  AVERAGE         52                        38     14       45

PRECIPITATION (IN)
  YESTERDAY        0.00          1.75 1992   0.24  -0.24     0.00
  MONTH TO DATE    0.13                      2.66  -2.53    10.10
  SINCE OCT 1     22.62                     24.93  -2.31    30.10
  SINCE JAN 1     13.13                      9.72   3.41    10.58

SNOWFALL (IN)
  YESTERDAY       MM                         0.7   MM       MM
  MONTH TO DATE   MM                         7.5   MM       MM
  SINCE JUL 1     MM                        60.8   MM       MM
  SNOW DEPTH      MM

DEGREE DAYS
 HEATING
  YESTERDAY       13                        27    -14       20
  MONTH TO DATE  242                       305    -63      220
  SINCE DEC 1   2014                      2134   -120     1634
  SINCE JUL 1   3146                      3531   -385     2644

 COOLING
  YESTERDAY        0                         0      0        0
  MONTH TO DATE    0                         0      0        0
  SINCE DEC 1      0                         0      0        0
  SINCE JAN 1      0                         0      0        0
..................................................................


WIND (MPH)
  HIGHEST WIND SPEED     6   HIGHEST WIND DIRECTION    SE (120)
  HIGHEST GUST SPEED    11   HIGHEST GUST DIRECTION    SE (150)
  AVERAGE WIND SPEED     0.6


SKY COVER
  POSSIBLE SUNSHINE  MM
  AVERAGE SKY COVER 0.0


WEATHER CONDITIONS
 THE FOLLOWING WEATHER WAS RECORDED YESTERDAY.
  HAZE


RELATIVE HUMIDITY (PERCENT)
 HIGHEST    79           600 AM
 LOWEST     28           100 PM

..........................................................


THE MT SHASTA CITY CA CLIMATE NORMALS FOR TODAY
                         NORMAL    RECORD    YEAR
 MAXIMUM TEMPERATURE (F)   48        65      1996
 MINIMUM TEMPERATURE (F)   28         7      1922


SUNRISE AND SUNSET
FEBRUARY 12 2016......SUNRISE   708 AM PST   SUNSET   539 PM PST
FEBRUARY 13 2016......SUNRISE   707 AM PST   SUNSET   540 PM PST


-  INDICATES NEGATIVE NUMBERS.
R  INDICATES RECORD WAS SET OR TIED.
MM INDICATES DATA IS MISSING.
T  INDICATES TRACE AMOUNT.




$$
