000
CDUS46 KMFR 280037
CLIMHS


CLIMATE REPORT
NATIONAL WEATHER SERVICE MEDFORD, OR
537 PM PDT MON JUL 27 2015


...................................

...THE MT SHASTA CITY CA CLIMATE SUMMARY FOR JULY 27 2015...
VALID TODAY AS OF 0500 PM LOCAL TIME.

CLIMATE NORMAL PERIOD 1981 TO 2010
CLIMATE RECORD PERIOD 1908 TO 2015


WEATHER ITEM   OBSERVED TIME   RECORD YEAR NORMAL DEPARTURE LAST
                VALUE   (LST)  VALUE       VALUE  FROM      YEAR
                                                  NORMAL
..................................................................
TEMPERATURE (F)
 TODAY
  MAXIMUM         79    320 PM  99    1931  88     -9       89
  MINIMUM         48    506 AM  39    1987  50     -2       59
  AVERAGE         64                        69     -5       74

PRECIPITATION (IN)
  TODAY            0.00          1.25 1944   0.01  -0.01     0.00
  MONTH TO DATE    1.50                      0.35   1.15     0.24
  SINCE OCT 1     36.40                     42.16  -5.76    13.18
  SINCE JAN 1     16.88                     26.95 -10.07    12.07

SNOWFALL (IN)
  TODAY           MM                         0.0   MM       MM
  MONTH TO DATE   MM                         0.0   MM       MM
  SINCE JUL 1     MM                         0.0   MM       MM
  SNOW DEPTH      MM

DEGREE DAYS
 HEATING
  TODAY            1                         1      0        0
  MONTH TO DATE    5                        33    -28        1
  SINCE JUN 1     26                       175   -149       57
  SINCE JUL 1      5                        33    -28        1

 COOLING
  TODAY            0                         5     -5        9
  MONTH TO DATE  143                       107     36      246
  SINCE JUN 1    318                       144    174      304
  SINCE JAN 1    323                       152    171      313
..................................................................


WIND (MPH)
  HIGHEST WIND SPEED    12   HIGHEST WIND DIRECTION    NW (300)
  HIGHEST GUST SPEED    19   HIGHEST GUST DIRECTION     N (20)
  AVERAGE WIND SPEED     5.8


SKY COVER
  POSSIBLE SUNSHINE  MM
  AVERAGE SKY COVER 0.0


WEATHER CONDITIONS
 THE FOLLOWING WEATHER WAS RECORDED TODAY.
  NO SIGNIFICANT WEATHER WAS OBSERVED.


RELATIVE HUMIDITY (PERCENT)
 HIGHEST    80           500 AM
 LOWEST     27          1200 PM

..........................................................


THE MT SHASTA CITY CA CLIMATE NORMALS FOR TOMORROW
                         NORMAL    RECORD    YEAR
 MAXIMUM TEMPERATURE (F)   88        98      2014
                                             2009
                                             1968
 MINIMUM TEMPERATURE (F)   50        38      1965


SUNRISE AND SUNSET
JULY 27 2015..........SUNRISE   600 AM PDT   SUNSET   831 PM PDT
JULY 28 2015..........SUNRISE   600 AM PDT   SUNSET   830 PM PDT


-  INDICATES NEGATIVE NUMBERS.
R  INDICATES RECORD WAS SET OR TIED.
MM INDICATES DATA IS MISSING.
T  INDICATES TRACE AMOUNT.




$$
