000
CDUS46 KMFR 290846
CLIMHS


CLIMATE REPORT
NATIONAL WEATHER SERVICE MEDFORD, OR
1246 AM PST MON DEC 29 2014


...................................

...THE MT SHASTA CITY CA CLIMATE SUMMARY FOR DECEMBER 28 2014...

CLIMATE NORMAL PERIOD 1981 TO 2010
CLIMATE RECORD PERIOD 1908 TO 2014


WEATHER ITEM   OBSERVED TIME   RECORD YEAR NORMAL DEPARTURE LAST
                VALUE   (LST)  VALUE       VALUE  FROM      YEAR
                                                  NORMAL
..................................................................
TEMPERATURE (F)
 YESTERDAY
  MAXIMUM         49    216 PM  60    1919  44      5       51
  MINIMUM         26    801 AM   0    1911  26      0       27
  AVERAGE         38                        35      3       39

PRECIPITATION (IN)
  YESTERDAY        0.00          2.47 2002   0.26  -0.26     0.00
  MONTH TO DATE   12.79                      7.09   5.70     0.24
  SINCE SEP 1     22.04                     15.12   6.92     2.82
  SINCE JAN 1     34.32                     42.45  -8.13    10.00

SNOWFALL (IN)
  YESTERDAY       MM                         1.0   MM       MM
  MONTH TO DATE   MM                        22.1   MM       MM
  SINCE JUL 1     MM                        29.9   MM        0.0
  SNOW DEPTH      MM

DEGREE DAYS
 HEATING
  YESTERDAY       27                        30     -3       26
  MONTH TO DATE  630                       832   -202      866
  SINCE DEC 1    630                       832   -202      866
  SINCE JUL 1   1640                      2229   -589     2103

 COOLING
  YESTERDAY        0                         0      0        0
  MONTH TO DATE    0                         0      0        0
  SINCE DEC 1      0                         0      0        0
  SINCE JAN 1    547                       288    259      474
..................................................................


WIND (MPH)
  HIGHEST WIND SPEED    12   HIGHEST WIND DIRECTION    NW (330)
  HIGHEST GUST SPEED    23   HIGHEST GUST DIRECTION     W (290)
  AVERAGE WIND SPEED     3.3


SKY COVER
  POSSIBLE SUNSHINE  MM
  AVERAGE SKY COVER 0.3


WEATHER CONDITIONS
 THE FOLLOWING WEATHER WAS RECORDED YESTERDAY.
  FOG
  HAZE


RELATIVE HUMIDITY (PERCENT)
 HIGHEST    92           600 AM
 LOWEST     46           100 PM

..........................................................


THE MT SHASTA CITY CA CLIMATE NORMALS FOR TODAY
                         NORMAL    RECORD    YEAR
 MAXIMUM TEMPERATURE (F)   44        65      1956
 MINIMUM TEMPERATURE (F)   26         2      1911


SUNRISE AND SUNSET
DECEMBER 29 2014......SUNRISE   735 AM PST   SUNSET   448 PM PST
DECEMBER 30 2014......SUNRISE   735 AM PST   SUNSET   449 PM PST


-  INDICATES NEGATIVE NUMBERS.
R  INDICATES RECORD WAS SET OR TIED.
MM INDICATES DATA IS MISSING.
T  INDICATES TRACE AMOUNT.




$$
