000
CDUS46 KMFR 300840
CLIMHS


CLIMATE REPORT
NATIONAL WEATHER SERVICE MEDFORD, OR
140 AM PDT TUE MAY 30 2017


...................................

...THE MT SHASTA CITY CA CLIMATE SUMMARY FOR MAY 29 2017...

CLIMATE NORMAL PERIOD 1981 TO 2010
CLIMATE RECORD PERIOD 1908 TO 2017


WEATHER ITEM   OBSERVED TIME   RECORD YEAR NORMAL DEPARTURE LAST
                VALUE   (LST)  VALUE       VALUE  FROM      YEAR
                                                  NORMAL
..................................................................
TEMPERATURE (F)
 YESTERDAY
  MAXIMUM         89    141 PM  93    1984  73     16       79
  MINIMUM         48    510 AM  30    1929  43      5       47
  AVERAGE         69                        58     11       63

PRECIPITATION (IN)
  YESTERDAY        0.00          1.43 1956   0.07  -0.07     0.00
  MONTH TO DATE    0.17                      2.08  -1.91     1.28
  SINCE OCT 1     58.11                     40.47  17.64    39.91
  SINCE JAN 1     36.95                     25.26  11.69    30.42

SNOWFALL (IN)
  YESTERDAY       MM                         0.0   MM       MM
  MONTH TO DATE   MM                         0.3   MM       MM
  SINCE JUL 1     MM                        91.8   MM       MM
  SNOW DEPTH      MM

DEGREE DAYS
 HEATING
  YESTERDAY        0                         8     -8        2
  MONTH TO DATE  228                       320    -92      221
  SINCE MAR 1   1408                      1560   -152     1211
  SINCE JUL 1   5305                      5535   -230     4726

 COOLING
  YESTERDAY        4                         1      3        0
  MONTH TO DATE   14                         1     13        4
  SINCE MAR 1     14                         1     13        4
  SINCE JAN 1     14                         1     13        4
..................................................................


WIND (MPH)
  HIGHEST WIND SPEED     6   HIGHEST WIND DIRECTION     E (70)
  HIGHEST GUST SPEED    13   HIGHEST GUST DIRECTION    SE (140)
  AVERAGE WIND SPEED     0.7


SKY COVER
  POSSIBLE SUNSHINE  MM
  AVERAGE SKY COVER 0.0


WEATHER CONDITIONS
 THE FOLLOWING WEATHER WAS RECORDED YESTERDAY.
  NO SIGNIFICANT WEATHER WAS OBSERVED.


RELATIVE HUMIDITY (PERCENT)
 HIGHEST    71           500 AM
 LOWEST     18           100 PM

..........................................................


THE MT SHASTA CITY CA CLIMATE NORMALS FOR TODAY
                         NORMAL    RECORD    YEAR
 MAXIMUM TEMPERATURE (F)   73        99      1910
 MINIMUM TEMPERATURE (F)   43        24      1908


SUNRISE AND SUNSET
MAY 30 2017...........SUNRISE   539 AM PDT   SUNSET   835 PM PDT
MAY 31 2017...........SUNRISE   539 AM PDT   SUNSET   836 PM PDT


-  INDICATES NEGATIVE NUMBERS.
R  INDICATES RECORD WAS SET OR TIED.
MM INDICATES DATA IS MISSING.
T  INDICATES TRACE AMOUNT.




$$
