000
CDUS42 KMFL 260856
CLIMIA


CLIMATE REPORT
NATIONAL WEATHER SERVICE MIAMI, FL
456 AM EDT SAT JUL 26 2014


...................................

...THE MIAMI CLIMATE SUMMARY FOR JULY 25 2014...

CLIMATE NORMAL PERIOD 1981 TO 2010
CLIMATE RECORD PERIOD 1839 TO 2014


WEATHER ITEM   OBSERVED TIME   RECORD YEAR NORMAL DEPARTURE LAST
                VALUE   (LST)  VALUE       VALUE  FROM      YEAR
                                                  NORMAL
..................................................................
TEMPERATURE (F)
 YESTERDAY
  MAXIMUM         91   1016 AM  96    1940  91      0       93
  MINIMUM         78    442 AM  71    1984  78      0       75
                                      1951
                                      1910
  AVERAGE         85                        84      1       84

PRECIPITATION (IN)
  YESTERDAY        0.15          2.29 1937   0.19  -0.04     0.00
  MONTH TO DATE    8.38                      5.29   3.09    11.90
  SINCE JUN 1     28.00                     14.96  13.04    18.08
  SINCE JAN 1     38.15                     30.31   7.84    37.45

SNOWFALL (IN)
  YESTERDAY        0.0
  MONTH TO DATE    0.0
  SINCE JUN 1      0.0
  SINCE JUL 1      0.0
  SNOW DEPTH       0

DEGREE DAYS
 HEATING
  YESTERDAY        0                         0      0
  MONTH TO DATE    0                         0      0
  SINCE JUN 1      0                         0      0
  SINCE JUL 1      0                         0      0

 COOLING
  YESTERDAY       20                        19      1
  MONTH TO DATE  471                       474     -3
  SINCE JUN 1    973                      1006    -33
  SINCE JAN 1   2547                      2362    185
..................................................................


WIND (MPH)
  HIGHEST WIND SPEED    17   HIGHEST WIND DIRECTION    NE (50)
  HIGHEST GUST SPEED    24   HIGHEST GUST DIRECTION     E (70)
  AVERAGE WIND SPEED     4.1


SKY COVER
  POSSIBLE SUNSHINE  59 PERCENT
  AVERAGE SKY COVER 0.4


WEATHER CONDITIONS
 THE FOLLOWING WEATHER WAS RECORDED YESTERDAY.
  THUNDERSTORM
  HEAVY RAIN
  LIGHT RAIN


RELATIVE HUMIDITY (PERCENT)
 HIGHEST    85
 LOWEST     59
 AVERAGE    72

..........................................................


THE MIAMI CLIMATE NORMALS FOR TODAY
                         NORMAL    RECORD    YEAR
 MAXIMUM TEMPERATURE (F)   91        97      1983
 MINIMUM TEMPERATURE (F)   78        70      1946


SUNRISE AND SUNSET
JULY 26 2014..........SUNRISE   644 AM EDT   SUNSET   811 PM EDT
JULY 27 2014..........SUNRISE   645 AM EDT   SUNSET   810 PM EDT


-  INDICATES NEGATIVE NUMBERS.
R  INDICATES RECORD WAS SET OR TIED.
MM INDICATES DATA IS MISSING.
T  INDICATES TRACE AMOUNT.




$$
