000
CDUS42 KMFL 262022
CLIMIA


CLIMATE REPORT
NATIONAL WEATHER SERVICE MIAMI, FL
421 PM EDT FRI AUG 26 2016


...................................

...THE MIAMI CLIMATE SUMMARY FOR AUGUST 26 2016...
VALID TODAY AS OF 0400 PM LOCAL TIME.

CLIMATE NORMAL PERIOD 1981 TO 2010
CLIMATE RECORD PERIOD 1895 TO 2016


WEATHER ITEM   OBSERVED TIME   RECORD YEAR NORMAL DEPARTURE LAST
                VALUE   (LST)  VALUE       VALUE  FROM      YEAR
                                                  NORMAL
..................................................................
TEMPERATURE (F)
 TODAY
  MAXIMUM         92    156 PM  94    2011  91      1       90
                                      2001
                                      1958
  MINIMUM         78    330 AM  70    1939  77      1       76
  AVERAGE         85                        84      1       83

PRECIPITATION (IN)
  TODAY            0.21          2.67 2006   0.31  -0.10     0.35
  MONTH TO DATE   10.95                      7.30   3.65     6.04
  SINCE JUN 1     23.78                     23.47   0.31    15.55
  SINCE JAN 1     44.17                     38.82   5.35    27.05

SNOWFALL (IN)
  TODAY            0.0
  MONTH TO DATE    0.0
  SINCE JUN 1      0.0
  SINCE JUL 1      0.0
  SNOW DEPTH       0

DEGREE DAYS
 HEATING
  TODAY            0                         0      0        0
  MONTH TO DATE    0                         0      0        0
  SINCE JUN 1      0                         0      0        0
  SINCE JUL 1      0                         0      0        0

 COOLING
  TODAY           20                        19      1       18
  MONTH TO DATE  501                       502     -1      521
  SINCE JUN 1   1682                      1626     56     1705
  SINCE JAN 1   3144                      2982    162     3382
..................................................................


WIND (MPH)
  HIGHEST WIND SPEED    17   HIGHEST WIND DIRECTION     E (90)
  HIGHEST GUST SPEED    27   HIGHEST GUST DIRECTION     N (340)
  AVERAGE WIND SPEED     7.6


SKY COVER
  AVERAGE SKY COVER 0.9


WEATHER CONDITIONS
 THE FOLLOWING WEATHER WAS RECORDED TODAY.
  THUNDERSTORM
  RAIN
  LIGHT RAIN
  FOG


RELATIVE HUMIDITY (PERCENT)
 HIGHEST    88
 LOWEST     60
 AVERAGE    74

..........................................................


THE MIAMI CLIMATE NORMALS FOR TOMORROW
                         NORMAL    RECORD    YEAR
 MAXIMUM TEMPERATURE (F)   91        97      1954
 MINIMUM TEMPERATURE (F)   77        70      1939
                                             1921
                                             1908


SUNRISE AND SUNSET
AUGUST 26 2016........SUNRISE   659 AM EDT   SUNSET   746 PM EDT
AUGUST 27 2016........SUNRISE   700 AM EDT   SUNSET   745 PM EDT


-  INDICATES NEGATIVE NUMBERS.
R  INDICATES RECORD WAS SET OR TIED.
MM INDICATES DATA IS MISSING.
T  INDICATES TRACE AMOUNT.




$$
