006
CDUS42 KMFL 212016
CLIMIA


CLIMATE REPORT
NATIONAL WEATHER SERVICE MIAMI, FL
416 PM EDT MON AUG 21 2017


...................................

...THE MIAMI CLIMATE SUMMARY FOR AUGUST 21 2017...
VALID TODAY AS OF 0400 PM LOCAL TIME.

CLIMATE NORMAL PERIOD 1981 TO 2010
CLIMATE RECORD PERIOD 1895 TO 2017


WEATHER ITEM   OBSERVED TIME   RECORD YEAR NORMAL DEPARTURE LAST
                VALUE   (LST)  VALUE       VALUE  FROM      YEAR
                                                  NORMAL
..................................................................
TEMPERATURE (F)
 TODAY
  MAXIMUM         93   1149 AM  97    1993  91      2       94
  MINIMUM         83    247 AM  70    1910  77      6       79
  AVERAGE         88                        84      4       87

PRECIPITATION (IN)
  TODAY            T             2.22 1957   0.29  -0.29     0.00
  MONTH TO DATE    2.88                      5.77  -2.89    10.72
  SINCE JUN 1     31.30                     21.94   9.36    23.55
  SINCE JAN 1     44.78                     37.29   7.49    43.94

SNOWFALL (IN)
  TODAY            0.0
  MONTH TO DATE    0.0
  SINCE JUN 1      0.0
  SINCE JUL 1      0.0
  SNOW DEPTH       0

DEGREE DAYS
 HEATING
  TODAY            0                         0      0        0
  MONTH TO DATE    0                         0      0        0
  SINCE JUN 1      0                         0      0        0
  SINCE JUL 1      0                         0      0        0

 COOLING
  TODAY           23                        19      4       22
  MONTH TO DATE  459                       407     52      393
  SINCE JUN 1   1677                      1531    146     1574
  SINCE JAN 1   3381                      2887    494     3036
..................................................................


WIND (MPH)
  HIGHEST WIND SPEED    18   HIGHEST WIND DIRECTION     E (90)
  HIGHEST GUST SPEED    23   HIGHEST GUST DIRECTION     E (110)
  AVERAGE WIND SPEED    12.1


SKY COVER
  AVERAGE SKY COVER 0.4


WEATHER CONDITIONS
 THE FOLLOWING WEATHER WAS RECORDED TODAY.
  NO SIGNIFICANT WEATHER WAS OBSERVED.


RELATIVE HUMIDITY (PERCENT)
 HIGHEST    70
 LOWEST     52
 AVERAGE    61

..........................................................


THE MIAMI CLIMATE NORMALS FOR TOMORROW
                         NORMAL    RECORD    YEAR
 MAXIMUM TEMPERATURE (F)   91        96      1993
 MINIMUM TEMPERATURE (F)   77        70      1938
                                             1933
                                             1924


SUNRISE AND SUNSET
AUGUST 21 2017........SUNRISE   657 AM EDT   SUNSET   751 PM EDT
AUGUST 22 2017........SUNRISE   657 AM EDT   SUNSET   750 PM EDT


-  INDICATES NEGATIVE NUMBERS.
R  INDICATES RECORD WAS SET OR TIED.
MM INDICATES DATA IS MISSING.
T  INDICATES TRACE AMOUNT.




$$
