087
CDUS42 KMFL 300830
CLIMIA


CLIMATE REPORT
NATIONAL WEATHER SERVICE MIAMI, FL
430 AM EDT SUN APR 30 2017


...................................

...THE MIAMI CLIMATE SUMMARY FOR APRIL 29 2017...

CLIMATE NORMAL PERIOD 1981 TO 2010
CLIMATE RECORD PERIOD 1895 TO 2017


WEATHER ITEM   OBSERVED TIME   RECORD YEAR NORMAL DEPARTURE LAST
                VALUE   (LST)  VALUE       VALUE  FROM      YEAR
                                                  NORMAL
..................................................................
TEMPERATURE (F)
 YESTERDAY
  MAXIMUM         88    135 PM  92    1986  85      3       87
  MINIMUM         79    606 AM  48    1928  70      9       74
  AVERAGE         84                        78      6       81

PRECIPITATION (IN)
  YESTERDAY        0.00          2.88 2012   0.10  -0.10     0.00
  MONTH TO DATE    2.16                      3.05  -0.89     1.09
  SINCE NOV 1     14.06                     15.23  -1.17    29.49
  SINCE JAN 1     10.79                      9.92   0.87    12.12

SNOWFALL (IN)
  YESTERDAY        0.0
  MONTH TO DATE    0.0
  SINCE MAR 1      0.0
  SINCE JUL 1      0.0
  SNOW DEPTH       0

DEGREE DAYS
 HEATING
  YESTERDAY        0                         0      0        0
  MONTH TO DATE    0                         0      0        0
  SINCE MAR 1      3                        11     -8        0
  SINCE JUL 1     17                       127   -110       67

 COOLING
  YESTERDAY       19                        13      6       16
  MONTH TO DATE  377                       311     66      353
  SINCE MAR 1    648                       558     90      717
  SINCE JAN 1   1142                       880    262      974
..................................................................


WIND (MPH)
  HIGHEST WIND SPEED    23   HIGHEST WIND DIRECTION     E (100)
  HIGHEST GUST SPEED    30   HIGHEST GUST DIRECTION     E (100)
  AVERAGE WIND SPEED    17.3


SKY COVER
  POSSIBLE SUNSHINE  54 PERCENT
  AVERAGE SKY COVER 0.7


WEATHER CONDITIONS
 THE FOLLOWING WEATHER WAS RECORDED YESTERDAY.
  NO SIGNIFICANT WEATHER WAS OBSERVED.


RELATIVE HUMIDITY (PERCENT)
 HIGHEST    74
 LOWEST     51
 AVERAGE    63

..........................................................


THE MIAMI CLIMATE NORMALS FOR TODAY
                         NORMAL    RECORD    YEAR
 MAXIMUM TEMPERATURE (F)   85        96      1971
 MINIMUM TEMPERATURE (F)   70        55      1939
                                             1938
                                             1916


SUNRISE AND SUNSET
APRIL 30 2017.........SUNRISE   645 AM EDT   SUNSET   752 PM EDT
MAY  1 2017...........SUNRISE   644 AM EDT   SUNSET   753 PM EDT


-  INDICATES NEGATIVE NUMBERS.
R  INDICATES RECORD WAS SET OR TIED.
MM INDICATES DATA IS MISSING.
T  INDICATES TRACE AMOUNT.




$$
