000
CDUS42 KMFL 232025
CLIMIA


CLIMATE REPORT
NATIONAL WEATHER SERVICE MIAMI, FL
425 PM EDT TUE SEP 23 2014


...................................

...THE MIAMI CLIMATE SUMMARY FOR SEPTEMBER 23 2014...
VALID TODAY AS OF 0400 PM LOCAL TIME.

CLIMATE NORMAL PERIOD 1981 TO 2010
CLIMATE RECORD PERIOD 1839 TO 2014


WEATHER ITEM   OBSERVED TIME   RECORD YEAR NORMAL DEPARTURE LAST
                VALUE   (LST)  VALUE       VALUE  FROM      YEAR
                                                  NORMAL
..................................................................
TEMPERATURE (F)
 TODAY
  MAXIMUM         80    317 PM  94    1943  89     -9       88
  MINIMUM         72    841 AM  65    1897  76     -4       77
  AVERAGE         76                        83     -7       83

PRECIPITATION (IN)
  TODAY            0.62          3.48 1960   0.33   0.29     1.37
  MONTH TO DATE    6.28                      7.60  -1.32     9.25
  SINCE JUN 1     45.26                     32.65  12.61    32.56
  SINCE JAN 1     55.41                     48.00   7.41    51.93

SNOWFALL (IN)
  TODAY            0.0
  MONTH TO DATE    0.0
  SINCE SEP 1      0.0
  SINCE JUL 1      0.0
  SNOW DEPTH       0

DEGREE DAYS
 HEATING
  TODAY            0                         0      0        0
  MONTH TO DATE    0                         0      0        0
  SINCE SEP 1      0                         0      0        0
  SINCE JUL 1      0                         0      0        0

 COOLING
  TODAY           11                        18     -7       18
  MONTH TO DATE  406                       416    -10      413
  SINCE SEP 1    406                       416    -10      413
  SINCE JAN 1   3701                      3491    210     3550
..................................................................


WIND (MPH)
  HIGHEST WIND SPEED    12   HIGHEST WIND DIRECTION    SW (220)
  HIGHEST GUST SPEED    MM   HIGHEST GUST DIRECTION    MM
  AVERAGE WIND SPEED     5.6


SKY COVER
  AVERAGE SKY COVER 0.8


WEATHER CONDITIONS
 THE FOLLOWING WEATHER WAS RECORDED TODAY.
  THUNDERSTORM
  LIGHT RAIN
  FOG


RELATIVE HUMIDITY (PERCENT)
 HIGHEST    94
 LOWEST     85
 AVERAGE    90

..........................................................


THE MIAMI CLIMATE NORMALS FOR TOMORROW
                         NORMAL    RECORD    YEAR
 MAXIMUM TEMPERATURE (F)   89        92      2013
                                             2011
 MINIMUM TEMPERATURE (F)   76        70      1943
                                             1918
                                             1897


SUNRISE AND SUNSET
SEPTEMBER 23 2014.....SUNRISE   710 AM EDT   SUNSET   716 PM EDT
SEPTEMBER 24 2014.....SUNRISE   710 AM EDT   SUNSET   715 PM EDT


-  INDICATES NEGATIVE NUMBERS.
R  INDICATES RECORD WAS SET OR TIED.
MM INDICATES DATA IS MISSING.
T  INDICATES TRACE AMOUNT.




$$
