000
CDUS42 KMFL 260935
CLIMIA


CLIMATE REPORT
NATIONAL WEATHER SERVICE MIAMI, FL
435 AM EST SUN FEB 26 2017


...................................

...THE MIAMI CLIMATE SUMMARY FOR FEBRUARY 25 2017...

CLIMATE NORMAL PERIOD 1981 TO 2010
CLIMATE RECORD PERIOD 1895 TO 2017


WEATHER ITEM   OBSERVED TIME   RECORD YEAR NORMAL DEPARTURE LAST
                VALUE   (LST)  VALUE       VALUE  FROM      YEAR
                                                  NORMAL
..................................................................
TEMPERATURE (F)
 YESTERDAY
  MAXIMUM         86    248 PM  89    1994  79      7       70
  MINIMUM         65    702 AM  37    1989  63      2       59
  AVERAGE         76                        71      5       65

PRECIPITATION (IN)
  YESTERDAY        0.00          1.78 2004   0.08  -0.08     0.01
  MONTH TO DATE    1.30                      2.00  -0.70     2.85
  SINCE NOV 1      7.97                      8.93  -0.96    27.79
  SINCE JAN 1      4.70                      3.62   1.08    10.42

SNOWFALL (IN)
  YESTERDAY        0.0
  MONTH TO DATE    0.0
  SINCE DEC 1      0.0
  SINCE JUL 1      0.0
  SNOW DEPTH       0

DEGREE DAYS
 HEATING
  YESTERDAY        0                         1     -1        0
  MONTH TO DATE    0                        25    -25       22
  SINCE DEC 1     14                       112    -98       62
  SINCE JUL 1     14                       115   -101       62

 COOLING
  YESTERDAY       11                         7      4        0
  MONTH TO DATE  198                       150     48      129
  SINCE DEC 1    827                       504    323      638
  SINCE JAN 1    456                       301    155      250
..................................................................


WIND (MPH)
  HIGHEST WIND SPEED    10   HIGHEST WIND DIRECTION    SW (240)
  HIGHEST GUST SPEED    18   HIGHEST GUST DIRECTION    SW (240)
  AVERAGE WIND SPEED     5.2


SKY COVER
  POSSIBLE SUNSHINE  63 PERCENT
  AVERAGE SKY COVER 0.6


WEATHER CONDITIONS
 THE FOLLOWING WEATHER WAS RECORDED YESTERDAY.
  FOG
  FOG W/VISIBILITY <= 1/4 MILE


RELATIVE HUMIDITY (PERCENT)
 HIGHEST   100
 LOWEST     48
 AVERAGE    74

..........................................................


THE MIAMI CLIMATE NORMALS FOR TODAY
                         NORMAL    RECORD    YEAR
 MAXIMUM TEMPERATURE (F)   79        88      1897
 MINIMUM TEMPERATURE (F)   63        36      1967


SUNRISE AND SUNSET
FEBRUARY 26 2017......SUNRISE   647 AM EST   SUNSET   621 PM EST
FEBRUARY 27 2017......SUNRISE   646 AM EST   SUNSET   622 PM EST


-  INDICATES NEGATIVE NUMBERS.
R  INDICATES RECORD WAS SET OR TIED.
MM INDICATES DATA IS MISSING.
T  INDICATES TRACE AMOUNT.




$$
