887
CDUS42 KMFL 172124
CLIMIA


CLIMATE REPORT
NATIONAL WEATHER SERVICE MIAMI, FL
423 PM EST SUN DEC 17 2017


...................................

...THE MIAMI CLIMATE SUMMARY FOR DECEMBER 17 2017...
VALID TODAY AS OF 0400 PM LOCAL TIME.

CLIMATE NORMAL PERIOD 1981 TO 2010
CLIMATE RECORD PERIOD 1895 TO 2017


WEATHER ITEM   OBSERVED TIME   RECORD YEAR NORMAL DEPARTURE LAST
                VALUE   (LST)  VALUE       VALUE  FROM      YEAR
                                                  NORMAL
..................................................................
TEMPERATURE (F)
 TODAY
  MAXIMUM         83   1237 PM  85    2016  78      5       85
                                      1965
  MINIMUM         67    601 AM  41    1942  63      4       76
  AVERAGE         75                        70      5       81

PRECIPITATION (IN)
  TODAY            0.00          0.94 1963   0.07  -0.07     0.04
  MONTH TO DATE    0.56                      1.17  -0.61     2.17
  SINCE NOV 1      4.97                      4.44   0.53     3.11
  SINCE JAN 1     83.02                     61.03  21.99    65.77

SNOWFALL (IN)
  TODAY            0.0
  MONTH TO DATE    0.0
  SINCE DEC 1      0.0
  SINCE JUL 1      0.0
  SNOW DEPTH       0

DEGREE DAYS
 HEATING
  TODAY            0                         1     -1        0
  MONTH TO DATE   26                        13     13        0
  SINCE DEC 1     26                        13     13        0
  SINCE JUL 1     26                        16     10        0

 COOLING
  TODAY           10                         6      4       16
  MONTH TO DATE  116                       122     -6      203
  SINCE DEC 1    116                       122     -6      203
  SINCE JAN 1   5167                      4494    673     4786
..................................................................


WIND (MPH)
  HIGHEST WIND SPEED    18   HIGHEST WIND DIRECTION     E (110)
  HIGHEST GUST SPEED    24   HIGHEST GUST DIRECTION     E (110)
  AVERAGE WIND SPEED     7.6


SKY COVER
  AVERAGE SKY COVER 0.7


WEATHER CONDITIONS
 THE FOLLOWING WEATHER WAS RECORDED TODAY.
  NO SIGNIFICANT WEATHER WAS OBSERVED.


RELATIVE HUMIDITY (PERCENT)
 HIGHEST    93
 LOWEST     58
 AVERAGE    76

..........................................................


THE MIAMI CLIMATE NORMALS FOR TOMORROW
                         NORMAL    RECORD    YEAR
 MAXIMUM TEMPERATURE (F)   78        87      1989
 MINIMUM TEMPERATURE (F)   63        41      1973


SUNRISE AND SUNSET
DECEMBER 17 2017......SUNRISE   701 AM EST   SUNSET   533 PM EST
DECEMBER 18 2017......SUNRISE   702 AM EST   SUNSET   534 PM EST


-  INDICATES NEGATIVE NUMBERS.
R  INDICATES RECORD WAS SET OR TIED.
MM INDICATES DATA IS MISSING.
T  INDICATES TRACE AMOUNT.




$$
