229
CDUS42 KMFL 182150
CLIMIA

CLIMATE REPORT
NATIONAL WEATHER SERVICE KEY WEST, FL
415 PM EST WED JAN 18 2017


...................................

...THE MIAMI CLIMATE SUMMARY FOR JANUARY 18 2017...
VALID TODAY AS OF 0400 PM LOCAL TIME.

CLIMATE NORMAL PERIOD 1981 TO 2010
CLIMATE RECORD PERIOD 1895 TO 2017


WEATHER ITEM   OBSERVED RECORD YEAR NORMAL DEPARTURE LAST
                VALUE   VALUE       VALUE  FROM      YEAR
                                           NORMAL
...........................................................
TEMPERATURE (F)
 TODAY
  MAXIMUM         83     84    2008  76      7       66
  MINIMUM         66     35    1965  60      6       56
  AVERAGE         75                 68      7       61

PRECIPITATION (IN)
  TODAY            0.00   1.76 1913   0.05  -0.05     0.00
  MONTH TO DATE    1.54               0.90   0.64     3.94
  SINCE DEC 1      3.87               0.90   2.97    13.79
  SINCE JAN 1      1.54               0.90   0.64     3.94

SNOWFALL (IN)
  TODAY            0.0    0.0  2002   0.0             0.0
  MONTH TO DATE    0.0                0.0             0.0
  SINCE DEC 1      0.0                T               0.0
  SINCE JUL 1      0.0                T               0.0

DEGREE DAYS
 HEATING
  TODAY            0

 COOLING
  TODAY           10
...........................................................


WIND (MPH)
  RESULTANT WIND SPEED   4   RESULTANT WIND DIRECTION  SE (140)
  HIGHEST WIND SPEED    13   HIGHEST WIND DIRECTION    SE (130)
  HIGHEST GUST SPEED    19   HIGHEST GUST DIRECTION    SE (120)


SKY COVER
  POSSIBLE SUNSHINE  MM
  AVERAGE SKY COVER 0.5


WEATHER CONDITIONS
 THE FOLLOWING WEATHER WAS RECORDED TODAY.
  NO SIGNIFICANT WEATHER WAS OBSERVED.


RELATIVE HUMIDITY (PERCENT)
 HIGHEST    87
 LOWEST     51
 AVERAGE    69

..........................................................


THE MIAMI CLIMATE NORMALS FOR TOMORROW
                         NORMAL    RECORD    YEAR
 MAXIMUM TEMPERATURE (F)   76        88      1987
 MINIMUM TEMPERATURE (F)   60        36      1977


SUNRISE AND SUNSET
JANUARY 18 2017.......SUNRISE   709 AM EST   SUNSET   554 PM EST
JANUARY 19 2017.......SUNRISE   709 AM EST   SUNSET   555 PM EST


-  INDICATES NEGATIVE NUMBERS.
R  INDICATES RECORD WAS SET OR TIED.
MM INDICATES DATA IS MISSING.
T  INDICATES TRACE AMOUNT.




$$
