000
CDUS42 KMFL 022054
CLIMIA


CLIMATE REPORT
NATIONAL WEATHER SERVICE MIAMI, FL
454 PM EDT TUE JUN 2 2015


...................................

...THE MIAMI CLIMATE SUMMARY FOR JUNE 2 2015...
VALID TODAY AS OF 0400 PM LOCAL TIME.

CLIMATE NORMAL PERIOD 1981 TO 2010
CLIMATE RECORD PERIOD 1895 TO 2015


WEATHER ITEM   OBSERVED TIME   RECORD YEAR NORMAL DEPARTURE LAST
                VALUE   (LST)  VALUE       VALUE  FROM      YEAR
                                                  NORMAL
..................................................................
TEMPERATURE (F)
 TODAY
  MAXIMUM         85   1039 AM  94    1998  89     -4       82
                                      1985
  MINIMUM         77    238 AM  62    1937  75      2       74
  AVERAGE         81                        82     -1       78

PRECIPITATION (IN)
  TODAY            0.00          5.27 1930   0.28  -0.28     0.61
  MONTH TO DATE    0.00                      0.55  -0.55     0.81
  SINCE NOV 1     15.48                     21.21  -5.73    21.36
  SINCE JAN 1     11.50                     15.90  -4.40    10.96

SNOWFALL (IN)
  TODAY            0.0
  MONTH TO DATE    0.0
  SINCE JUN 1      0.0
  SINCE JUL 1      0.0
  SNOW DEPTH       0

DEGREE DAYS
 HEATING
  TODAY            0                         0      0        0
  MONTH TO DATE    0                         0      0        0
  SINCE JUN 1      0                         0      0        0
  SINCE JUL 1     76                       128    -52       61

 COOLING
  TODAY           16                        17     -1       13
  MONTH TO DATE   33                        34     -1       30
  SINCE JUN 1     33                        34     -1       30
  SINCE JAN 1   1710                      1390    320     1604
..................................................................


WIND (MPH)
  HIGHEST WIND SPEED    12   HIGHEST WIND DIRECTION     E (110)
  HIGHEST GUST SPEED    15   HIGHEST GUST DIRECTION    SE (120)
  AVERAGE WIND SPEED     6.3


SKY COVER
  AVERAGE SKY COVER 0.8


WEATHER CONDITIONS
 THE FOLLOWING WEATHER WAS RECORDED TODAY.
  NO SIGNIFICANT WEATHER WAS OBSERVED.


RELATIVE HUMIDITY (PERCENT)
 HIGHEST    76
 LOWEST     59
 AVERAGE    68

..........................................................


THE MIAMI CLIMATE NORMALS FOR TOMORROW
                         NORMAL    RECORD    YEAR
 MAXIMUM TEMPERATURE (F)   89        96      1985
 MINIMUM TEMPERATURE (F)   75        60      1984


SUNRISE AND SUNSET
JUNE  2 2015..........SUNRISE   630 AM EDT   SUNSET   809 PM EDT
JUNE  3 2015..........SUNRISE   629 AM EDT   SUNSET   809 PM EDT


-  INDICATES NEGATIVE NUMBERS.
R  INDICATES RECORD WAS SET OR TIED.
MM INDICATES DATA IS MISSING.
T  INDICATES TRACE AMOUNT.




$$
