000
CDUS43 KIND 240532
CLIMIE


CLIMATE REPORT
NATIONAL WEATHER SERVICE INDIANAPOLIS IN
132 AM EDT WED MAY 24 2017


...................................

...THE MUNCIE IN CLIMATE SUMMARY FOR MAY 23 2017...

CLIMATE NORMAL PERIOD 1981 TO 2010
CLIMATE RECORD PERIOD 9999 TO 9999


WEATHER ITEM   OBSERVED TIME   NORMAL DEPARTURE LAST
                VALUE   (LST)  VALUE  FROM      YEAR
                                      NORMAL
......................................................
TEMPERATURE (F)
 YESTERDAY
  MAXIMUM         76    440 PM  74      2       79
  MINIMUM         56    513 AM  54      2       46
  AVERAGE         66            64      2       63

PRECIPITATION (IN)
  YESTERDAY        0.00          0.15  -0.15     0.00
  MONTH TO DATE    2.91          3.16  -0.25     2.64
  SINCE MAR 1     13.21          9.78   3.43    10.90
  SINCE JAN 1     18.92         14.32   4.60    14.01

DEGREE DAYS
 HEATING
  YESTERDAY        0             4     -4        2
  MONTH TO DATE  148           143      5      166
  SINCE MAR 1   1067          1352   -285     1046
  SINCE JUL 1   4355          5735  -1380     4637

 COOLING
  YESTERDAY        1             3     -2        0
  MONTH TO DATE   55            40     15       10
  SINCE MAR 1     89            55     34       20
  SINCE JAN 1     89            55     34       20
......................................................


WIND (MPH)
  HIGHEST WIND SPEED    13   HIGHEST WIND DIRECTION    SE (130)
  HIGHEST GUST SPEED    16   HIGHEST GUST DIRECTION    SE (120)
  AVERAGE WIND SPEED     6.0


SKY COVER
  AVERAGE SKY COVER 0.1


WEATHER CONDITIONS
 THE FOLLOWING WEATHER WAS RECORDED YESTERDAY.
  NO SIGNIFICANT WEATHER WAS OBSERVED.


RELATIVE HUMIDITY (PERCENT)
 HIGHEST    72           500 AM
 LOWEST     25           500 PM
 AVERAGE    49

..........................................................


THE MUNCIE IN CLIMATE NORMALS FOR TODAY
                         NORMAL
 MAXIMUM TEMPERATURE (F)   74
 MINIMUM TEMPERATURE (F)   54


SUNRISE AND SUNSET
MAY 24 2017...........SUNRISE   618 AM EDT   SUNSET   859 PM EDT
MAY 25 2017...........SUNRISE   618 AM EDT   SUNSET   900 PM EDT


-  INDICATES NEGATIVE NUMBERS.
R  INDICATES RECORD WAS SET OR TIED.
MM INDICATES DATA IS MISSING.
T  INDICATES TRACE AMOUNT.




$$
