000
CDUS43 KIND 240533
CLIMIE


CLIMATE REPORT
NATIONAL WEATHER SERVICE INDIANAPOLIS IN
133 AM EDT TUE OCT 24 2017


...................................

...THE MUNCIE IN CLIMATE SUMMARY FOR OCTOBER 23 2017...

CLIMATE NORMAL PERIOD 1981 TO 2010
CLIMATE RECORD PERIOD 9999 TO 9999


WEATHER ITEM   OBSERVED TIME   NORMAL DEPARTURE LAST
                VALUE   (LST)  VALUE  FROM      YEAR
                                      NORMAL
......................................................
TEMPERATURE (F)
 YESTERDAY
  MAXIMUM         69   1219 AM  62      7       73
  MINIMUM         49   1159 PM  41      8       47
  AVERAGE         59            52      7       60

PRECIPITATION (IN)
  YESTERDAY        0.48          0.09   0.39     0.00
  MONTH TO DATE    3.49          2.19   1.30     2.29
  SINCE SEP 1      5.33          5.15   0.18     6.99
  SINCE JAN 1     40.22         33.06   7.16    36.27

DEGREE DAYS
 HEATING
  YESTERDAY        6            14     -8        5
  MONTH TO DATE   59           244   -185      103
  SINCE SEP 1    114           335   -221      113
  SINCE JUL 1    117           345   -228      116

 COOLING
  YESTERDAY        0             0      0        0
  MONTH TO DATE   57            13     44       51
  SINCE SEP 1    212           118     94      239
  SINCE JAN 1   1090           952    138     1339
......................................................


WIND (MPH)
  HIGHEST WIND SPEED    21   HIGHEST WIND DIRECTION    NW (310)
  HIGHEST GUST SPEED    27   HIGHEST GUST DIRECTION    NW (310)
  AVERAGE WIND SPEED     9.8


SKY COVER
  AVERAGE SKY COVER 0.9


WEATHER CONDITIONS
 THE FOLLOWING WEATHER WAS RECORDED YESTERDAY.
  RAIN
  LIGHT RAIN
  FOG
  HAZE


RELATIVE HUMIDITY (PERCENT)
 HIGHEST    93           600 PM
 LOWEST     53          1200 AM
 AVERAGE    73

..........................................................


THE MUNCIE IN CLIMATE NORMALS FOR TODAY
                         NORMAL
 MAXIMUM TEMPERATURE (F)   61
 MINIMUM TEMPERATURE (F)   41


SUNRISE AND SUNSET
OCTOBER 24 2017.......SUNRISE   802 AM EDT   SUNSET   649 PM EDT
OCTOBER 25 2017.......SUNRISE   803 AM EDT   SUNSET   647 PM EDT


-  INDICATES NEGATIVE NUMBERS.
R  INDICATES RECORD WAS SET OR TIED.
MM INDICATES DATA IS MISSING.
T  INDICATES TRACE AMOUNT.




$$
