000
CDUS43 KIND 260531
CLIMIE


CLIMATE REPORT
NATIONAL WEATHER SERVICE INDIANAPOLIS IN
131 AM EDT TUE MAY 26 2015


...................................

...THE MUNCIE IN CLIMATE SUMMARY FOR MAY 25 2015...

CLIMATE NORMAL PERIOD 1981 TO 2010
CLIMATE RECORD PERIOD 9999 TO 9999


WEATHER ITEM   OBSERVED TIME   NORMAL DEPARTURE LAST
                VALUE   (LST)  VALUE  FROM      YEAR
                                      NORMAL
......................................................
TEMPERATURE (F)
 YESTERDAY
  MAXIMUM         80    516 PM  75      5       81
  MINIMUM         68   1159 PM  55     13       55
  AVERAGE         74            65      9       68

PRECIPITATION (IN)
  YESTERDAY        T             0.16  -0.16     0.00
  MONTH TO DATE    2.73          3.47  -0.74     3.35
  SINCE MAR 1      9.89         10.09  -0.20    11.02
  SINCE JAN 1     12.83         14.63  -1.80    13.98

DEGREE DAYS
 HEATING
  YESTERDAY        0             3     -3        0
  MONTH TO DATE   85           150    -65      152
  SINCE MAR 1   1320          1359    -39     1501
  SINCE JUL 1   6185          5742    443     6411

 COOLING
  YESTERDAY        9             3      6        3
  MONTH TO DATE   97            46     51       58
  SINCE MAR 1    100            61     39       64
  SINCE JAN 1    100            61     39       64
......................................................


WIND (MPH)
  HIGHEST WIND SPEED    24   HIGHEST WIND DIRECTION    SW (220)
  HIGHEST GUST SPEED    35   HIGHEST GUST DIRECTION    SW (230)
  AVERAGE WIND SPEED    13.6


SKY COVER
  AVERAGE SKY COVER 0.4


WEATHER CONDITIONS
 THE FOLLOWING WEATHER WAS RECORDED YESTERDAY.
  LIGHT RAIN


RELATIVE HUMIDITY (PERCENT)
 HIGHEST    79          1200 PM
 LOWEST     53          1200 AM
 AVERAGE    66

..........................................................


THE MUNCIE IN CLIMATE NORMALS FOR TODAY
                         NORMAL
 MAXIMUM TEMPERATURE (F)   75
 MINIMUM TEMPERATURE (F)   55


SUNRISE AND SUNSET
MAY 26 2015...........SUNRISE   617 AM EDT   SUNSET   900 PM EDT
MAY 27 2015...........SUNRISE   617 AM EDT   SUNSET   901 PM EDT


-  INDICATES NEGATIVE NUMBERS.
R  INDICATES RECORD WAS SET OR TIED.
MM INDICATES DATA IS MISSING.
T  INDICATES TRACE AMOUNT.




$$
