000
CDUS43 KIND 240540
CLIMIE


CLIMATE REPORT
NATIONAL WEATHER SERVICE INDIANAPOLIS IN
140 AM EDT THU AUG 24 2017


...................................

...THE MUNCIE IN CLIMATE SUMMARY FOR AUGUST 23 2017...

CLIMATE NORMAL PERIOD 1981 TO 2010
CLIMATE RECORD PERIOD 9999 TO 9999


WEATHER ITEM   OBSERVED TIME   NORMAL DEPARTURE LAST
                VALUE   (LST)  VALUE  FROM      YEAR
                                      NORMAL
......................................................
TEMPERATURE (F)
 YESTERDAY
  MAXIMUM         77    425 PM  83     -6       81
  MINIMUM         54    602 AM  62     -8       57
  AVERAGE         66            72     -6       69

PRECIPITATION (IN)
  YESTERDAY        0.00          0.11  -0.11     0.00
  MONTH TO DATE    1.15          2.43  -1.28     7.45
  SINCE JUN 1     14.77         11.47   3.30    13.40
  SINCE JAN 1     34.34         27.04   7.30    27.47

DEGREE DAYS
 HEATING
  YESTERDAY        0             0      0        0
  MONTH TO DATE    0             0      0        0
  SINCE JUN 1      3            27    -24        6
  SINCE JUL 1      0             3     -3        3

 COOLING
  YESTERDAY        1             7     -6        4
  MONTH TO DATE  172           185    -13      267
  SINCE JUN 1    742           695     47      888
  SINCE JAN 1    858           778     80      995
......................................................


WIND (MPH)
  HIGHEST WIND SPEED    15   HIGHEST WIND DIRECTION    NW (330)
  HIGHEST GUST SPEED    20   HIGHEST GUST DIRECTION    NW (310)
  AVERAGE WIND SPEED     3.9


SKY COVER
  AVERAGE SKY COVER 0.2


WEATHER CONDITIONS
 THE FOLLOWING WEATHER WAS RECORDED YESTERDAY.
  FOG


RELATIVE HUMIDITY (PERCENT)
 HIGHEST    93           400 AM
 LOWEST     40           200 PM
 AVERAGE    67

..........................................................


THE MUNCIE IN CLIMATE NORMALS FOR TODAY
                         NORMAL
 MAXIMUM TEMPERATURE (F)   83
 MINIMUM TEMPERATURE (F)   62


SUNRISE AND SUNSET
AUGUST 24 2017........SUNRISE   702 AM EDT   SUNSET   825 PM EDT
AUGUST 25 2017........SUNRISE   703 AM EDT   SUNSET   824 PM EDT


-  INDICATES NEGATIVE NUMBERS.
R  INDICATES RECORD WAS SET OR TIED.
MM INDICATES DATA IS MISSING.
T  INDICATES TRACE AMOUNT.




$$
