000
CDUS43 KIND 200538
CLIMIE


CLIMATE REPORT
NATIONAL WEATHER SERVICE INDIANAPOLIS IN
1237 AM EST SAT JAN 20 2018


...................................

...THE MUNCIE IN CLIMATE SUMMARY FOR JANUARY 19 2018...

CLIMATE NORMAL PERIOD 1981 TO 2010
CLIMATE RECORD PERIOD 9999 TO 9999


WEATHER ITEM   OBSERVED TIME   NORMAL DEPARTURE LAST
                VALUE   (LST)  VALUE  FROM      YEAR
                                      NORMAL
......................................................
TEMPERATURE (F)
 YESTERDAY
  MAXIMUM         37   1041 PM  34      3       46
  MINIMUM         23    555 AM  19      4       37
  AVERAGE         30            26      4       42

PRECIPITATION (IN)
  YESTERDAY        0.00          0.06  -0.06     0.59
  MONTH TO DATE    0.80          1.36  -0.56     3.88
  SINCE DEC 1      1.77          4.24  -2.47     5.07
  SINCE JAN 1      0.80          1.36  -0.56     3.88

DEGREE DAYS
 HEATING
  YESTERDAY       35            39     -4       23
  MONTH TO DATE  874           732    142      622
  SINCE DEC 1   1960          1795    165     1680
  SINCE JUL 1   2872          2930    -58     2382

 COOLING
  YESTERDAY        0             0      0        0
  MONTH TO DATE    0             0      0        0
  SINCE DEC 1      0             0      0        0
  SINCE JAN 1      0             0      0        0
......................................................


WIND (MPH)
  HIGHEST WIND SPEED    22   HIGHEST WIND DIRECTION    SW (210)
  HIGHEST GUST SPEED    33   HIGHEST GUST DIRECTION     S (180)
  AVERAGE WIND SPEED    14.7


SKY COVER
  AVERAGE SKY COVER 0.0


WEATHER CONDITIONS
 THE FOLLOWING WEATHER WAS RECORDED YESTERDAY.
  NO SIGNIFICANT WEATHER WAS OBSERVED.


RELATIVE HUMIDITY (PERCENT)
 HIGHEST    60           900 AM
 LOWEST     47           200 PM
 AVERAGE    54

..........................................................


THE MUNCIE IN CLIMATE NORMALS FOR TODAY
                         NORMAL
 MAXIMUM TEMPERATURE (F)   34
 MINIMUM TEMPERATURE (F)   19


SUNRISE AND SUNSET
JANUARY 20 2018.......SUNRISE   800 AM EST   SUNSET   546 PM EST
JANUARY 21 2018.......SUNRISE   759 AM EST   SUNSET   547 PM EST


-  INDICATES NEGATIVE NUMBERS.
R  INDICATES RECORD WAS SET OR TIED.
MM INDICATES DATA IS MISSING.
T  INDICATES TRACE AMOUNT.




$$
