000
CDUS43 KIND 270532
CLIMIE


CLIMATE REPORT
NATIONAL WEATHER SERVICE INDIANAPOLIS IN
131 AM EDT FRI MAR 27 2015


...................................

...THE MUNCIE IN CLIMATE SUMMARY FOR MARCH 26 2015...

CLIMATE NORMAL PERIOD 1981 TO 2010
CLIMATE RECORD PERIOD 9999 TO 9999


WEATHER ITEM   OBSERVED TIME   NORMAL DEPARTURE LAST
                VALUE   (LST)  VALUE  FROM      YEAR
                                      NORMAL
......................................................
TEMPERATURE (F)
 YESTERDAY
  MAXIMUM         43    602 PM  53    -10       38
  MINIMUM         34   1159 PM  34      0       15
  AVERAGE         39            44     -5       27

PRECIPITATION (IN)
  YESTERDAY        0.44          0.11   0.33     0.00
  MONTH TO DATE    2.94          2.41   0.53     1.08
  SINCE MAR 1      2.94          2.41   0.53     1.08
  SINCE JAN 1      5.88          6.95  -1.07     4.04

DEGREE DAYS
 HEATING
  YESTERDAY       26            22      4       38
  MONTH TO DATE  725           685     40      837
  SINCE MAR 1    725           685     40      837
  SINCE JUL 1   5590          5068    522     5747

 COOLING
  YESTERDAY        0             0      0        0
  MONTH TO DATE    0             0      0        0
  SINCE MAR 1      0             0      0        0
  SINCE JAN 1      0             0      0        0
......................................................


WIND (MPH)
  HIGHEST WIND SPEED    17   HIGHEST WIND DIRECTION    NW (310)
  HIGHEST GUST SPEED    21   HIGHEST GUST DIRECTION    NW (310)
  AVERAGE WIND SPEED     9.6


SKY COVER
  AVERAGE SKY COVER 0.9


WEATHER CONDITIONS
 THE FOLLOWING WEATHER WAS RECORDED YESTERDAY.
  RAIN
  LIGHT RAIN
  FOG


RELATIVE HUMIDITY (PERCENT)
 HIGHEST   100           400 AM
 LOWEST     67           400 PM
 AVERAGE    84

..........................................................


THE MUNCIE IN CLIMATE NORMALS FOR TODAY
                         NORMAL
 MAXIMUM TEMPERATURE (F)   54
 MINIMUM TEMPERATURE (F)   34


SUNRISE AND SUNSET
MARCH 27 2015.........SUNRISE   734 AM EDT   SUNSET   801 PM EDT
MARCH 28 2015.........SUNRISE   732 AM EDT   SUNSET   802 PM EDT


-  INDICATES NEGATIVE NUMBERS.
R  INDICATES RECORD WAS SET OR TIED.
MM INDICATES DATA IS MISSING.
T  INDICATES TRACE AMOUNT.




$$
