000
CDUS43 KIND 220533
CLIMIE


CLIMATE REPORT
NATIONAL WEATHER SERVICE INDIANAPOLIS IN
133 AM EDT TUE JUL 22 2014


...................................

...THE MUNCIE IN CLIMATE SUMMARY FOR JULY 21 2014...

CLIMATE NORMAL PERIOD 1981 TO 2010
CLIMATE RECORD PERIOD 9999 TO 9999


WEATHER ITEM   OBSERVED TIME   NORMAL DEPARTURE LAST
                VALUE   (LST)  VALUE  FROM      YEAR
                                      NORMAL
......................................................
TEMPERATURE (F)
 YESTERDAY
  MAXIMUM         84    552 PM  84      0       85
  MINIMUM         59    602 AM  64     -5       65
  AVERAGE         72            74     -2       75

PRECIPITATION (IN)
  YESTERDAY        0.00          0.15  -0.15     0.00
  MONTH TO DATE    1.91          3.08  -1.17     1.45
  SINCE JUN 1      7.37          7.74  -0.37     6.43
  SINCE JAN 1     22.14         23.31  -1.17    22.24

DEGREE DAYS
 HEATING
  YESTERDAY        0             0      0        0
  MONTH TO DATE    9             0      9        0
  SINCE JUN 1     17            24     -7       14
  SINCE JUL 1      9             0      9        0

 COOLING
  YESTERDAY        7             9     -2       10
  MONTH TO DATE  110           207    -97      203
  SINCE JUN 1    355           423    -68      409
  SINCE JAN 1    470           506    -36      577
......................................................


WIND (MPH)
  HIGHEST WIND SPEED     8   HIGHEST WIND DIRECTION     E (90)
  HIGHEST GUST SPEED     9   HIGHEST GUST DIRECTION     E (100)
  AVERAGE WIND SPEED     0.9


SKY COVER
  AVERAGE SKY COVER 0.2


WEATHER CONDITIONS
 THE FOLLOWING WEATHER WAS RECORDED YESTERDAY.
  FOG


RELATIVE HUMIDITY (PERCENT)
 HIGHEST    93          1200 AM
 LOWEST     46           600 PM
 AVERAGE    70

..........................................................


THE MUNCIE IN CLIMATE NORMALS FOR TODAY
                         NORMAL
 MAXIMUM TEMPERATURE (F)   84
 MINIMUM TEMPERATURE (F)   64


SUNRISE AND SUNSET
JULY 22 2014..........SUNRISE   630 AM EDT   SUNSET   905 PM EDT
JULY 23 2014..........SUNRISE   631 AM EDT   SUNSET   904 PM EDT


-  INDICATES NEGATIVE NUMBERS.
R  INDICATES RECORD WAS SET OR TIED.
MM INDICATES DATA IS MISSING.
T  INDICATES TRACE AMOUNT.




$$
