000
CDUS43 KIND 200531
CLIMIE


CLIMATE REPORT
NATIONAL WEATHER SERVICE INDIANAPOLIS IN
131 AM EDT WED AUG 20 2014


...................................

...THE MUNCIE IN CLIMATE SUMMARY FOR AUGUST 19 2014...

CLIMATE NORMAL PERIOD 1981 TO 2010
CLIMATE RECORD PERIOD 9999 TO 9999


WEATHER ITEM   OBSERVED TIME   NORMAL DEPARTURE LAST
                VALUE   (LST)  VALUE  FROM      YEAR
                                      NORMAL
......................................................
TEMPERATURE (F)
 YESTERDAY
  MAXIMUM         86    419 PM  83      3       85
  MINIMUM         64    435 AM  62      2       56
  AVERAGE         75            73      2       71

PRECIPITATION (IN)
  YESTERDAY        0.10          0.10   0.00     0.00
  MONTH TO DATE    0.83          1.99  -1.16     1.18
  SINCE JUN 1      8.42         11.03  -2.61     7.98
  SINCE JAN 1     23.19         26.60  -3.41    23.79

DEGREE DAYS
 HEATING
  YESTERDAY        0             0      0        0
  MONTH TO DATE    8             0      8       19
  SINCE JUN 1     34            27      7       40
  SINCE JUL 1     26             3     23       26

 COOLING
  YESTERDAY       10             8      2        6
  MONTH TO DATE  106           154    -48       90
  SINCE JUN 1    504           664   -160      526
  SINCE JAN 1    619           747   -128      694
......................................................


WIND (MPH)
  HIGHEST WIND SPEED    18   HIGHEST WIND DIRECTION    SW (240)
  HIGHEST GUST SPEED    24   HIGHEST GUST DIRECTION     S (190)
  AVERAGE WIND SPEED     5.6


SKY COVER
  AVERAGE SKY COVER 0.3


WEATHER CONDITIONS
 THE FOLLOWING WEATHER WAS RECORDED YESTERDAY.
  THUNDERSTORM
  LIGHT RAIN
  FOG
  HAZE


RELATIVE HUMIDITY (PERCENT)
 HIGHEST    93           300 AM
 LOWEST     51          1200 PM
 AVERAGE    72

..........................................................


THE MUNCIE IN CLIMATE NORMALS FOR TODAY
                         NORMAL
 MAXIMUM TEMPERATURE (F)   83
 MINIMUM TEMPERATURE (F)   62


SUNRISE AND SUNSET
AUGUST 20 2014........SUNRISE   658 AM EDT   SUNSET   832 PM EDT
AUGUST 21 2014........SUNRISE   658 AM EDT   SUNSET   830 PM EDT


-  INDICATES NEGATIVE NUMBERS.
R  INDICATES RECORD WAS SET OR TIED.
MM INDICATES DATA IS MISSING.
T  INDICATES TRACE AMOUNT.




$$
