000
CDUS43 KMKX 220650
CLIMKE


CLIMATE REPORT
NATIONAL WEATHER SERVICE IN MILWAUKEE
150 AM CDT FRI AUG 22 2014


...................................

...THE MILWAUKEE WI CLIMATE SUMMARY FOR AUGUST 21 2014...

CLIMATE NORMAL PERIOD 1981 TO 2010
CLIMATE RECORD PERIOD 1871 TO 2014


WEATHER ITEM   OBSERVED TIME   RECORD YEAR NORMAL DEPARTURE LAST
                VALUE   (LST)  VALUE       VALUE  FROM      YEAR
                                                  NORMAL
..................................................................
TEMPERATURE (F)
 YESTERDAY
  MAXIMUM         77    511 PM 100    1955  78     -1       89
  MINIMUM         65    445 AM  46    1950  63      2       69
  AVERAGE         71                        70      1       79

PRECIPITATION (IN)
  YESTERDAY        0.44          1.95 1886   0.12   0.32      T
  MONTH TO DATE    3.58                      2.80   0.78     1.60
  SINCE JUN 1     12.23                     10.37   1.86     8.95
  SINCE JAN 1     23.18                     23.01   0.17    28.46

SNOWFALL (IN)
  YESTERDAY        0.0           0.0    MM   0.0    0.0      0.0
  MONTH TO DATE    0.0                       0.0    0.0      0.0
  SINCE JUN 1      0.0                       0.0    0.0      0.0
  SINCE JUL 1      0.0                       0.0    0.0      0.0
  SNOW DEPTH       0

DEGREE DAYS
 HEATING
  YESTERDAY        0                         0      0        0
  MONTH TO DATE    5                         0      5        8
  SINCE JUN 1    100                        95      5      109
  SINCE JUL 1     26                        11     15       22

 COOLING
  YESTERDAY        6                         6      0       14
  MONTH TO DATE   91                       140    -49       98
  SINCE JUN 1    308                       482   -174      438
  SINCE JAN 1    326                       512   -186      477
..................................................................


WIND (MPH)
  HIGHEST WIND SPEED    15   HIGHEST WIND DIRECTION     E (100)
  HIGHEST GUST SPEED    16   HIGHEST GUST DIRECTION     E (100)
  AVERAGE WIND SPEED     4.9


SKY COVER
  POSSIBLE SUNSHINE  MM
  AVERAGE SKY COVER 0.8


WEATHER CONDITIONS
 THE FOLLOWING WEATHER WAS RECORDED YESTERDAY.
  THUNDERSTORM
  LIGHT RAIN
  FOG
  FOG W/VISIBILITY <= 1/4 MILE


RELATIVE HUMIDITY (PERCENT)
 HIGHEST    97           100 PM
 LOWEST     76           500 PM
 AVERAGE    87

..........................................................


THE MILWAUKEE WI CLIMATE NORMALS FOR TODAY
                         NORMAL    RECORD    YEAR
 MAXIMUM TEMPERATURE (F)   78        98      1936
 MINIMUM TEMPERATURE (F)   63        43      1875


SUNRISE AND SUNSET
AUGUST 22 2014........SUNRISE   605 AM CDT   SUNSET   743 PM CDT
AUGUST 23 2014........SUNRISE   606 AM CDT   SUNSET   741 PM CDT


-  INDICATES NEGATIVE NUMBERS.
R  INDICATES RECORD WAS SET OR TIED.
MM INDICATES DATA IS MISSING.
T  INDICATES TRACE AMOUNT.




$$
