000
CDUS43 KMKX 010651
CLIMKE


CLIMATE REPORT
NATIONAL WEATHER SERVICE IN MILWAUKEE
149 AM CDT WED OCT 1 2014


...................................

...THE MILWAUKEE WI CLIMATE SUMMARY FOR SEPTEMBER 30 2014...

CLIMATE NORMAL PERIOD 1981 TO 2010
CLIMATE RECORD PERIOD 1871 TO 2014


WEATHER ITEM   OBSERVED TIME   RECORD YEAR NORMAL DEPARTURE LAST
                VALUE   (LST)  VALUE       VALUE  FROM      YEAR
                                                  NORMAL
..................................................................
TEMPERATURE (F)
 YESTERDAY
  MAXIMUM         54    228 PM  88    1971  65    -11       71
                                      1897
  MINIMUM         45    451 AM  30    1899  49     -4       45
  AVERAGE         50                        57     -7       58

PRECIPITATION (IN)
  YESTERDAY        0.02          2.36 1893   0.10  -0.08     0.00
  MONTH TO DATE    1.14                      3.18  -2.04     1.54
  SINCE SEP 1      1.14                      3.18  -2.04     1.54
  SINCE JAN 1     26.43                     27.36  -0.93    31.67

SNOWFALL (IN)
  YESTERDAY        0.0           0.0    MM   0.0    0.0      0.0
  MONTH TO DATE    0.0                       0.0    0.0      0.0
  SINCE SEP 1      0.0                       0.0    0.0      0.0
  SINCE JUL 1      0.0                       0.0    0.0      0.0
  SNOW DEPTH       0

DEGREE DAYS
 HEATING
  YESTERDAY       15                         9      6        7
  MONTH TO DATE  149                       126     23      108
  SINCE SEP 1    149                       126     23      108
  SINCE JUL 1    175                       152     23      130

 COOLING
  YESTERDAY        0                         1     -1        0
  MONTH TO DATE   59                        69    -10      101
  SINCE SEP 1     59                        69    -10      101
  SINCE JAN 1    460                       634   -174      678
..................................................................


WIND (MPH)
  HIGHEST WIND SPEED    18   HIGHEST WIND DIRECTION     N (20)
  HIGHEST GUST SPEED    25   HIGHEST GUST DIRECTION     N (20)
  AVERAGE WIND SPEED     9.8


SKY COVER
  POSSIBLE SUNSHINE  MM
  AVERAGE SKY COVER 1.0


WEATHER CONDITIONS
 THE FOLLOWING WEATHER WAS RECORDED YESTERDAY.
  LIGHT RAIN
  FOG


RELATIVE HUMIDITY (PERCENT)
 HIGHEST    89           800 PM
 LOWEST     71          1100 AM
 AVERAGE    80

..........................................................


THE MILWAUKEE WI CLIMATE NORMALS FOR TODAY
                         NORMAL    RECORD    YEAR
 MAXIMUM TEMPERATURE (F)   65        86      1971
 MINIMUM TEMPERATURE (F)   48        32      1958
                                             1947
                                             1886


SUNRISE AND SUNSET
OCTOBER  1 2014.......SUNRISE   649 AM CDT   SUNSET   633 PM CDT
OCTOBER  2 2014.......SUNRISE   650 AM CDT   SUNSET   631 PM CDT


-  INDICATES NEGATIVE NUMBERS.
R  INDICATES RECORD WAS SET OR TIED.
MM INDICATES DATA IS MISSING.
T  INDICATES TRACE AMOUNT.




$$
