365
CDUS43 KMKX 070646
CLIMKE


CLIMATE REPORT
NATIONAL WEATHER SERVICE IN MILWAUKEE
1245 AM CST WED DEC 7 2016


...................................

...THE MILWAUKEE WI CLIMATE SUMMARY FOR DECEMBER 6 2016...

CLIMATE NORMAL PERIOD 1981 TO 2010
CLIMATE RECORD PERIOD 1871 TO 2016


WEATHER ITEM   OBSERVED TIME   RECORD YEAR NORMAL DEPARTURE LAST
                VALUE   (LST)  VALUE       VALUE  FROM      YEAR
                                                  NORMAL
..................................................................
TEMPERATURE (F)
 YESTERDAY
  MAXIMUM         41   1205 PM  56    1998  36      5       42
  MINIMUM         28   1159 PM  -7    1972  23      5       31
  AVERAGE         35                        29      6       37

PRECIPITATION (IN)
  YESTERDAY        0.00          0.83 1908   0.08  -0.08     0.00
  MONTH TO DATE    0.33                      0.47  -0.14     0.24
  SINCE DEC 1      0.33                      0.47  -0.14     0.24
  SINCE JAN 1     27.66                     33.19  -5.53    29.26

SNOWFALL (IN)
  YESTERDAY        0.0           8.0  1908   0.4   -0.4      0.0
  MONTH TO DATE    1.8                       1.8    0.0      0.4
  SINCE DEC 1      1.8                       1.8    0.0      0.4
  SINCE JUL 1      1.8                       4.5   -2.7      7.3
  SNOW DEPTH       0

DEGREE DAYS
 HEATING
  YESTERDAY       30                        36     -6       28
  MONTH TO DATE  179                       207    -28      164
  SINCE DEC 1    179                       207    -28      164
  SINCE JUL 1   1009                      1572   -563     1203

 COOLING
  YESTERDAY        0                         0      0        0
  MONTH TO DATE    0                         0      0        0
  SINCE DEC 1      0                         0      0        0
  SINCE JAN 1    991                       641    350      622
..................................................................


WIND (MPH)
  HIGHEST WIND SPEED    24   HIGHEST WIND DIRECTION     W (260)
  HIGHEST GUST SPEED    36   HIGHEST GUST DIRECTION     W (250)
  AVERAGE WIND SPEED    10.0


SKY COVER
  POSSIBLE SUNSHINE  MM
  AVERAGE SKY COVER 0.8


WEATHER CONDITIONS
 THE FOLLOWING WEATHER WAS RECORDED YESTERDAY.
  FOG
  HAZE


RELATIVE HUMIDITY (PERCENT)
 HIGHEST    92           400 AM
 LOWEST     56           600 PM
 AVERAGE    74

..........................................................


THE MILWAUKEE WI CLIMATE NORMALS FOR TODAY
                         NORMAL    RECORD    YEAR
 MAXIMUM TEMPERATURE (F)   35        60      1946
 MINIMUM TEMPERATURE (F)   23       -13      1882


SUNRISE AND SUNSET
DECEMBER  7 2016......SUNRISE   709 AM CST   SUNSET   417 PM CST
DECEMBER  8 2016......SUNRISE   710 AM CST   SUNSET   417 PM CST


-  INDICATES NEGATIVE NUMBERS.
R  INDICATES RECORD WAS SET OR TIED.
MM INDICATES DATA IS MISSING.
T  INDICATES TRACE AMOUNT.




$$
