000
CDUS43 KMKX 280701
CLIMKE


CLIMATE REPORT
NATIONAL WEATHER SERVICE IN MILWAUKEE
159 AM CDT TUE MAR 28 2017


...................................

...THE MILWAUKEE WI CLIMATE SUMMARY FOR MARCH 27 2017...

CLIMATE NORMAL PERIOD 1981 TO 2010
CLIMATE RECORD PERIOD 1871 TO 2017


WEATHER ITEM   OBSERVED TIME   RECORD YEAR NORMAL DEPARTURE LAST
                VALUE   (LST)  VALUE       VALUE  FROM      YEAR
                                                  NORMAL
..................................................................
TEMPERATURE (F)
 YESTERDAY
  MAXIMUM         46    307 PM  81    1945  46      0       52
  MINIMUM         38    937 PM   2    1965  31      7       34
  AVERAGE         42                        39      3       43

PRECIPITATION (IN)
  YESTERDAY        T             1.26 1908   0.09  -0.09     0.10
  MONTH TO DATE    2.50                      1.90   0.60     2.76
  SINCE MAR 1      2.50                      1.90   0.60     2.76
  SINCE JAN 1      6.51                      5.31   1.20     4.07

SNOWFALL (IN)
  YESTERDAY        0.0          10.0  1887   0.1   -0.1      0.0
  MONTH TO DATE   13.6                       6.4    7.2      6.6
  SINCE MAR 1     13.6                       6.4    7.2      6.6
  SINCE JUL 1     37.6                      44.2   -6.6     35.7
  SNOW DEPTH       0

DEGREE DAYS
 HEATING
  YESTERDAY       23                        26     -3       22
  MONTH TO DATE  783                       828    -45      688
  SINCE MAR 1    783                       828    -45      688
  SINCE JUL 1   4782                      5808  -1026     4907

 COOLING
  YESTERDAY        0                         0      0        0
  MONTH TO DATE    0                         0      0        0
  SINCE MAR 1      0                         0      0        0
  SINCE JAN 1      0                         0      0        0
..................................................................


WIND (MPH)
  HIGHEST WIND SPEED    14   HIGHEST WIND DIRECTION    NE (30)
  HIGHEST GUST SPEED    16   HIGHEST GUST DIRECTION    NE (30)
  AVERAGE WIND SPEED     5.6


SKY COVER
  POSSIBLE SUNSHINE  MM
  AVERAGE SKY COVER 1.0


WEATHER CONDITIONS
 THE FOLLOWING WEATHER WAS RECORDED YESTERDAY.
  LIGHT RAIN
  FOG
  HAZE


RELATIVE HUMIDITY (PERCENT)
 HIGHEST    89          1200 AM
 LOWEST     76           200 PM
 AVERAGE    83

..........................................................


THE MILWAUKEE WI CLIMATE NORMALS FOR TODAY
                         NORMAL    RECORD    YEAR
 MAXIMUM TEMPERATURE (F)   47        76      1905
 MINIMUM TEMPERATURE (F)   31         4      1923


SUNRISE AND SUNSET
MARCH 28 2017.........SUNRISE   640 AM CDT   SUNSET   714 PM CDT
MARCH 29 2017.........SUNRISE   639 AM CDT   SUNSET   715 PM CDT


-  INDICATES NEGATIVE NUMBERS.
R  INDICATES RECORD WAS SET OR TIED.
MM INDICATES DATA IS MISSING.
T  INDICATES TRACE AMOUNT.




$$
