000
CDUS43 KMKX 300642
CLIMKE


CLIMATE REPORT
NATIONAL WEATHER SERVICE IN MILWAUKEE
141 AM CDT WED JUL 30 2014


...................................

...THE MILWAUKEE WI CLIMATE SUMMARY FOR JULY 29 2014...

CLIMATE NORMAL PERIOD 1981 TO 2010
CLIMATE RECORD PERIOD 1871 TO 2014


WEATHER ITEM   OBSERVED TIME   RECORD YEAR NORMAL DEPARTURE LAST
                VALUE   (LST)  VALUE       VALUE  FROM      YEAR
                                                  NORMAL
..................................................................
TEMPERATURE (F)
 YESTERDAY
  MAXIMUM         79    430 PM  98    1941  80     -1       68
  MINIMUM         59   1237 AM  49    1981  64     -5       58
  AVERAGE         69                        72     -3       63

PRECIPITATION (IN)
  YESTERDAY        0.12          0.61 1959   0.11   0.01     0.00
  MONTH TO DATE    2.31                      3.45  -1.14     1.27
  SINCE JUN 1      8.65                      7.35   1.30     7.07
  SINCE JAN 1     19.60                     19.99  -0.39    26.58

SNOWFALL (IN)
  YESTERDAY        0.0           0.0    MM   0.0    0.0      0.0
  MONTH TO DATE    0.0                       0.0    0.0      0.0
  SINCE JUN 1      0.0                       0.0    0.0      0.0
  SINCE JUL 1      0.0                       0.0    0.0      0.0
  SNOW DEPTH       0

DEGREE DAYS
 HEATING
  YESTERDAY        0                         0      0        2
  MONTH TO DATE   20                         4     16       14
  SINCE JUN 1     94                        88      6      101
  SINCE JUL 1     20                         4     16       14

 COOLING
  YESTERDAY        4                         7     -3        0
  MONTH TO DATE  120                       202    -82      235
  SINCE JUN 1    210                       322   -112      334
  SINCE JAN 1    228                       352   -124      373
..................................................................


WIND (MPH)
  HIGHEST WIND SPEED    21   HIGHEST WIND DIRECTION    NE (50)
  HIGHEST GUST SPEED    25   HIGHEST GUST DIRECTION    NE (50)
  AVERAGE WIND SPEED     8.5


SKY COVER
  POSSIBLE SUNSHINE  MM
  AVERAGE SKY COVER 0.6


WEATHER CONDITIONS
 THE FOLLOWING WEATHER WAS RECORDED YESTERDAY.
  THUNDERSTORM
  LIGHT RAIN
  FOG


RELATIVE HUMIDITY (PERCENT)
 HIGHEST    90          1100 PM
 LOWEST     40           100 PM
 AVERAGE    65

..........................................................


THE MILWAUKEE WI CLIMATE NORMALS FOR TODAY
                         NORMAL    RECORD    YEAR
 MAXIMUM TEMPERATURE (F)   80       102      1916
 MINIMUM TEMPERATURE (F)   64        49      1956


SUNRISE AND SUNSET
JULY 30 2014..........SUNRISE   540 AM CDT   SUNSET   815 PM CDT
JULY 31 2014..........SUNRISE   542 AM CDT   SUNSET   814 PM CDT


-  INDICATES NEGATIVE NUMBERS.
R  INDICATES RECORD WAS SET OR TIED.
MM INDICATES DATA IS MISSING.
T  INDICATES TRACE AMOUNT.




$$
