000
CDUS43 KMKX 070643
CLIMKE


CLIMATE REPORT
NATIONAL WEATHER SERVICE IN MILWAUKEE
142 AM CDT TUE JUL 7 2015


...................................

...THE MILWAUKEE WI CLIMATE SUMMARY FOR JULY 6 2015...

CLIMATE NORMAL PERIOD 1981 TO 2010
CLIMATE RECORD PERIOD 1871 TO 2015


WEATHER ITEM   OBSERVED TIME   RECORD YEAR NORMAL DEPARTURE LAST
                VALUE   (LST)  VALUE       VALUE  FROM      YEAR
                                                  NORMAL
..................................................................
TEMPERATURE (F)
 YESTERDAY
  MAXIMUM         85   1206 PM  99    1988  80      5       82
  MINIMUM         62    311 AM  46    1965  63     -1       62
  AVERAGE         74                        72      2       72

PRECIPITATION (IN)
  YESTERDAY        0.42          2.47 1954   0.12   0.30     0.07
  MONTH TO DATE    0.42                      0.74  -0.32     0.13
  SINCE JUN 1      2.91                      4.64  -1.73     6.47
  SINCE JAN 1     13.11                     17.28  -4.17    17.42

SNOWFALL (IN)
  YESTERDAY        0.0           0.0    MM   0.0    0.0      0.0
  MONTH TO DATE    0.0                       0.0    0.0      0.0
  SINCE JUN 1      0.0                       0.0    0.0      0.0
  SINCE JUL 1      0.0                       0.0    0.0      0.0
  SNOW DEPTH       0

DEGREE DAYS
 HEATING
  YESTERDAY        0                         0      0        0
  MONTH TO DATE   16                         4     12        6
  SINCE JUN 1    118                        88     30       80
  SINCE JUL 1     16                         4     12        6

 COOLING
  YESTERDAY        9                         7      2        7
  MONTH TO DATE   21                        41    -20       17
  SINCE JUN 1     94                       161    -67      107
  SINCE JAN 1    120                       191    -71      125
..................................................................


WIND (MPH)
  HIGHEST WIND SPEED    25   HIGHEST WIND DIRECTION    SW (240)
  HIGHEST GUST SPEED    39   HIGHEST GUST DIRECTION    SW (240)
  AVERAGE WIND SPEED    10.0


SKY COVER
  POSSIBLE SUNSHINE  MM
  AVERAGE SKY COVER 0.7


WEATHER CONDITIONS
 THE FOLLOWING WEATHER WAS RECORDED YESTERDAY.
  THUNDERSTORM
  HEAVY RAIN
  RAIN
  LIGHT RAIN
  FOG
  HAZE


RELATIVE HUMIDITY (PERCENT)
 HIGHEST    84           400 AM
 LOWEST     61          1200 PM
 AVERAGE    73

..........................................................


THE MILWAUKEE WI CLIMATE NORMALS FOR TODAY
                         NORMAL    RECORD    YEAR
 MAXIMUM TEMPERATURE (F)   80        98      1980
                                             1936
 MINIMUM TEMPERATURE (F)   63        48      1960


SUNRISE AND SUNSET
JULY  7 2015..........SUNRISE   520 AM CDT   SUNSET   833 PM CDT
JULY  8 2015..........SUNRISE   521 AM CDT   SUNSET   832 PM CDT


-  INDICATES NEGATIVE NUMBERS.
R  INDICATES RECORD WAS SET OR TIED.
MM INDICATES DATA IS MISSING.
T  INDICATES TRACE AMOUNT.




$$
