098
CDUS43 KMKX 200649
CLIMKE


CLIMATE REPORT
NATIONAL WEATHER SERVICE IN MILWAUKEE
1248 AM CST TUE FEB 20 2018


...................................

...THE MILWAUKEE WI CLIMATE SUMMARY FOR FEBRUARY 19 2018...

CLIMATE NORMAL PERIOD 1981 TO 2010
CLIMATE RECORD PERIOD 1871 TO 2018


WEATHER ITEM   OBSERVED TIME   RECORD YEAR NORMAL DEPARTURE LAST
                VALUE   (LST)  VALUE       VALUE  FROM      YEAR
                                                  NORMAL
..................................................................
TEMPERATURE (F)
 YESTERDAY
  MAXIMUM         43   1151 AM  59    1981  34      9       58
                                      1930
                                      1913
  MINIMUM         33   1202 AM -10    1979  20     13       34
  AVERAGE         38                        27     11       46

PRECIPITATION (IN)
  YESTERDAY        0.79R         0.70 1908   0.06   0.73     0.00
  MONTH TO DATE    1.97                      1.07   0.90     0.18
  SINCE DEC 1      4.05                      4.87  -0.82     4.27
  SINCE JAN 1      3.59                      2.83   0.76     2.34

SNOWFALL (IN)
  YESTERDAY        0.0          10.0  1908   0.4   -0.4      0.0
  MONTH TO DATE   16.5                       6.8    9.7      0.4
  SINCE DEC 1     32.5                      32.1    0.4     23.3
  SINCE JUL 1     32.7                      34.8   -2.1     23.3
  SNOW DEPTH       T

DEGREE DAYS
 HEATING
  YESTERDAY       27                        38    -11       19
  MONTH TO DATE  817                       765     52      615
  SINCE DEC 1   3267                      3285    -18     2965
  SINCE JUL 1   4372                      4650   -278     3795

 COOLING
  YESTERDAY        0                         0      0        0
  MONTH TO DATE    0                         0      0        0
  SINCE DEC 1      0                         0      0        0
  SINCE JAN 1      0                         0      0        0
..................................................................


WIND (MPH)
  HIGHEST WIND SPEED    14   HIGHEST WIND DIRECTION    NE (40)
  HIGHEST GUST SPEED    19   HIGHEST GUST DIRECTION    NE (30)
  AVERAGE WIND SPEED     5.0


SKY COVER
  POSSIBLE SUNSHINE  MM
  AVERAGE SKY COVER 1.0


WEATHER CONDITIONS
 THE FOLLOWING WEATHER WAS RECORDED YESTERDAY.
  HEAVY RAIN
  RAIN
  LIGHT RAIN
  FOG
  FOG W/VISIBILITY <= 1/4 MILE


RELATIVE HUMIDITY (PERCENT)
 HIGHEST   100           300 PM
 LOWEST     76           200 AM
 AVERAGE    88

..........................................................


THE MILWAUKEE WI CLIMATE NORMALS FOR TODAY
                         NORMAL    RECORD    YEAR
 MAXIMUM TEMPERATURE (F)   34        60      1930
 MINIMUM TEMPERATURE (F)   21        -9      1959
                                             1929
                                             1885


SUNRISE AND SUNSET
FEBRUARY 20 2018......SUNRISE   642 AM CST   SUNSET   530 PM CST
FEBRUARY 21 2018......SUNRISE   640 AM CST   SUNSET   531 PM CST


-  INDICATES NEGATIVE NUMBERS.
R  INDICATES RECORD WAS SET OR TIED.
MM INDICATES DATA IS MISSING.
T  INDICATES TRACE AMOUNT.




$$
