000
CDUS43 KGRR 080515
CLIMKG


CLIMATE REPORT
NATIONAL WEATHER SERVICE GRAND RAPIDS, MI
115 AM EDT WED JUL 8 2015


...................................

...THE MUSKEGON MI CLIMATE SUMMARY FOR JULY 7 2015...

CLIMATE NORMAL PERIOD 1981 TO 2010
CLIMATE RECORD PERIOD 1896 TO 2015


WEATHER ITEM   OBSERVED TIME   RECORD YEAR NORMAL DEPARTURE LAST
                VALUE   (LST)  VALUE       VALUE  FROM      YEAR
                                                  NORMAL
..................................................................
TEMPERATURE (F)
 YESTERDAY
  MAXIMUM         73   1231 AM  93    1988  80     -7       81
                                      1897
  MINIMUM         56   1159 PM  45    1984  61     -5       66
                                      1983
  AVERAGE         65                        71     -6       74

PRECIPITATION (IN)
  YESTERDAY        0.01          1.25 1902   0.07  -0.06      T
  MONTH TO DATE    2.75                      0.51   2.24     0.20
  SINCE JUN 1      6.05                      3.06   2.99     7.22
  SINCE JAN 1     18.48                     15.33   3.15    20.52

SNOWFALL (IN)
  YESTERDAY        0.0          MM      MM   0.0    0.0      0.0
  MONTH TO DATE    0.0                       0.0    0.0      0.0
  SINCE JUN 1      0.0                       0.0    0.0      0.0
  SINCE JUL 1      0.0                       0.0    0.0      0.0
  SNOW DEPTH       0

DEGREE DAYS
 HEATING
  YESTERDAY        0                         0      0        0
  MONTH TO DATE   11                         4      7        2
  SINCE JUN 1     44                        70    -26       33
  SINCE JUL 1     11                         4      7        2

 COOLING
  YESTERDAY        0                         6     -6        9
  MONTH TO DATE   14                        42    -28       20
  SINCE JUN 1     77                       147    -70      155
  SINCE JAN 1    116                       176    -60      172
..................................................................


WIND (MPH)
  RESULTANT WIND SPEED   9   RESULTANT WIND DIRECTION   N (340)
  HIGHEST WIND SPEED    22   HIGHEST WIND DIRECTION    NW (330)
  HIGHEST GUST SPEED    29   HIGHEST GUST DIRECTION     N (340)
  AVERAGE WIND SPEED    13.0


SKY COVER
  AVERAGE SKY COVER 0.5


WEATHER CONDITIONS
 THE FOLLOWING WEATHER WAS RECORDED YESTERDAY.
  LIGHT RAIN
  FOG


RELATIVE HUMIDITY (PERCENT)
 HIGHEST    93           300 AM
 LOWEST     44           200 PM
 AVERAGE    69

..........................................................


THE MUSKEGON MI CLIMATE NORMALS FOR TODAY
                         NORMAL    RECORD    YEAR
 MAXIMUM TEMPERATURE (F)   80        93      1911
 MINIMUM TEMPERATURE (F)   62        45      1984
                                             1934


SUNRISE AND SUNSET
JULY  8 2015..........SUNRISE   613 AM EDT   SUNSET   926 PM EDT
JULY  9 2015..........SUNRISE   614 AM EDT   SUNSET   926 PM EDT


-  INDICATES NEGATIVE NUMBERS.
R  INDICATES RECORD WAS SET OR TIED.
MM INDICATES DATA IS MISSING.
T  INDICATES TRACE AMOUNT.




$$
