000
CDUS44 KMEG 240645
CLIMKL


CLIMATE REPORT
NATIONAL WEATHER SERVICE MEMPHIS TN
145 AM CDT SUN MAY 24 2015


...................................

...THE JACKSON CLIMATE SUMMARY FOR MAY 23 2015...

CLIMATE NORMAL PERIOD 1981 TO 2010
CLIMATE RECORD PERIOD 1948 TO 2015


WEATHER ITEM   OBSERVED TIME   RECORD YEAR NORMAL DEPARTURE LAST
                VALUE   (LST)  VALUE       VALUE  FROM      YEAR
                                                  NORMAL
..................................................................
TEMPERATURE (F)
 YESTERDAY
  MAXIMUM         82    346 PM  93    1996  82      0       88
  MINIMUM         50   1211 AM  40    1963  59     -9       64
  AVERAGE         66                        70     -4       76

PRECIPITATION (IN)
  YESTERDAY        0.00          1.21 1984   0.18  -0.18     0.00
  MONTH TO DATE    2.86                      4.24  -1.38     3.17
  SINCE MAR 1     12.86                     13.85  -0.99    13.20
  SINCE JAN 1     18.75                     22.09  -3.34    21.36

SNOWFALL (IN)
  YESTERDAY        0.0          MM      MM   0.0    0.0      0.0
  MONTH TO DATE    0.0                       0.0    0.0      0.0
  SINCE MAR 1      4.4                       0.4    4.0      0.8
  SINCE JUL 1      5.9                       4.6    1.3      1.3
  SNOW DEPTH       0

DEGREE DAYS
 HEATING
  YESTERDAY        0                         1     -1        0
  MONTH TO DATE   39                        42     -3       59
  SINCE MAR 1    664                       684    -20      851
  SINCE JUL 1   3837                      3568    269     4147

 COOLING
  YESTERDAY        1                         6     -5       11
  MONTH TO DATE  103                       100      3      129
  SINCE MAR 1    164                       158      6      166
  SINCE JAN 1    164                       159      5      166
..................................................................


WIND (MPH)
  HIGHEST WIND SPEED    10   HIGHEST WIND DIRECTION     E (100)
  HIGHEST GUST SPEED    16   HIGHEST GUST DIRECTION    SE (130)
  AVERAGE WIND SPEED     3.1


SKY COVER
  POSSIBLE SUNSHINE  MM
  AVERAGE SKY COVER 0.2


WEATHER CONDITIONS
 THE FOLLOWING WEATHER WAS RECORDED YESTERDAY.
  FOG


RELATIVE HUMIDITY (PERCENT)
 HIGHEST    93           100 AM
 LOWEST     39           100 PM
 AVERAGE    66

..........................................................


THE JACKSON CLIMATE NORMALS FOR TODAY
                         NORMAL    RECORD    YEAR
 MAXIMUM TEMPERATURE (F)   82        94      1962
 MINIMUM TEMPERATURE (F)   60        44      1963


SUNRISE AND SUNSET
MAY 24 2015...........SUNRISE   545 AM CDT   SUNSET   800 PM CDT
MAY 25 2015...........SUNRISE   544 AM CDT   SUNSET   801 PM CDT


-  INDICATES NEGATIVE NUMBERS.
R  INDICATES RECORD WAS SET OR TIED.
MM INDICATES DATA IS MISSING.
T  INDICATES TRACE AMOUNT.




$$
