000
CDUS44 KMEG 270739
CLIMKL


CLIMATE REPORT
NATIONAL WEATHER SERVICE MEMPHIS TN
139 AM CST THU NOV 27 2014


...................................

...THE JACKSON CLIMATE SUMMARY FOR NOVEMBER 26 2014...

CLIMATE NORMAL PERIOD 1981 TO 2010
CLIMATE RECORD PERIOD 1948 TO 2014


WEATHER ITEM   OBSERVED TIME   RECORD YEAR NORMAL DEPARTURE LAST
                VALUE   (LST)  VALUE       VALUE  FROM      YEAR
                                                  NORMAL
..................................................................
TEMPERATURE (F)
 YESTERDAY
  MAXIMUM         48    456 PM  82    1965  57     -9       39
  MINIMUM         22    535 AM  19    1977  36    -14       34
  AVERAGE         35                        46    -11       37

PRECIPITATION (IN)
  YESTERDAY        0.01          1.98 1973   0.19  -0.18     0.06
  MONTH TO DATE    2.18                      4.15  -1.97     1.83
  SINCE SEP 1     11.52                     11.30   0.22     8.48
  SINCE JAN 1     55.18                     47.17   8.01    53.57

SNOWFALL (IN)
  YESTERDAY        0.0           T    2010   0.0    0.0      0.0
                                      1956
  MONTH TO DATE    0.1                       0.1    0.0       T
  SINCE SEP 1      0.1                       0.1    0.0       T
  SINCE JUL 1      0.1                       0.1    0.0       T
  SNOW DEPTH       0

DEGREE DAYS
 HEATING
  YESTERDAY       30                        19     11       28
  MONTH TO DATE  555                       373    182      459
  SINCE SEP 1    724                       587    137      664
  SINCE JUL 1    724                       587    137      664

 COOLING
  YESTERDAY        0                         0      0        0
  MONTH TO DATE    0                         2     -2        0
  SINCE SEP 1    291                       270     21      308
  SINCE JAN 1   1608                      1693    -85     1592
..................................................................


WIND (MPH)
  HIGHEST WIND SPEED    22   HIGHEST WIND DIRECTION     W (290)
  HIGHEST GUST SPEED    28   HIGHEST GUST DIRECTION     W (290)
  AVERAGE WIND SPEED     5.1


SKY COVER
  POSSIBLE SUNSHINE  MM
  AVERAGE SKY COVER 0.4


WEATHER CONDITIONS
 THE FOLLOWING WEATHER WAS RECORDED YESTERDAY.
  LIGHT RAIN


RELATIVE HUMIDITY (PERCENT)
 HIGHEST    96           400 AM
 LOWEST     42          1100 AM
 AVERAGE    69

..........................................................


THE JACKSON CLIMATE NORMALS FOR TODAY
                         NORMAL    RECORD    YEAR
 MAXIMUM TEMPERATURE (F)   56        78      1989
 MINIMUM TEMPERATURE (F)   35        15      2013


SUNRISE AND SUNSET
NOVEMBER 27 2014......SUNRISE   643 AM CST   SUNSET   443 PM CST
NOVEMBER 28 2014......SUNRISE   644 AM CST   SUNSET   443 PM CST


-  INDICATES NEGATIVE NUMBERS.
R  INDICATES RECORD WAS SET OR TIED.
MM INDICATES DATA IS MISSING.
T  INDICATES TRACE AMOUNT.




$$
