000
CDUS44 KMEG 270635
CLIMKL


CLIMATE REPORT
NATIONAL WEATHER SERVICE MEMPHIS TN
132 AM CDT FRI MAY 27 2016


...................................

...THE JACKSON CLIMATE SUMMARY FOR MAY 26 2016...

CLIMATE NORMAL PERIOD 1981 TO 2010
CLIMATE RECORD PERIOD 1948 TO 2016


WEATHER ITEM   OBSERVED TIME   RECORD YEAR NORMAL DEPARTURE LAST
                VALUE   (LST)  VALUE       VALUE  FROM      YEAR
                                                  NORMAL
..................................................................
TEMPERATURE (F)
 YESTERDAY
  MAXIMUM         89    317 PM  94    1978  82      7       83
  MINIMUM         66   1201 AM  46    1988  60      6       66
                                      1979
                                      1961
  AVERAGE         78                        71      7       75

PRECIPITATION (IN)
  YESTERDAY        0.46          2.90 2006   0.18   0.28      T
  MONTH TO DATE    3.77                      4.77  -1.00     3.25
  SINCE MAR 1     19.62                     14.38   5.24    13.25
  SINCE JAN 1     25.24                     22.62   2.62    19.14

SNOWFALL (IN)
  YESTERDAY        0.0          MM      MM   0.0    0.0      0.0
  MONTH TO DATE    0.0                       0.0    0.0      0.0
  SINCE MAR 1      T                         0.4   -0.4      4.4
  SINCE JUL 1      1.5                       4.6   -3.1      5.9
  SNOW DEPTH       0

DEGREE DAYS
 HEATING
  YESTERDAY        0                         1     -1        0
  MONTH TO DATE   64                        45     19       39
  SINCE MAR 1    511                       687   -176      664
  SINCE JUL 1   2879                      3571   -692     3837

 COOLING
  YESTERDAY       13                         7      6       10
  MONTH TO DATE   84                       120    -36      133
  SINCE MAR 1    128                       178    -50      194
  SINCE JAN 1    128                       179    -51      194
..................................................................


WIND (MPH)
  HIGHEST WIND SPEED    26   HIGHEST WIND DIRECTION    NE (30)
  HIGHEST GUST SPEED    36   HIGHEST GUST DIRECTION    NE (30)
  AVERAGE WIND SPEED     8.9


SKY COVER
  POSSIBLE SUNSHINE  MM
  AVERAGE SKY COVER 0.3


WEATHER CONDITIONS
 THE FOLLOWING WEATHER WAS RECORDED YESTERDAY.
  THUNDERSTORM
  HEAVY RAIN
  RAIN
  LIGHT RAIN
  FOG


RELATIVE HUMIDITY (PERCENT)
 HIGHEST    93           800 PM
 LOWEST     56           300 PM
 AVERAGE    75

..........................................................


THE JACKSON CLIMATE NORMALS FOR TODAY
                         NORMAL    RECORD    YEAR
 MAXIMUM TEMPERATURE (F)   83        96      1964
 MINIMUM TEMPERATURE (F)   60        39      1961


SUNRISE AND SUNSET
MAY 27 2016...........SUNRISE   543 AM CDT   SUNSET   803 PM CDT
MAY 28 2016...........SUNRISE   543 AM CDT   SUNSET   804 PM CDT


-  INDICATES NEGATIVE NUMBERS.
R  INDICATES RECORD WAS SET OR TIED.
MM INDICATES DATA IS MISSING.
T  INDICATES TRACE AMOUNT.




$$
