000
CDUS44 KMEG 272203
CLIMKL


CLIMATE REPORT
NATIONAL WEATHER SERVICE MEMPHIS TN
503 PM CDT FRI MAR 27 2015


...................................

...THE JACKSON CLIMATE SUMMARY FOR MARCH 27 2015...
VALID TODAY AS OF 0500 PM LOCAL TIME.

CLIMATE NORMAL PERIOD 1981 TO 2010
CLIMATE RECORD PERIOD 1948 TO 2015


WEATHER ITEM   OBSERVED TIME   RECORD YEAR NORMAL DEPARTURE LAST
                VALUE   (LST)  VALUE       VALUE  FROM      YEAR
                                                  NORMAL
..................................................................
TEMPERATURE (F)
 TODAY
  MAXIMUM         50    211 PM  82    2012  66    -16       68
  MINIMUM         29    521 AM  19    1955  42    -13       46
  AVERAGE         40                        54    -14       57

PRECIPITATION (IN)
  TODAY            T             2.21 2005   0.16  -0.16     0.44
  MONTH TO DATE    4.65                      4.08   0.57     4.58
  SINCE MAR 1      4.65                      4.08   0.57     4.58
  SINCE JAN 1     10.54                     12.32  -1.78    12.74

SNOWFALL (IN)
  TODAY            0.0

DEGREE DAYS
 HEATING
  TODAY           25                        11     14        8
  MONTH TO DATE  416                       402     14      547
  SINCE MAR 1    416                       402     14      547
  SINCE JUL 1   3589                      3286    303     3843

 COOLING
  TODAY            0                         1     -1        0
  MONTH TO DATE    2                         3     -1        0
  SINCE MAR 1      2                         3     -1        0
  SINCE JAN 1      2                         4     -2        0
..................................................................


WIND (MPH)
  HIGHEST WIND SPEED    21   HIGHEST WIND DIRECTION     N (340)
  HIGHEST GUST SPEED    26   HIGHEST GUST DIRECTION     N (340)
  AVERAGE WIND SPEED     5.0


SKY COVER
  POSSIBLE SUNSHINE  MM
  AVERAGE SKY COVER 0.5


WEATHER CONDITIONS
 THE FOLLOWING WEATHER WAS RECORDED TODAY.
  LIGHT RAIN
  FOG


RELATIVE HUMIDITY (PERCENT)
 HIGHEST   100           500 AM
 LOWEST     56           200 PM
 AVERAGE    78

..........................................................


THE JACKSON CLIMATE NORMALS FOR TOMORROW
                         NORMAL    RECORD    YEAR
 MAXIMUM TEMPERATURE (F)   67        84      1989
 MINIMUM TEMPERATURE (F)   42        24      1955


SUNRISE AND SUNSET
MARCH 27 2015.........SUNRISE   650 AM CDT   SUNSET   713 PM CDT
MARCH 28 2015.........SUNRISE   648 AM CDT   SUNSET   714 PM CDT


-  INDICATES NEGATIVE NUMBERS.
R  INDICATES RECORD WAS SET OR TIED.
MM INDICATES DATA IS MISSING.
T  INDICATES TRACE AMOUNT.




$$
