513
CDUS44 KMEG 260633
CLIMKL


CLIMATE REPORT
NATIONAL WEATHER SERVICE MEMPHIS TN
132 AM CDT MON JUN 26 2017


...................................

...THE JACKSON CLIMATE SUMMARY FOR JUNE 25 2017...

CLIMATE NORMAL PERIOD 1981 TO 2010
CLIMATE RECORD PERIOD 1948 TO 2017


WEATHER ITEM   OBSERVED TIME   RECORD YEAR NORMAL DEPARTURE LAST
                VALUE   (LST)  VALUE       VALUE  FROM      YEAR
                                                  NORMAL
..................................................................
TEMPERATURE (F)
 YESTERDAY
  MAXIMUM         86    233 PM 100    2012  89     -3       96
  MINIMUM         61   1159 PM  55    1974  67     -6       73
  AVERAGE         74                        78     -4       85

PRECIPITATION (IN)
  YESTERDAY        0.00          1.41 1992   0.14  -0.14     0.00
  MONTH TO DATE    1.69                      4.13  -2.44     2.24
  SINCE JUN 1      1.69                      4.13  -2.44     2.24
  SINCE JAN 1     24.34                     27.67  -3.33    27.48

DEGREE DAYS
 HEATING
  YESTERDAY        0                         0      0        0
  MONTH TO DATE    0                         0      0        0
  SINCE JUN 1      0                         0      0        0
  SINCE JUL 1   2520                      3572  -1052     2879

 COOLING
  YESTERDAY        9                        13     -4       20
  MONTH TO DATE  289                       271     18      353
  SINCE JUN 1    289                       271     18      353
  SINCE JAN 1    557                       486     71      537
..................................................................


WIND (MPH)
  HIGHEST WIND SPEED    12   HIGHEST WIND DIRECTION     N (340)
  HIGHEST GUST SPEED    17   HIGHEST GUST DIRECTION     N (340)
  AVERAGE WIND SPEED     3.1


SKY COVER
  POSSIBLE SUNSHINE  MM
  AVERAGE SKY COVER 0.0


WEATHER CONDITIONS
 THE FOLLOWING WEATHER WAS RECORDED YESTERDAY.
  NO SIGNIFICANT WEATHER WAS OBSERVED.


RELATIVE HUMIDITY (PERCENT)
 HIGHEST    93           300 AM
 LOWEST     27           400 PM
 AVERAGE    60

..........................................................


THE JACKSON CLIMATE NORMALS FOR TODAY
                         NORMAL    RECORD    YEAR
 MAXIMUM TEMPERATURE (F)   89       103      1988
                                             1954
 MINIMUM TEMPERATURE (F)   68        53      1974


SUNRISE AND SUNSET
JUNE 26 2017..........SUNRISE   542 AM CDT   SUNSET   815 PM CDT
JUNE 27 2017..........SUNRISE   542 AM CDT   SUNSET   815 PM CDT


-  INDICATES NEGATIVE NUMBERS.
R  INDICATES RECORD WAS SET OR TIED.
MM INDICATES DATA IS MISSING.
T  INDICATES TRACE AMOUNT.




$$
