000
CDUS44 KMEG 290641
CLIMKL


CLIMATE REPORT
NATIONAL WEATHER SERVICE MEMPHIS TN
140 AM CDT FRI APR 29 2016


...................................

...THE JACKSON CLIMATE SUMMARY FOR APRIL 28 2016...

CLIMATE NORMAL PERIOD 1981 TO 2010
CLIMATE RECORD PERIOD 1948 TO 2016


WEATHER ITEM   OBSERVED TIME   RECORD YEAR NORMAL DEPARTURE LAST
                VALUE   (LST)  VALUE       VALUE  FROM      YEAR
                                                  NORMAL
..................................................................
TEMPERATURE (F)
 YESTERDAY
  MAXIMUM         82    413 PM  91    1989  76      6       64
  MINIMUM         57   1159 PM  34    1992  52      5       45
  AVERAGE         70                        64      6       55

PRECIPITATION (IN)
  YESTERDAY        0.00          2.48 1954   0.17  -0.17     0.00
  MONTH TO DATE    0.73                      4.52  -3.79     4.92
  SINCE MAR 1     13.38                      9.27   4.11    10.00
  SINCE JAN 1     19.00                     17.51   1.49    15.89

SNOWFALL (IN)
  YESTERDAY        0.0          MM      MM   0.0    0.0      0.0
  MONTH TO DATE    0.0                       0.1   -0.1      0.0
  SINCE MAR 1      T                         0.5   -0.5      4.4
  SINCE JUL 1      1.5                       4.7   -3.2      5.9
  SNOW DEPTH       0

DEGREE DAYS
 HEATING
  YESTERDAY        0                         4     -4       10
  MONTH TO DATE  130                       191    -61      133
  SINCE MAR 1    443                       635   -192      612
  SINCE JUL 1   2811                      3519   -708     3785

 COOLING
  YESTERDAY        5                         2      3        0
  MONTH TO DATE   35                        42     -7       59
  SINCE MAR 1     41                        52    -11       61
  SINCE JAN 1     41                        53    -12       61
..................................................................


WIND (MPH)
  HIGHEST WIND SPEED    14   HIGHEST WIND DIRECTION    SW (240)
  HIGHEST GUST SPEED    18   HIGHEST GUST DIRECTION    SW (240)
  AVERAGE WIND SPEED     5.2


SKY COVER
  POSSIBLE SUNSHINE  MM
  AVERAGE SKY COVER 0.1


WEATHER CONDITIONS
 THE FOLLOWING WEATHER WAS RECORDED YESTERDAY.
  FOG


RELATIVE HUMIDITY (PERCENT)
 HIGHEST   100           400 AM
 LOWEST     34           400 PM
 AVERAGE    67

..........................................................


THE JACKSON CLIMATE NORMALS FOR TODAY
                         NORMAL    RECORD    YEAR
 MAXIMUM TEMPERATURE (F)   76        88      1957
 MINIMUM TEMPERATURE (F)   52        36      2008


SUNRISE AND SUNSET
APRIL 29 2016.........SUNRISE   605 AM CDT   SUNSET   741 PM CDT
APRIL 30 2016.........SUNRISE   604 AM CDT   SUNSET   742 PM CDT


-  INDICATES NEGATIVE NUMBERS.
R  INDICATES RECORD WAS SET OR TIED.
MM INDICATES DATA IS MISSING.
T  INDICATES TRACE AMOUNT.




$$
