000
CDUS42 KMLB 270634
CLIMLB


CLIMATE REPORT
NATIONAL WEATHER SERVICE MELBOURNE FL
133 AM EST FRI FEB 27 2015


...................................

...THE MELBOURNE CLIMATE SUMMARY FOR FEBRUARY 26 2015...

CLIMATE NORMAL PERIOD 1981 TO 2010
CLIMATE RECORD PERIOD 1939 TO 2015


WEATHER ITEM   OBSERVED TIME   RECORD YEAR NORMAL DEPARTURE LAST
                VALUE   (LST)  VALUE       VALUE  FROM      YEAR
                                                  NORMAL
..................................................................
TEMPERATURE (F)
 YESTERDAY
  MAXIMUM         73    754 AM  91    1939  75     -2       81
  MINIMUM         59   1159 PM  27    1967  53      6       57
  AVERAGE         66                        64      2       69

PRECIPITATION (IN)
  YESTERDAY        0.18          1.65 1941   0.10   0.08     0.34
  MONTH TO DATE    3.14                      2.33   0.81     1.25
  SINCE DEC 1      7.24                      7.17   0.07     9.18
  SINCE JAN 1      5.62                      4.60   1.02     7.03

SNOWFALL (IN)
  YESTERDAY        0.0
  MONTH TO DATE    0.0
  SINCE JUL 1      0.0

DEGREE DAYS
 HEATING
  YESTERDAY        0                         3     -3        0
  MONTH TO DATE  137                       114     23       51
  SINCE DEC 1    340                       441   -101      283
  SINCE JUL 1    405                       483    -78      297

 COOLING
  YESTERDAY        1                         2     -1        4
  MONTH TO DATE   29                        52    -23      111
  SINCE DEC 1    227                       172     55      319
  SINCE JAN 1     96                        96      0      168
..................................................................


WIND (MPH)
  HIGHEST WIND SPEED    23   HIGHEST WIND DIRECTION     W (290)
  HIGHEST GUST SPEED    31   HIGHEST GUST DIRECTION    SW (210)
  AVERAGE WIND SPEED    11.6


SKY COVER
  AVERAGE SKY COVER 0.9


WEATHER CONDITIONS
 THE FOLLOWING WEATHER WAS RECORDED YESTERDAY.
  THUNDERSTORM
  HEAVY RAIN
  RAIN
  LIGHT RAIN
  FOG
  HAZE


RELATIVE HUMIDITY (PERCENT)
 HIGHEST    90           300 AM
 LOWEST     68           200 PM
 AVERAGE    79

..........................................................


THE MELBOURNE CLIMATE NORMALS FOR TODAY
                         NORMAL    RECORD    YEAR
 MAXIMUM TEMPERATURE (F)   75        87      1977
 MINIMUM TEMPERATURE (F)   53        30      1967


SUNRISE AND SUNSET
FEBRUARY 27 2015......SUNRISE   649 AM EST   SUNSET   621 PM EST
FEBRUARY 28 2015......SUNRISE   648 AM EST   SUNSET   622 PM EST


-  INDICATES NEGATIVE NUMBERS.
R  INDICATES RECORD WAS SET OR TIED.
MM INDICATES DATA IS MISSING.
T  INDICATES TRACE AMOUNT.




$$
