000
CDUS42 KMLB 270626
CLIMLB


CLIMATE REPORT
NATIONAL WEATHER SERVICE MELBOURNE FL
126 AM EST MON FEB 27 2017


...................................

...THE MELBOURNE CLIMATE SUMMARY FOR FEBRUARY 26 2017...

CLIMATE NORMAL PERIOD 1981 TO 2010
CLIMATE RECORD PERIOD 1939 TO 2017


WEATHER ITEM   OBSERVED TIME   RECORD YEAR NORMAL DEPARTURE LAST
                VALUE   (LST)  VALUE       VALUE  FROM      YEAR
                                                  NORMAL
..................................................................
TEMPERATURE (F)
 YESTERDAY
  MAXIMUM         75    232 PM  91    1939  75      0       67
  MINIMUM         61    715 AM  27    1967  53      8       44
  AVERAGE         68                        64      4       56

PRECIPITATION (IN)
  YESTERDAY        0.00          1.65 1941   0.10  -0.10     0.00
  MONTH TO DATE    3.43                      2.33   1.10     2.03
  SINCE DEC 1      5.21                      7.17  -1.96    13.55
  SINCE JAN 1      4.89                      4.60   0.29     9.86

SNOWFALL (IN)
  YESTERDAY        0.0
  MONTH TO DATE    0.0
  SINCE JUL 1      0.0

DEGREE DAYS
 HEATING
  YESTERDAY        0                         3     -3        9
  MONTH TO DATE   30                       114    -84      119
  SINCE DEC 1    159                       441   -282      297
  SINCE JUL 1    178                       483   -305      302

 COOLING
  YESTERDAY        3                         2      1        0
  MONTH TO DATE   81                        52     29       54
  SINCE DEC 1    335                       172    163      374
  SINCE JAN 1    159                        96     63       90
..................................................................


WIND (MPH)
  HIGHEST WIND SPEED    21   HIGHEST WIND DIRECTION     N (10)
  HIGHEST GUST SPEED    26   HIGHEST GUST DIRECTION     N (360)
  AVERAGE WIND SPEED    12.4


SKY COVER
  AVERAGE SKY COVER 0.0


WEATHER CONDITIONS
 THE FOLLOWING WEATHER WAS RECORDED YESTERDAY.
  NO SIGNIFICANT WEATHER WAS OBSERVED.


RELATIVE HUMIDITY (PERCENT)
 HIGHEST   100           400 AM
 LOWEST     38           300 PM
 AVERAGE    69

..........................................................


THE MELBOURNE CLIMATE NORMALS FOR TODAY
                         NORMAL    RECORD    YEAR
 MAXIMUM TEMPERATURE (F)   75        87      1977
 MINIMUM TEMPERATURE (F)   53        30      1967


SUNRISE AND SUNSET
FEBRUARY 27 2017......SUNRISE   649 AM EST   SUNSET   622 PM EST
FEBRUARY 28 2017......SUNRISE   648 AM EST   SUNSET   622 PM EST


-  INDICATES NEGATIVE NUMBERS.
R  INDICATES RECORD WAS SET OR TIED.
MM INDICATES DATA IS MISSING.
T  INDICATES TRACE AMOUNT.




$$
