000
CDUS42 KMLB 312133
CLIMLB


CLIMATE REPORT
NATIONAL WEATHER SERVICE MELBOURNE FL
430 PM EST SAT JAN 31 2015


...................................

...THE MELBOURNE CLIMATE SUMMARY FOR JANUARY 31 2015...
VALID TODAY AS OF 0400 PM LOCAL TIME.

CLIMATE NORMAL PERIOD 1981 TO 2010
CLIMATE RECORD PERIOD 1939 TO 2015


WEATHER ITEM   OBSERVED TIME   RECORD YEAR NORMAL DEPARTURE LAST
                VALUE   (LST)  VALUE       VALUE  FROM      YEAR
                                                  NORMAL
..................................................................
TEMPERATURE (F)
 TODAY
  MAXIMUM         69    239 PM  88    1991  72     -3       69
  MINIMUM         45    454 AM  26    1966  50     -5       55
  AVERAGE         57                        61     -4       62

PRECIPITATION (IN)
  TODAY            0.00          1.98 2014   0.08  -0.08     1.98
  MONTH TO DATE    2.48                      2.27   0.21     5.78
  SINCE DEC 1      4.10                      4.84  -0.74     7.93
  SINCE JAN 1      2.48                      2.27   0.21     5.78

SNOWFALL (IN)
  TODAY            0.0
  MONTH TO DATE    0.0
  SINCE JUL 1      0.0

DEGREE DAYS
 HEATING
  TODAY            8                         5      3        3
  MONTH TO DATE  121                       185    -64      207
  SINCE DEC 1    203                       327   -124      232
  SINCE JUL 1    268                       369   -101      246

 COOLING
  TODAY            0                         2     -2        0
  MONTH TO DATE   67                        44     23       57
  SINCE DEC 1    198                       120     78      208
  SINCE JAN 1     67                        44     23       57
..................................................................


WIND (MPH)
  HIGHEST WIND SPEED    18   HIGHEST WIND DIRECTION    NE (50)
  HIGHEST GUST SPEED    22   HIGHEST GUST DIRECTION    NE (40)
  AVERAGE WIND SPEED     9.5


SKY COVER
  AVERAGE SKY COVER 0.2


WEATHER CONDITIONS
 THE FOLLOWING WEATHER WAS RECORDED TODAY.
  NO SIGNIFICANT WEATHER WAS OBSERVED.


RELATIVE HUMIDITY (PERCENT)
 HIGHEST    93           400 AM
 LOWEST     47          1100 AM
 AVERAGE    70

..........................................................


THE MELBOURNE CLIMATE NORMALS FOR TOMORROW
                         NORMAL    RECORD    YEAR
 MAXIMUM TEMPERATURE (F)   72        86      1985
 MINIMUM TEMPERATURE (F)   50        32      1966


SUNRISE AND SUNSET
JANUARY 31 2015.......SUNRISE   710 AM EST   SUNSET   602 PM EST
FEBRUARY  1 2015......SUNRISE   710 AM EST   SUNSET   603 PM EST


-  INDICATES NEGATIVE NUMBERS.
R  INDICATES RECORD WAS SET OR TIED.
MM INDICATES DATA IS MISSING.
T  INDICATES TRACE AMOUNT.




$$
