000
CDUS42 KMLB 292021
CLIMLB


CLIMATE REPORT
NATIONAL WEATHER SERVICE MELBOURNE FL
421 PM EDT MON AUG 29 2016


...................................

...THE MELBOURNE CLIMATE SUMMARY FOR AUGUST 29 2016...
VALID TODAY AS OF 0400 PM LOCAL TIME.

CLIMATE NORMAL PERIOD 1981 TO 2010
CLIMATE RECORD PERIOD 1939 TO 2016


WEATHER ITEM   OBSERVED TIME   RECORD YEAR NORMAL DEPARTURE LAST
                VALUE   (LST)  VALUE       VALUE  FROM      YEAR
                                                  NORMAL
..................................................................
TEMPERATURE (F)
 TODAY
  MAXIMUM         88   1124 AM  97    1938  90     -2       88
  MINIMUM         77    141 PM  67    1994  73      4       74
                                      1965
  AVERAGE         83                        82      1       81

PRECIPITATION (IN)
  TODAY            0.18          1.58 2000   0.25  -0.07     0.47
  MONTH TO DATE    3.45                      7.19  -3.74     8.51
  SINCE JUN 1     13.45                     19.86  -6.41    25.42
  SINCE JAN 1     35.42                     33.36   2.06    38.27

SNOWFALL (IN)
  TODAY            0.0
  MONTH TO DATE    0.0
  SINCE JUL 1      0.0

DEGREE DAYS
 HEATING
  TODAY            0                         0      0        0
  MONTH TO DATE    0                         0      0        0
  SINCE JUN 1      0                         0      0        0
  SINCE JUL 1      0                         0      0        0

 COOLING
  TODAY           18                        16      2       16
  MONTH TO DATE  563                       492     71      506
  SINCE JUN 1   1684                      1470    214     1517
  SINCE JAN 1   2617                      2196    421     2629
..................................................................


WIND (MPH)
  HIGHEST WIND SPEED    24   HIGHEST WIND DIRECTION     E (110)
  HIGHEST GUST SPEED    30   HIGHEST GUST DIRECTION     E (110)
  AVERAGE WIND SPEED     8.1


SKY COVER
  AVERAGE SKY COVER 0.3


WEATHER CONDITIONS
 THE FOLLOWING WEATHER WAS RECORDED TODAY.
  THUNDERSTORM
  HEAVY RAIN
  RAIN
  LIGHT RAIN
  FOG
  HAZE


RELATIVE HUMIDITY (PERCENT)
 HIGHEST    97           200 PM
 LOWEST     68          1000 AM
 AVERAGE    83

..........................................................


THE MELBOURNE CLIMATE NORMALS FOR TOMORROW
                         NORMAL    RECORD    YEAR
 MAXIMUM TEMPERATURE (F)   90        96      1999
 MINIMUM TEMPERATURE (F)   73        65      1965


SUNRISE AND SUNSET
AUGUST 29 2016........SUNRISE   700 AM EDT   SUNSET   746 PM EDT
AUGUST 30 2016........SUNRISE   700 AM EDT   SUNSET   745 PM EDT


-  INDICATES NEGATIVE NUMBERS.
R  INDICATES RECORD WAS SET OR TIED.
MM INDICATES DATA IS MISSING.
T  INDICATES TRACE AMOUNT.




$$
