000
CDUS42 KMLB 282017
CLIMLB


CLIMATE REPORT
NATIONAL WEATHER SERVICE MELBOURNE FL
417 PM EDT TUE MAR 28 2017


...................................

...THE MELBOURNE CLIMATE SUMMARY FOR MARCH 28 2017...
VALID TODAY AS OF 0400 PM LOCAL TIME.

CLIMATE NORMAL PERIOD 1981 TO 2010
CLIMATE RECORD PERIOD 1939 TO 2017


WEATHER ITEM   OBSERVED TIME   RECORD YEAR NORMAL DEPARTURE LAST
                VALUE   (LST)  VALUE       VALUE  FROM      YEAR
                                                  NORMAL
..................................................................
TEMPERATURE (F)
 TODAY
  MAXIMUM         84   1159 AM  93    1994  78      6       82
  MINIMUM         58    610 AM  40    2013  57      1       73
  AVERAGE         71                        67      4       78

PRECIPITATION (IN)
  TODAY            0.00          2.42 1996   0.10  -0.10     0.12
  MONTH TO DATE    0.41                      2.98  -2.57     2.41
  SINCE MAR 1      0.41                      2.98  -2.57     2.41
  SINCE JAN 1      5.30                      7.78  -2.48    12.27

SNOWFALL (IN)
  TODAY            0.0
  MONTH TO DATE    0.0
  SINCE JUL 1      0.0

DEGREE DAYS
 HEATING
  TODAY            0                         1     -1        0
  MONTH TO DATE   39                        67    -28       17
  SINCE MAR 1     39                        67    -28       17
  SINCE JUL 1    217                       556   -339      338

 COOLING
  TODAY            6                         4      2       13
  MONTH TO DATE  151                        87     64      205
  SINCE MAR 1    151                        87     64      205
  SINCE JAN 1    329                       185    144      295
..................................................................


WIND (MPH)
  HIGHEST WIND SPEED    13   HIGHEST WIND DIRECTION     E (110)
  HIGHEST GUST SPEED    17   HIGHEST GUST DIRECTION    NE (50)
  AVERAGE WIND SPEED     5.2


SKY COVER
  AVERAGE SKY COVER 0.1


WEATHER CONDITIONS
 THE FOLLOWING WEATHER WAS RECORDED TODAY.
  FOG


RELATIVE HUMIDITY (PERCENT)
 HIGHEST    93           200 AM
 LOWEST     40           300 PM
 AVERAGE    67

..........................................................


THE MELBOURNE CLIMATE NORMALS FOR TOMORROW
                         NORMAL    RECORD    YEAR
 MAXIMUM TEMPERATURE (F)   78        90      1974
                                             1961
 MINIMUM TEMPERATURE (F)   57        43      1983
                                             1955


SUNRISE AND SUNSET
MARCH 28 2017.........SUNRISE   717 AM EDT   SUNSET   738 PM EDT
MARCH 29 2017.........SUNRISE   716 AM EDT   SUNSET   739 PM EDT


-  INDICATES NEGATIVE NUMBERS.
R  INDICATES RECORD WAS SET OR TIED.
MM INDICATES DATA IS MISSING.
T  INDICATES TRACE AMOUNT.




$$
