000
CDUS42 KMLB 040626
CLIMLB


CLIMATE REPORT
NATIONAL WEATHER SERVICE MELBOURNE FL
125 AM EST SUN DEC 4 2016


...................................

...THE MELBOURNE CLIMATE SUMMARY FOR DECEMBER 3 2016...

CLIMATE NORMAL PERIOD 1981 TO 2010
CLIMATE RECORD PERIOD 1939 TO 2016


WEATHER ITEM   OBSERVED TIME   RECORD YEAR NORMAL DEPARTURE LAST
                VALUE   (LST)  VALUE       VALUE  FROM      YEAR
                                                  NORMAL
..................................................................
TEMPERATURE (F)
 YESTERDAY
  MAXIMUM         77   1239 PM  85    1983  75      2       74
  MINIMUM         54    438 AM  36    1974  56     -2       64
                                      1957
  AVERAGE         66                        66      0       69

PRECIPITATION (IN)
  YESTERDAY        0.00          1.42 1971   0.09  -0.09     1.39
  MONTH TO DATE    0.00                      0.26  -0.26     2.13
  SINCE DEC 1      0.00                      0.26  -0.26     2.13
  SINCE JAN 1     59.32                     49.69   9.63    51.63

SNOWFALL (IN)
  YESTERDAY        0.0
  MONTH TO DATE    0.0
  SINCE JUL 1      0.0

DEGREE DAYS
 HEATING
  YESTERDAY        0                         3     -3        0
  MONTH TO DATE    0                         9     -9        0
  SINCE DEC 1      0                         9     -9        0
  SINCE JUL 1     19                        51    -32        5

 COOLING
  YESTERDAY        1                         3     -2        4
  MONTH TO DATE   14                         9      5       26
  SINCE DEC 1     14                         9      5       26
  SINCE JAN 1   3742                      3204    538     3933
..................................................................


WIND (MPH)
  HIGHEST WIND SPEED    16   HIGHEST WIND DIRECTION    NE (50)
  HIGHEST GUST SPEED    19   HIGHEST GUST DIRECTION    NE (40)
  AVERAGE WIND SPEED     9.2


SKY COVER
  AVERAGE SKY COVER 0.2


WEATHER CONDITIONS
 THE FOLLOWING WEATHER WAS RECORDED YESTERDAY.
  NO SIGNIFICANT WEATHER WAS OBSERVED.


RELATIVE HUMIDITY (PERCENT)
 HIGHEST   100           700 AM
 LOWEST     60          1100 AM
 AVERAGE    80

..........................................................


THE MELBOURNE CLIMATE NORMALS FOR TODAY
                         NORMAL    RECORD    YEAR
 MAXIMUM TEMPERATURE (F)   75        87      1983
                                             1978
 MINIMUM TEMPERATURE (F)   55        29      1974


SUNRISE AND SUNSET
DECEMBER  4 2016......SUNRISE   659 AM EST   SUNSET   527 PM EST
DECEMBER  5 2016......SUNRISE   700 AM EST   SUNSET   527 PM EST


-  INDICATES NEGATIVE NUMBERS.
R  INDICATES RECORD WAS SET OR TIED.
MM INDICATES DATA IS MISSING.
T  INDICATES TRACE AMOUNT.




$$
