000
CDUS42 KMLB 262023
CLIMLB


CLIMATE REPORT
NATIONAL WEATHER SERVICE MELBOURNE FL
423 PM EDT WED JUL 26 2017


...................................

...THE MELBOURNE CLIMATE SUMMARY FOR JULY 26 2017...
VALID TODAY AS OF 0400 PM LOCAL TIME.

CLIMATE NORMAL PERIOD 1981 TO 2010
CLIMATE RECORD PERIOD 1939 TO 2017


WEATHER ITEM   OBSERVED TIME   RECORD YEAR NORMAL DEPARTURE LAST
                VALUE   (LST)  VALUE       VALUE  FROM      YEAR
                                                  NORMAL
..................................................................
TEMPERATURE (F)
 TODAY
  MAXIMUM         93    213 PM  98    1983  91      2       92
  MINIMUM         80    615 AM  69    1974  73      7       74
  AVERAGE         87                        82      5       83

PRECIPITATION (IN)
  TODAY            0.00          3.08 1960   0.21  -0.21     0.00
  MONTH TO DATE    6.39                      4.92   1.47     1.09
  SINCE JUN 1     12.84                     11.63   1.21    10.00
  SINCE JAN 1     21.18                     25.13  -3.95    31.97

SNOWFALL (IN)
  TODAY            0.0
  MONTH TO DATE    0.0
  SINCE JUL 1      0.0

DEGREE DAYS
 HEATING
  TODAY            0                         0      0        0
  MONTH TO DATE    0                         0      0        0
  SINCE JUN 1      0                         0      0        0
  SINCE JUL 1      0                         0      0        0

 COOLING
  TODAY           22                        17      5       18
  MONTH TO DATE  508                       431     77      512
  SINCE JUN 1   1027                       893    134     1022
  SINCE JAN 1   2174                      1619    555     1955
..................................................................


WIND (MPH)
  HIGHEST WIND SPEED    15   HIGHEST WIND DIRECTION     E (110)
  HIGHEST GUST SPEED    19   HIGHEST GUST DIRECTION    SE (140)
  AVERAGE WIND SPEED     6.3


SKY COVER
  AVERAGE SKY COVER 0.2


WEATHER CONDITIONS
 THE FOLLOWING WEATHER WAS RECORDED TODAY.
  NO SIGNIFICANT WEATHER WAS OBSERVED.


RELATIVE HUMIDITY (PERCENT)
 HIGHEST    94           300 AM
 LOWEST     52          1100 AM
 AVERAGE    73

..........................................................


THE MELBOURNE CLIMATE NORMALS FOR TOMORROW
                         NORMAL    RECORD    YEAR
 MAXIMUM TEMPERATURE (F)   91        99      1982
 MINIMUM TEMPERATURE (F)   73        67      1983


SUNRISE AND SUNSET
JULY 26 2017..........SUNRISE   642 AM EDT   SUNSET   816 PM EDT
JULY 27 2017..........SUNRISE   642 AM EDT   SUNSET   815 PM EDT


-  INDICATES NEGATIVE NUMBERS.
R  INDICATES RECORD WAS SET OR TIED.
MM INDICATES DATA IS MISSING.
T  INDICATES TRACE AMOUNT.




$$
