000
CDUS43 KDVN 240936
CLIMLI


CLIMATE REPORT
NATIONAL WEATHER SERVICE QUAD CITIES IA IL
435 AM CDT SUN SEP 24 2017


...................................

...THE MOLINE IL CLIMATE SUMMARY FOR SEPTEMBER 23 2017...

CLIMATE NORMAL PERIOD 1981 TO 2010
CLIMATE RECORD PERIOD 1872 TO 2017


WEATHER ITEM   OBSERVED TIME   RECORD YEAR NORMAL DEPARTURE LAST
                VALUE   (LST)  VALUE       VALUE  FROM      YEAR
                                                  NORMAL
..................................................................
TEMPERATURE (F)
 YESTERDAY
  MAXIMUM         94R   244 PM  91    2007  74     20       82
                                      1937
                                      1891
  MINIMUM         65    621 AM  31    1995  51     14       68
  AVERAGE         80                        62     18       75

PRECIPITATION (IN)
  YESTERDAY        0.00          2.09 1970   0.10  -0.10     0.32
  MONTH TO DATE    2.28                      2.44  -0.16     1.21
  SINCE SEP 1      2.28                      2.44  -0.16     1.21
  SINCE JAN 1     28.40                     29.60  -1.20    30.63

SNOWFALL (IN)
  YESTERDAY        0.0          MM      MM   0.0    0.0      0.0
  MONTH TO DATE    0.0                       0.0    0.0      0.0
  SINCE SEP 1      0.0                       0.0    0.0      0.0
  SINCE JUL 1      0.0                       0.0    0.0      0.0
  SNOW DEPTH       0

DEGREE DAYS
 HEATING
  YESTERDAY        0                         5     -5        0
  MONTH TO DATE   27                        53    -26        1
  SINCE SEP 1     27                        53    -26        1
  SINCE JUL 1     28                        61    -33        2

 COOLING
  YESTERDAY       15                         2     13       10
  MONTH TO DATE  114                        95     19      170
  SINCE SEP 1    114                        95     19      170
  SINCE JAN 1    925                       978    -53     1243
..................................................................


WIND (MPH)
  HIGHEST WIND SPEED    10   HIGHEST WIND DIRECTION     S (190)
  HIGHEST GUST SPEED    14   HIGHEST GUST DIRECTION     S (170)
  AVERAGE WIND SPEED     3.7


SKY COVER
  POSSIBLE SUNSHINE  MM
  AVERAGE SKY COVER 0.1


WEATHER CONDITIONS
 THE FOLLOWING WEATHER WAS RECORDED YESTERDAY.
  FOG


RELATIVE HUMIDITY (PERCENT)
 HIGHEST    87           600 AM
 LOWEST     36           100 PM
 AVERAGE    62

..........................................................


THE MOLINE IL CLIMATE NORMALS FOR TODAY
                         NORMAL    RECORD    YEAR
 MAXIMUM TEMPERATURE (F)   74        91      2007
 MINIMUM TEMPERATURE (F)   50        30      2012
                                             1989
                                             1942


SUNRISE AND SUNSET
SEPTEMBER 24 2017.....SUNRISE   652 AM CDT   SUNSET   655 PM CDT
SEPTEMBER 25 2017.....SUNRISE   653 AM CDT   SUNSET   654 PM CDT


-  INDICATES NEGATIVE NUMBERS.
R  INDICATES RECORD WAS SET OR TIED.
MM INDICATES DATA IS MISSING.
T  INDICATES TRACE AMOUNT.




$$
