000
CDUS43 KDVN 010904
CLIMLI


CLIMATE REPORT
NATIONAL WEATHER SERVICE QUAD CITIES IA IL
404 AM CDT TUE SEP 1 2015


...................................

...THE MOLINE IL CLIMATE SUMMARY FOR AUGUST 31 2015...

CLIMATE NORMAL PERIOD 1981 TO 2010
CLIMATE RECORD PERIOD 1872 TO 2015


WEATHER ITEM   OBSERVED TIME   RECORD YEAR NORMAL DEPARTURE LAST
                VALUE   (LST)  VALUE       VALUE  FROM      YEAR
                                                  NORMAL
..................................................................
TEMPERATURE (F)
 YESTERDAY
  MAXIMUM         88    354 PM 100    1953  82      6       87
  MINIMUM         60    554 AM  45    2009  60      0       60
                                      1967
  AVERAGE         74                        71      3       74

PRECIPITATION (IN)
  YESTERDAY        0.00          2.10 1989   0.14  -0.14     0.00
  MONTH TO DATE    3.84                      4.52  -0.68     4.32
  SINCE JUN 1     19.53                     13.30   6.23    17.01
  SINCE JAN 1     28.47                     27.16   1.31    28.57

SNOWFALL (IN)
  YESTERDAY        0.0          MM      MM   0.0    0.0      0.0
  MONTH TO DATE    T                         0.0    0.0      0.0
  SINCE JUN 1      T                         0.0    0.0      0.0
  SINCE JUL 1      T                         0.0    0.0      0.0
  SNOW DEPTH       0

DEGREE DAYS
 HEATING
  YESTERDAY        0                         1     -1        0
  MONTH TO DATE    3                         1      2        1
  SINCE JUN 1     14                        27    -13        9
  SINCE JUL 1      7                         8     -1        5

 COOLING
  YESTERDAY        9                         7      2        9
  MONTH TO DATE  214                       269    -55      262
  SINCE JUN 1    707                       807   -100      661
  SINCE JAN 1    788                       883    -95      766
..................................................................


WIND (MPH)
  HIGHEST WIND SPEED    13   HIGHEST WIND DIRECTION    SE (150)
  HIGHEST GUST SPEED    15   HIGHEST GUST DIRECTION    SE (150)
  AVERAGE WIND SPEED     5.0


SKY COVER
  POSSIBLE SUNSHINE  MM
  AVERAGE SKY COVER 0.1


WEATHER CONDITIONS
 THE FOLLOWING WEATHER WAS RECORDED YESTERDAY.
  FOG
  HAZE


RELATIVE HUMIDITY (PERCENT)
 HIGHEST   100           100 AM
 LOWEST     55           100 PM
 AVERAGE    78

..........................................................


THE MOLINE IL CLIMATE NORMALS FOR TODAY
                         NORMAL    RECORD    YEAR
 MAXIMUM TEMPERATURE (F)   82        99      1953
                                             1913
 MINIMUM TEMPERATURE (F)   60        41      1967


SUNRISE AND SUNSET
SEPTEMBER  1 2015.....SUNRISE   628 AM CDT   SUNSET   735 PM CDT
SEPTEMBER  2 2015.....SUNRISE   629 AM CDT   SUNSET   734 PM CDT


-  INDICATES NEGATIVE NUMBERS.
R  INDICATES RECORD WAS SET OR TIED.
MM INDICATES DATA IS MISSING.
T  INDICATES TRACE AMOUNT.




$$
