000
CDUS43 KDVN 280920
CLIMLI


CLIMATE REPORT
NATIONAL WEATHER SERVICE QUAD CITIES IA IL
420 AM CDT THU AUG 28 2014


...................................

...THE MOLINE IL CLIMATE SUMMARY FOR AUGUST 27 2014...

CLIMATE NORMAL PERIOD 1981 TO 2010
CLIMATE RECORD PERIOD 1872 TO 2014


WEATHER ITEM   OBSERVED TIME   RECORD YEAR NORMAL DEPARTURE LAST
                VALUE   (LST)  VALUE       VALUE  FROM      YEAR
                                                  NORMAL
..................................................................
TEMPERATURE (F)
 YESTERDAY
  MAXIMUM         80   1216 PM  97    1976  83     -3       96
  MINIMUM         64   1153 PM  46    1915  62      2       73
  AVERAGE         72                        72      0       85

PRECIPITATION (IN)
  YESTERDAY        0.00          2.00 1903   0.14  -0.14     0.00
  MONTH TO DATE    2.00                      3.96  -1.96     0.76
  SINCE JUN 1     14.69                     12.74   1.95     9.46
  SINCE JAN 1     26.25                     26.60  -0.35    32.61

SNOWFALL (IN)
  YESTERDAY        0.0          MM      MM   0.0    0.0      0.0
  MONTH TO DATE    0.0                       0.0    0.0      0.0
  SINCE JUN 1      0.0                       0.0    0.0      0.0
  SINCE JUL 1      0.0                       0.0    0.0      0.0
  SNOW DEPTH       0

DEGREE DAYS
 HEATING
  YESTERDAY        0                         0      0        0
  MONTH TO DATE    1                         0      1        4
  SINCE JUN 1      9                        21    -12       38
  SINCE JUL 1      5                         2      3       11

 COOLING
  YESTERDAY        7                         7      0       20
  MONTH TO DATE  226                       242    -16      194
  SINCE JUN 1    625                       780   -155      655
  SINCE JAN 1    730                       856   -126      745
..................................................................


WIND (MPH)
  HIGHEST WIND SPEED    13   HIGHEST WIND DIRECTION     E (70)
  HIGHEST GUST SPEED    15   HIGHEST GUST DIRECTION    NE (60)
  AVERAGE WIND SPEED     4.8


SKY COVER
  POSSIBLE SUNSHINE  MM
  AVERAGE SKY COVER 0.2


WEATHER CONDITIONS
 THE FOLLOWING WEATHER WAS RECORDED YESTERDAY.
  HAZE


RELATIVE HUMIDITY (PERCENT)
 HIGHEST    87           900 PM
 LOWEST     58          1200 PM
 AVERAGE    73

..........................................................


THE MOLINE IL CLIMATE NORMALS FOR TODAY
                         NORMAL    RECORD    YEAR
 MAXIMUM TEMPERATURE (F)   83        97      2013
 MINIMUM TEMPERATURE (F)   61        40      1986


SUNRISE AND SUNSET
AUGUST 28 2014........SUNRISE   624 AM CDT   SUNSET   741 PM CDT
AUGUST 29 2014........SUNRISE   625 AM CDT   SUNSET   740 PM CDT


-  INDICATES NEGATIVE NUMBERS.
R  INDICATES RECORD WAS SET OR TIED.
MM INDICATES DATA IS MISSING.
T  INDICATES TRACE AMOUNT.




$$
