000
CDUS43 KDVN 061004
CLIMLI


CLIMATE REPORT
NATIONAL WEATHER SERVICE QUAD CITIES IA IL
403 AM CST FRI MAR 6 2015


...................................

...THE MOLINE IL CLIMATE SUMMARY FOR MARCH 5 2015...

CLIMATE NORMAL PERIOD 1981 TO 2010
CLIMATE RECORD PERIOD 1872 TO 2015


WEATHER ITEM   OBSERVED TIME   RECORD YEAR NORMAL DEPARTURE LAST
                VALUE   (LST)  VALUE       VALUE  FROM      YEAR
                                                  NORMAL
..................................................................
TEMPERATURE (F)
 YESTERDAY
  MAXIMUM         14    500 PM  69    2009  43    -29       24
                                      2000
                                      1921
  MINIMUM          1   1159 PM -13    1960  25    -24       17
  AVERAGE          8                        34    -26       21

PRECIPITATION (IN)
  YESTERDAY        0.00          1.04 1946   0.09  -0.09     0.17
  MONTH TO DATE    0.25                      0.44  -0.19     0.44
  SINCE MAR 1      0.25                      0.44  -0.19     0.44
  SINCE JAN 1      3.18                      3.53  -0.35     4.46

SNOWFALL (IN)
  YESTERDAY        0.0          MM      MM   0.2   -0.2      3.7
  MONTH TO DATE    T                         0.9   -0.9      7.4
  SINCE MAR 1      T                         0.9   -0.9      7.4
  SINCE JUL 1     39.0                      27.6   11.4     62.2
  SNOW DEPTH       3

DEGREE DAYS
 HEATING
  YESTERDAY       57                        31     26       44
  MONTH TO DATE  242                       159     83      262
  SINCE MAR 1    242                       159     83      262
  SINCE JUL 1   5500                      4957    543     5932

 COOLING
  YESTERDAY        0                         0      0        0
  MONTH TO DATE    0                         0      0        0
  SINCE MAR 1      0                         0      0        0
  SINCE JAN 1      0                         0      0        0
..................................................................


WIND (MPH)
  HIGHEST WIND SPEED    15   HIGHEST WIND DIRECTION     W (270)
  HIGHEST GUST SPEED    20   HIGHEST GUST DIRECTION    NW (320)
  AVERAGE WIND SPEED     7.2


SKY COVER
  POSSIBLE SUNSHINE  MM
  AVERAGE SKY COVER 0.0


WEATHER CONDITIONS
 THE FOLLOWING WEATHER WAS RECORDED YESTERDAY.
  NO SIGNIFICANT WEATHER WAS OBSERVED.


RELATIVE HUMIDITY (PERCENT)
 HIGHEST    76           900 PM
 LOWEST     53           600 PM
 AVERAGE    65

..........................................................


THE MOLINE IL CLIMATE NORMALS FOR TODAY
                         NORMAL    RECORD    YEAR
 MAXIMUM TEMPERATURE (F)   44        73      2005
 MINIMUM TEMPERATURE (F)   26       -19      1960


SUNRISE AND SUNSET
MARCH  6 2015.........SUNRISE   629 AM CST   SUNSET   558 PM CST
MARCH  7 2015.........SUNRISE   627 AM CST   SUNSET   559 PM CST


-  INDICATES NEGATIVE NUMBERS.
R  INDICATES RECORD WAS SET OR TIED.
MM INDICATES DATA IS MISSING.
T  INDICATES TRACE AMOUNT.




$$
