000
CDUS43 KDVN 312123
CLIMLI


CLIMATE REPORT
NATIONAL WEATHER SERVICE QUAD CITIES IA IL
420 PM CDT TUE MAY 31 2016


...................................

...THE MOLINE IL CLIMATE SUMMARY FOR MAY 31 2016...
VALID TODAY AS OF 0400 PM LOCAL TIME.

CLIMATE NORMAL PERIOD 1981 TO 2010
CLIMATE RECORD PERIOD 1872 TO 2016


WEATHER ITEM   OBSERVED TIME   RECORD YEAR NORMAL DEPARTURE LAST
                VALUE   (LST)  VALUE       VALUE  FROM      YEAR
                                                  NORMAL
..................................................................
TEMPERATURE (F)
 TODAY
  MAXIMUM         81    217 PM 104    1934  78      3       69
  MINIMUM         66    504 AM  40    1897  56     10       47
                                      1889
  AVERAGE         74                        67      7       58

PRECIPITATION (IN)
  TODAY            0.01          2.20 1879   0.15  -0.14     0.00
  MONTH TO DATE    3.06                      4.32  -1.26     3.64
  SINCE MAR 1      8.41                     10.77  -2.36     6.01
  SINCE JAN 1      9.74                     13.86  -4.12     8.94

SNOWFALL (IN)
  TODAY            0.0          MM      MM   0.0    0.0      0.0
  MONTH TO DATE    0.0                       0.0    0.0      0.0
  SINCE MAR 1      2.9                       4.9   -2.0      0.1
  SINCE JUL 1     24.1                      31.6   -7.5     39.1
  SNOW DEPTH       0

DEGREE DAYS
 HEATING
  TODAY            0                         2     -2        7
  MONTH TO DATE  158                       160     -2      118
  SINCE MAR 1   1174                      1386   -212     1331
  SINCE JUL 1   5163                      6184  -1021     6589

 COOLING
  TODAY            9                         4      5        0
  MONTH TO DATE   91                        62     29       81
  SINCE MAR 1    102                        76     26       81
  SINCE JAN 1    102                        76     26       81
..................................................................


WIND (MPH)
  HIGHEST WIND SPEED    18   HIGHEST WIND DIRECTION    SW (240)
  HIGHEST GUST SPEED    26   HIGHEST GUST DIRECTION     W (250)
  AVERAGE WIND SPEED     3.6


SKY COVER
  POSSIBLE SUNSHINE  MM
  AVERAGE SKY COVER 0.4


WEATHER CONDITIONS
 THE FOLLOWING WEATHER WAS RECORDED TODAY.
  THUNDERSTORM
  LIGHT RAIN


RELATIVE HUMIDITY (PERCENT)
 HIGHEST    87           500 AM
 LOWEST     45           200 PM
 AVERAGE    66

..........................................................


THE MOLINE IL CLIMATE NORMALS FOR TOMORROW
                         NORMAL    RECORD    YEAR
 MAXIMUM TEMPERATURE (F)   78       104      1934
 MINIMUM TEMPERATURE (F)   56        39      1993


SUNRISE AND SUNSET
MAY 31 2016...........SUNRISE   531 AM CDT   SUNSET   829 PM CDT
JUNE  1 2016..........SUNRISE   531 AM CDT   SUNSET   830 PM CDT


-  INDICATES NEGATIVE NUMBERS.
R  INDICATES RECORD WAS SET OR TIED.
MM INDICATES DATA IS MISSING.
T  INDICATES TRACE AMOUNT.




$$
