000
CDUS45 KBYZ 100938
CLIMLS


CLIMATE REPORT
NATIONAL WEATHER SERVICE BILLINGS MT
337 AM MDT THU JUL 10 2014


...................................

...THE MILES CITY MT CLIMATE SUMMARY FOR JULY 9 2014...

CLIMATE NORMAL PERIOD 1981 TO 2010
CLIMATE RECORD PERIOD 1937 TO 2014


WEATHER ITEM   OBSERVED TIME   RECORD YEAR NORMAL DEPARTURE LAST
                VALUE   (LST)  VALUE       VALUE  FROM      YEAR
                                                  NORMAL
..................................................................
TEMPERATURE (F)
 YESTERDAY
  MAXIMUM         91    400 PM 104    1970  87      4       81
  MINIMUM         62    434 AM  49    1959  59      3       60
  AVERAGE         77                        73      4       71

PRECIPITATION (IN)
  YESTERDAY        0.00          0.71 1965   0.06  -0.06      T
  MONTH TO DATE    0.03                      0.52  -0.49     0.39
  SINCE OCT 1     11.39                      9.33   2.06    12.95
  SINCE JAN 1      9.71                      7.73   1.98    11.42

SNOWFALL (IN)
  YESTERDAY       MM
  MONTH TO DATE   MM
  SINCE JUN 1     MM
  SINCE JUL 1     MM
  SNOW DEPTH      MM

DEGREE DAYS
 HEATING
  YESTERDAY        0                         1     -1        0
  MONTH TO DATE    0                         9     -9        0
  SINCE JUN 1     94                        98     -4       59
  SINCE JUL 1      0                         9     -9        0

 COOLING
  YESTERDAY       12                         8      4        6
  MONTH TO DATE   74                        68      6      107
  SINCE JUN 1    111                       175    -64      200
  SINCE JAN 1    145                       195    -50      213
..................................................................


WIND (MPH)
  HIGHEST WIND SPEED    18   HIGHEST WIND DIRECTION    SE (150)
  HIGHEST GUST SPEED    25   HIGHEST GUST DIRECTION    SE (140)
  AVERAGE WIND SPEED     9.2


SKY COVER
  POSSIBLE SUNSHINE  MM
  AVERAGE SKY COVER 0.0


WEATHER CONDITIONS
 THE FOLLOWING WEATHER WAS RECORDED YESTERDAY.
  NO SIGNIFICANT WEATHER WAS OBSERVED.


RELATIVE HUMIDITY (PERCENT)
 HIGHEST    68           700 AM
 LOWEST     24           200 PM
 AVERAGE    46

..........................................................


THE MILES CITY MT CLIMATE NORMALS FOR TODAY
                         NORMAL    RECORD    YEAR
 MAXIMUM TEMPERATURE (F)   87       105      1939
 MINIMUM TEMPERATURE (F)   59        45      1951


SUNRISE AND SUNSET
JULY 10 2014..........SUNRISE   521 AM MDT   SUNSET   856 PM MDT
JULY 11 2014..........SUNRISE   522 AM MDT   SUNSET   855 PM MDT


-  INDICATES NEGATIVE NUMBERS.
R  INDICATES RECORD WAS SET OR TIED.
MM INDICATES DATA IS MISSING.
T  INDICATES TRACE AMOUNT.





&&

THIS IS AN AUTOMATED...UNATTENDED WEATHER STATION AND MAY
UNDERESTIMATE WINTER PRECIPITATION.

$$
