000
CDUS45 KBYZ 010934
CLIMLS


CLIMATE REPORT
NATIONAL WEATHER SERVICE BILLINGS MT
330 AM MDT SAT NOV 1 2014


...................................

...THE MILES CITY MT CLIMATE SUMMARY FOR OCTOBER 31 2014...

CLIMATE NORMAL PERIOD 1981 TO 2010
CLIMATE RECORD PERIOD 1937 TO 2014


WEATHER ITEM   OBSERVED TIME   RECORD YEAR NORMAL DEPARTURE LAST
                VALUE   (LST)  VALUE       VALUE  FROM      YEAR
                                                  NORMAL
..................................................................
TEMPERATURE (F)
 YESTERDAY
  MAXIMUM         58    412 PM  82    1999  52      6       56
  MINIMUM         33    715 AM   0    1984  28      5       31
  AVERAGE         46                        40      6       44

PRECIPITATION (IN)
  YESTERDAY        0.00          0.82 1974   0.02  -0.02      T
  MONTH TO DATE    0.43                      0.92  -0.49     0.97
  SINCE OCT 1      0.43                      0.92  -0.49     0.97
  SINCE JAN 1     12.71                     11.76   0.95    16.40

SNOWFALL (IN)
  YESTERDAY       MM
  MONTH TO DATE   MM
  SINCE SEP 1     MM
  SINCE JUL 1     MM
  SNOW DEPTH      MM

DEGREE DAYS
 HEATING
  YESTERDAY       19                        25     -6       21
  MONTH TO DATE  426                       575   -149      602
  SINCE SEP 1    618                       777   -159      705
  SINCE JUL 1    652                       811   -159      705

 COOLING
  YESTERDAY        0                         0      0        0
  MONTH TO DATE    0                         2     -2        0
  SINCE SEP 1     53                        58     -5      142
  SINCE JAN 1    648                       730    -82      877
..................................................................


WIND (MPH)
  HIGHEST WIND SPEED    29   HIGHEST WIND DIRECTION    SE (140)
  HIGHEST GUST SPEED    35   HIGHEST GUST DIRECTION    SE (130)
  AVERAGE WIND SPEED    16.6


SKY COVER
  POSSIBLE SUNSHINE  MM
  AVERAGE SKY COVER 0.1


WEATHER CONDITIONS
 THE FOLLOWING WEATHER WAS RECORDED YESTERDAY.
  NO SIGNIFICANT WEATHER WAS OBSERVED.


RELATIVE HUMIDITY (PERCENT)
 HIGHEST    89           200 AM
 LOWEST     40           400 PM
 AVERAGE    65

..........................................................


THE MILES CITY MT CLIMATE NORMALS FOR TODAY
                         NORMAL    RECORD    YEAR
 MAXIMUM TEMPERATURE (F)   51        75      1965
 MINIMUM TEMPERATURE (F)   28        -2      1984


SUNRISE AND SUNSET
NOVEMBER  1 2014......SUNRISE   745 AM MDT   SUNSET   549 PM MDT
NOVEMBER  2 2014......SUNRISE   647 AM MST   SUNSET   447 PM MST


-  INDICATES NEGATIVE NUMBERS.
R  INDICATES RECORD WAS SET OR TIED.
MM INDICATES DATA IS MISSING.
T  INDICATES TRACE AMOUNT.





&&

THIS IS AN AUTOMATED...UNATTENDED WEATHER STATION AND MAY
UNDERESTIMATE WINTER PRECIPITATION.

$$
