000
CDUS45 KBYZ 231042
CLIMLS


CLIMATE REPORT
NATIONAL WEATHER SERVICE BILLINGS MT
333 AM MST SUN NOV 23 2014


...................................

...THE MILES CITY MT CLIMATE SUMMARY FOR NOVEMBER 22 2014...

CLIMATE NORMAL PERIOD 1981 TO 2010
CLIMATE RECORD PERIOD 1937 TO 2014


WEATHER ITEM   OBSERVED TIME   RECORD YEAR NORMAL DEPARTURE LAST
                VALUE   (LST)  VALUE       VALUE  FROM      YEAR
                                                  NORMAL
..................................................................
TEMPERATURE (F)
 YESTERDAY
  MAXIMUM         50    258 PM  68    1954  39     11       27
  MINIMUM         29   1222 AM -14    2003  18     11        1
  AVERAGE         40                        29     11       14

PRECIPITATION (IN)
  YESTERDAY        0.03          0.18        0.02   0.01     0.00
  MONTH TO DATE    0.25                      0.32  -0.07     0.10
  SINCE OCT 1      0.68                      1.24  -0.56     1.07
  SINCE JAN 1     12.96                     12.08   0.88    16.50

DEGREE DAYS
 HEATING
  YESTERDAY       25                        36    -11       51
  MONTH TO DATE  869                       678    191      709
  SINCE SEP 1   1487                      1455     32     1414
  SINCE JUL 1   1521                      1489     32     1414

 COOLING
  YESTERDAY        0                         0      0        0
  MONTH TO DATE    0                         0      0        0
  SINCE SEP 1     53                        58     -5      142
  SINCE JAN 1    648                       730    -82      877
..................................................................


WIND (MPH)
  HIGHEST WIND SPEED    33   HIGHEST WIND DIRECTION    NW (300)
  HIGHEST GUST SPEED    43   HIGHEST GUST DIRECTION     W (290)
  AVERAGE WIND SPEED    15.4


SKY COVER
  POSSIBLE SUNSHINE  MM
  AVERAGE SKY COVER 0.6


WEATHER CONDITIONS
 THE FOLLOWING WEATHER WAS RECORDED YESTERDAY.
  LIGHT RAIN


RELATIVE HUMIDITY (PERCENT)
 HIGHEST    82          1100 AM
 LOWEST     48           900 PM
 AVERAGE    65

..........................................................


THE MILES CITY MT CLIMATE NORMALS FOR TODAY
                         NORMAL    RECORD    YEAR
 MAXIMUM TEMPERATURE (F)   39        62      2005
                                             1957
 MINIMUM TEMPERATURE (F)   17       -19      1985


SUNRISE AND SUNSET
NOVEMBER 23 2014......SUNRISE   716 AM MST   SUNSET   423 PM MST
NOVEMBER 24 2014......SUNRISE   718 AM MST   SUNSET   422 PM MST


-  INDICATES NEGATIVE NUMBERS.
R  INDICATES RECORD WAS SET OR TIED.
MM INDICATES DATA IS MISSING.
T  INDICATES TRACE AMOUNT.





&&

THIS IS AN AUTOMATED...UNATTENDED WEATHER STATION AND MAY
UNDERESTIMATE WINTER PRECIPITATION.


$$
