396
CDUS45 KBYZ 260931
CLIMLS


CLIMATE REPORT
NATIONAL WEATHER SERVICE BILLINGS MT
331 AM MDT THU MAY 26 2016


...................................

...THE MILES CITY MT CLIMATE SUMMARY FOR MAY 25 2016...

CLIMATE NORMAL PERIOD 1981 TO 2010
CLIMATE RECORD PERIOD 1937 TO 2016


WEATHER ITEM   OBSERVED TIME   RECORD YEAR NORMAL DEPARTURE LAST
                VALUE   (LST)  VALUE       VALUE  FROM      YEAR
                                                  NORMAL
..................................................................
TEMPERATURE (F)
 YESTERDAY
  MAXIMUM         67    229 PM  90    1969  71     -4       70
  MINIMUM         50    324 AM  32    2012  46      4       50
                                      2004
  AVERAGE         59                        59      0       60

PRECIPITATION (IN)
  YESTERDAY        0.25          0.67 1962   0.08   0.17      T
  MONTH TO DATE    1.52                      1.68  -0.16     0.61
  SINCE OCT 1      8.21                      5.80   2.41     2.52
  SINCE JAN 1      6.95                      4.20   2.75     1.51

DEGREE DAYS
 HEATING
  YESTERDAY        6                         7     -1        5
  MONTH TO DATE  202                       264    -62      303
  SINCE MAR 1   1364                      1776   -412     1490
  SINCE JUL 1   6057                      7510  -1453     6960

 COOLING
  YESTERDAY        0                         1     -1        0
  MONTH TO DATE   22                        12     10        1
  SINCE MAR 1     24                        13     11        1
  SINCE JAN 1     24                        13     11        1
..................................................................


WIND (MPH)
  HIGHEST WIND SPEED    26   HIGHEST WIND DIRECTION     W (270)
  HIGHEST GUST SPEED    34   HIGHEST GUST DIRECTION     W (280)
  AVERAGE WIND SPEED     5.6


SKY COVER
  POSSIBLE SUNSHINE  MM
  AVERAGE SKY COVER 0.8


WEATHER CONDITIONS
 THE FOLLOWING WEATHER WAS RECORDED YESTERDAY.
  THUNDERSTORM
  HEAVY RAIN
  RAIN
  LIGHT RAIN
  FOG


RELATIVE HUMIDITY (PERCENT)
 HIGHEST    89           300 AM
 LOWEST     52          1200 PM
 AVERAGE    71

..........................................................


THE MILES CITY MT CLIMATE NORMALS FOR TODAY
                         NORMAL    RECORD    YEAR
 MAXIMUM TEMPERATURE (F)   71        98      1969
 MINIMUM TEMPERATURE (F)   46        32      2007


SUNRISE AND SUNSET
MAY 26 2016...........SUNRISE   518 AM MDT   SUNSET   843 PM MDT
MAY 27 2016...........SUNRISE   518 AM MDT   SUNSET   844 PM MDT


-  INDICATES NEGATIVE NUMBERS.
R  INDICATES RECORD WAS SET OR TIED.
MM INDICATES DATA IS MISSING.
T  INDICATES TRACE AMOUNT.





&&

THIS IS AN AUTOMATED...UNATTENDED WEATHER STATION AND MAY
UNDERESTIMATE WINTER PRECIPITATION.

$$
