000
CDUS45 KBYZ 281032
CLIMLS


CLIMATE REPORT
NATIONAL WEATHER SERVICE BILLINGS MT
330 AM MST WED JAN 28 2015


...................................

...THE MILES CITY MT CLIMATE SUMMARY FOR JANUARY 27 2015...

CLIMATE NORMAL PERIOD 1981 TO 2010
CLIMATE RECORD PERIOD 1937 TO 2015


WEATHER ITEM   OBSERVED TIME   RECORD YEAR NORMAL DEPARTURE LAST
                VALUE   (LST)  VALUE       VALUE  FROM      YEAR
                                                  NORMAL
..................................................................
TEMPERATURE (F)
 YESTERDAY
  MAXIMUM         61R   329 PM  55    1992  31     30       12
  MINIMUM         33   1159 PM -27    1972  10     23        2
  AVERAGE         47                        20     27        7

PRECIPITATION (IN)
  YESTERDAY        0.00          0.40        0.01  -0.01     0.00
  MONTH TO DATE    0.21                      0.29  -0.08     0.03
  SINCE OCT 1      1.22                      1.89  -0.67     1.71
  SINCE JAN 1      0.21                      0.29  -0.08     0.03

DEGREE DAYS
 HEATING
  YESTERDAY       18                        45    -27       58
  MONTH TO DATE 1196                      1234    -38     1103
  SINCE DEC 1   2397                      2619   -222     2714
  SINCE JUL 1   4227                      4418   -191     4421

 COOLING
  YESTERDAY        0                         0      0        0
  MONTH TO DATE    0                         0      0        0
  SINCE DEC 1      0                         0      0        0
  SINCE JAN 1      0                         0      0        0
..................................................................


WIND (MPH)
  HIGHEST WIND SPEED    12   HIGHEST WIND DIRECTION    SE (150)
  HIGHEST GUST SPEED    14   HIGHEST GUST DIRECTION     S (160)
  AVERAGE WIND SPEED     5.5


SKY COVER
  POSSIBLE SUNSHINE  MM
  AVERAGE SKY COVER 0.0


WEATHER CONDITIONS
 THE FOLLOWING WEATHER WAS RECORDED YESTERDAY.
  NO SIGNIFICANT WEATHER WAS OBSERVED.


RELATIVE HUMIDITY (PERCENT)
 HIGHEST    82           800 AM
 LOWEST     39           300 PM
 AVERAGE    61

..........................................................


THE MILES CITY MT CLIMATE NORMALS FOR TODAY
                         NORMAL    RECORD    YEAR
 MAXIMUM TEMPERATURE (F)   31        57      1992
 MINIMUM TEMPERATURE (F)   10       -25      1969


SUNRISE AND SUNSET
JANUARY 28 2015.......SUNRISE   732 AM MST   SUNSET   502 PM MST
JANUARY 29 2015.......SUNRISE   731 AM MST   SUNSET   503 PM MST


-  INDICATES NEGATIVE NUMBERS.
R  INDICATES RECORD WAS SET OR TIED.
MM INDICATES DATA IS MISSING.
T  INDICATES TRACE AMOUNT.





&&

THIS IS AN AUTOMATED...UNATTENDED WEATHER STATION AND MAY
UNDERESTIMATE WINTER PRECIPITATION.

$$
