287
CDUS45 KBYZ 280936
CLIMLS


CLIMATE REPORT
NATIONAL WEATHER SERVICE BILLINGS MT
334 AM MDT FRI APR 28 2017


...................................

...THE MILES CITY MT CLIMATE SUMMARY FOR APRIL 27 2017...

CLIMATE NORMAL PERIOD 1981 TO 2010
CLIMATE RECORD PERIOD 1937 TO 2017


WEATHER ITEM   OBSERVED TIME   RECORD YEAR NORMAL DEPARTURE LAST
                VALUE   (LST)  VALUE       VALUE  FROM      YEAR
                                                  NORMAL
..................................................................
TEMPERATURE (F)
 YESTERDAY
  MAXIMUM         56   1220 PM  85    2004  63     -7       40
                                      2001
                                      1992
  MINIMUM         33    500 AM  20    1956  37     -4       34
  AVERAGE         45                        50     -5       37

PRECIPITATION (IN)
  YESTERDAY        0.00          2.06 1989   0.06  -0.06     0.33
  MONTH TO DATE    0.95                      1.18  -0.23     4.31
  SINCE OCT 1      3.07                      3.93  -0.86     6.64
  SINCE JAN 1      1.98                      2.33  -0.35     5.38

DEGREE DAYS
 HEATING
  YESTERDAY       20                        15      5       28
  MONTH TO DATE  443                       527    -84      419
  SINCE MAR 1   1245                      1468   -223     1106
  SINCE JUL 1   6797                      7202   -405     5799

 COOLING
  YESTERDAY        0                         0      0        0
  MONTH TO DATE    0                         0      0        2
  SINCE MAR 1      0                         0      0        2
  SINCE JAN 1      0                         0      0        2
..................................................................


WIND (MPH)
  HIGHEST WIND SPEED    15   HIGHEST WIND DIRECTION     E (80)
  HIGHEST GUST SPEED    19   HIGHEST GUST DIRECTION     E (110)
  AVERAGE WIND SPEED     6.9


SKY COVER
  POSSIBLE SUNSHINE  MM
  AVERAGE SKY COVER 0.4


WEATHER CONDITIONS
 THE FOLLOWING WEATHER WAS RECORDED YESTERDAY.
  NO SIGNIFICANT WEATHER WAS OBSERVED.


RELATIVE HUMIDITY (PERCENT)
 HIGHEST    82           100 AM
 LOWEST     38          1200 PM
 AVERAGE    60

..........................................................


THE MILES CITY MT CLIMATE NORMALS FOR TODAY
                         NORMAL    RECORD    YEAR
 MAXIMUM TEMPERATURE (F)   63        91      1952
 MINIMUM TEMPERATURE (F)   37        21      1984
                                             1966


SUNRISE AND SUNSET
APRIL 28 2017.........SUNRISE   554 AM MDT   SUNSET   809 PM MDT
APRIL 29 2017.........SUNRISE   552 AM MDT   SUNSET   810 PM MDT


-  INDICATES NEGATIVE NUMBERS.
R  INDICATES RECORD WAS SET OR TIED.
MM INDICATES DATA IS MISSING.
T  INDICATES TRACE AMOUNT.





&&

THIS IS AN AUTOMATED...UNATTENDED WEATHER STATION AND MAY
UNDERESTIMATE WINTER PRECIPITATION.

$$
