000
CDUS45 KBYZ 302224
CLIMLS


CLIMATE REPORT
NATIONAL WEATHER SERVICE BILLINGS MT
423 PM MDT WED JUL 30 2014


...................................

...THE MILES CITY MT CLIMATE SUMMARY FOR JULY 30 2014...
VALID TODAY AS OF 0400 PM LOCAL TIME.

CLIMATE NORMAL PERIOD 1981 TO 2010
CLIMATE RECORD PERIOD 1937 TO 2014


WEATHER ITEM   OBSERVED TIME   RECORD YEAR NORMAL DEPARTURE LAST
                VALUE   (LST)  VALUE       VALUE  FROM      YEAR
                                                  NORMAL
..................................................................
TEMPERATURE (F)
 TODAY
  MAXIMUM         90    305 PM 106    2000  90      0       80
  MINIMUM         54    504 AM  46    2009  61     -7       59
  AVERAGE         72                        76     -4       70

PRECIPITATION (IN)
  TODAY            0.00          1.03 1987   0.04  -0.04     0.07
  MONTH TO DATE    0.09                      1.59  -1.50     0.98
  SINCE OCT 1     11.45                     10.40   1.05    13.54
  SINCE JAN 1      9.77                      8.80   0.97    12.01

SNOWFALL (IN)
  TODAY           MM
  MONTH TO DATE   MM
  SINCE JUN 1     MM
  SINCE JUL 1     MM
  SNOW DEPTH      MM

DEGREE DAYS
 HEATING
  TODAY            0                         0      0        0
  MONTH TO DATE    1                        10     -9        0
  SINCE JUN 1     95                        99     -4       59
  SINCE JUL 1      1                        10     -9        0

 COOLING
  TODAY            7                        11     -4        5
  MONTH TO DATE  270                       280    -10      312
  SINCE JUN 1    307                       387    -80      405
  SINCE JAN 1    341                       407    -66      418
..................................................................


WIND (MPH)
  HIGHEST WIND SPEED    13   HIGHEST WIND DIRECTION    NE (60)
  HIGHEST GUST SPEED    17   HIGHEST GUST DIRECTION    NE (60)
  AVERAGE WIND SPEED     5.0


SKY COVER
  POSSIBLE SUNSHINE  MM
  AVERAGE SKY COVER 0.0


WEATHER CONDITIONS
 THE FOLLOWING WEATHER WAS RECORDED TODAY.
  NO SIGNIFICANT WEATHER WAS OBSERVED.


RELATIVE HUMIDITY (PERCENT)
 HIGHEST    66           500 AM
 LOWEST     17           200 PM
 AVERAGE    42

..........................................................


THE MILES CITY MT CLIMATE NORMALS FOR TOMORROW
                         NORMAL    RECORD    YEAR
 MAXIMUM TEMPERATURE (F)   90       105      2007
 MINIMUM TEMPERATURE (F)   61        47      1995


SUNRISE AND SUNSET
JULY 30 2014..........SUNRISE   542 AM MDT   SUNSET   837 PM MDT
JULY 31 2014..........SUNRISE   544 AM MDT   SUNSET   835 PM MDT


-  INDICATES NEGATIVE NUMBERS.
R  INDICATES RECORD WAS SET OR TIED.
MM INDICATES DATA IS MISSING.
T  INDICATES TRACE AMOUNT.





&&

THIS IS AN AUTOMATED...UNATTENDED WEATHER STATION AND MAY
UNDERESTIMATE WINTER PRECIPITATION.

$$
