000
CDUS45 KBYZ 271034
CLIMLS


CLIMATE REPORT
NATIONAL WEATHER SERVICE BILLINGS MT
331 AM MST MON FEB 27 2017


...................................

...THE MILES CITY MT CLIMATE SUMMARY FOR FEBRUARY 26 2017...

CLIMATE NORMAL PERIOD 1981 TO 2010
CLIMATE RECORD PERIOD 1937 TO 2017


WEATHER ITEM   OBSERVED TIME   RECORD YEAR NORMAL DEPARTURE LAST
                VALUE   (LST)  VALUE       VALUE  FROM      YEAR
                                                  NORMAL
..................................................................
TEMPERATURE (F)
 YESTERDAY
  MAXIMUM         36    233 PM  63    2016  39     -3       63
  MINIMUM         24   1159 PM -31    2011  16      8       21
  AVERAGE         30                        28      2       42

PRECIPITATION (IN)
  YESTERDAY        0.00          0.16 1971   0.01  -0.01     0.00
  MONTH TO DATE    0.39                      0.21   0.18     0.35
  SINCE OCT 1      1.55                      2.13  -0.58     1.95
  SINCE JAN 1      0.46                      0.53  -0.07     0.69

DEGREE DAYS
 HEATING
  YESTERDAY       35                        37     -2       23
  MONTH TO DATE  952                      1064   -112      723
  SINCE DEC 1   4161                      3861    300     3196
  SINCE JUL 1   5476                      5660   -184     4624

 COOLING
  YESTERDAY        0                         0      0        0
  MONTH TO DATE    0                         0      0        0
  SINCE DEC 1      0                         0      0        0
  SINCE JAN 1      0                         0      0        0
..................................................................


WIND (MPH)
  HIGHEST WIND SPEED    30   HIGHEST WIND DIRECTION     W (290)
  HIGHEST GUST SPEED    36   HIGHEST GUST DIRECTION     W (290)
  AVERAGE WIND SPEED    13.0


SKY COVER
  POSSIBLE SUNSHINE  MM
  AVERAGE SKY COVER 0.6


WEATHER CONDITIONS
 THE FOLLOWING WEATHER WAS RECORDED YESTERDAY.
  HAZE


RELATIVE HUMIDITY (PERCENT)
 HIGHEST    75           700 AM
 LOWEST     44           200 PM
 AVERAGE    60

..........................................................


THE MILES CITY MT CLIMATE NORMALS FOR TODAY
                         NORMAL    RECORD    YEAR
 MAXIMUM TEMPERATURE (F)   40        73      1992
 MINIMUM TEMPERATURE (F)   17       -24      1960


SUNRISE AND SUNSET
FEBRUARY 27 2017......SUNRISE   646 AM MST   SUNSET   547 PM MST
FEBRUARY 28 2017......SUNRISE   644 AM MST   SUNSET   549 PM MST


-  INDICATES NEGATIVE NUMBERS.
R  INDICATES RECORD WAS SET OR TIED.
MM INDICATES DATA IS MISSING.
T  INDICATES TRACE AMOUNT.





&&

THIS IS AN AUTOMATED...UNATTENDED WEATHER STATION AND MAY
UNDERESTIMATE WINTER PRECIPITATION.

$$
