000
CDUS41 KCAR 230527
CLIMLT


CLIMATE REPORT
NATIONAL WEATHER SERVICE CARIBOU, ME
126 AM EDT THU OCT 23 2014


...................................

...THE MILLINOCKET ME CLIMATE SUMMARY FOR OCTOBER 22 2014...

CLIMATE NORMAL PERIOD 1981 TO 2010
CLIMATE RECORD PERIOD 1903 TO 2014


WEATHER ITEM   OBSERVED TIME   RECORD YEAR NORMAL DEPARTURE LAST
                VALUE   (LST)  VALUE       VALUE  FROM      YEAR
                                                  NORMAL
..................................................................
TEMPERATURE (F)
 YESTERDAY
  MAXIMUM         55   1211 PM  80    2007  52      3       57
  MINIMUM         43   1035 PM  15    1959  34      9       37
  AVERAGE         49                        43      6       47

PRECIPITATION (IN)
  YESTERDAY        0.14          1.47 1993   0.13   0.01     0.10
  MONTH TO DATE    3.60                      3.00   0.60     1.11
  SINCE SEP 1      4.20                      6.72  -2.52     5.79
  SINCE JAN 1     29.34                     33.65  -4.31    31.28

SNOWFALL (IN)
  YESTERDAY       MM            MM      MM  MM     MM       MM
  MONTH TO DATE   MM                        MM     MM       MM
  SINCE SEP 1     MM                        MM     MM       MM
  SINCE JUL 1     MM                        MM     MM       MM
  SNOW DEPTH      MM

DEGREE DAYS
 HEATING
  YESTERDAY       16                        22     -6       18
  MONTH TO DATE  284                       398   -114      263
  SINCE SEP 1    520                       647   -127      464
  SINCE JUL 1    548                       726   -178      509

 COOLING
  YESTERDAY        0                         0      0        0
  MONTH TO DATE    4                         0      4        0
  SINCE SEP 1     47                        17     30       28
  SINCE JAN 1    375                       268    107      380
..................................................................


WIND (MPH)
  HIGHEST WIND SPEED    20   HIGHEST WIND DIRECTION    NE (50)
  HIGHEST GUST SPEED    27   HIGHEST GUST DIRECTION    NE (60)
  AVERAGE WIND SPEED    10.4


SKY COVER
  POSSIBLE SUNSHINE  MM
  AVERAGE SKY COVER 0.8


WEATHER CONDITIONS
 THE FOLLOWING WEATHER WAS RECORDED YESTERDAY.
  LIGHT RAIN
  FOG


RELATIVE HUMIDITY (PERCENT)
 HIGHEST    89           800 PM
 LOWEST     51          1200 PM
 AVERAGE    70

..........................................................


THE MILLINOCKET ME CLIMATE NORMALS FOR TODAY
                         NORMAL    RECORD    YEAR
 MAXIMUM TEMPERATURE (F)   52        80      1979
 MINIMUM TEMPERATURE (F)   34        18      1959


SUNRISE AND SUNSET
OCTOBER 23 2014.......SUNRISE   702 AM EDT   SUNSET   535 PM EDT
OCTOBER 24 2014.......SUNRISE   703 AM EDT   SUNSET   534 PM EDT


-  INDICATES NEGATIVE NUMBERS.
R  INDICATES RECORD WAS SET OR TIED.
MM INDICATES DATA IS MISSING.
T  INDICATES TRACE AMOUNT.




$$
