000
CDUS41 KCAR 182030
CLIMLT


CLIMATE REPORT
NATIONAL WEATHER SERVICE CARIBOU, ME
428 PM EDT FRI AUG 18 2017


...................................

...THE MILLINOCKET ME CLIMATE SUMMARY FOR AUGUST 18 2017...
VALID TODAY AS OF 0400 PM LOCAL TIME.

CLIMATE NORMAL PERIOD 1981 TO 2010
CLIMATE RECORD PERIOD 1903 TO 2017


WEATHER ITEM   OBSERVED TIME   RECORD YEAR NORMAL DEPARTURE LAST
                VALUE   (LST)  VALUE       VALUE  FROM      YEAR
                                                  NORMAL
..................................................................
TEMPERATURE (F)
 TODAY
  MAXIMUM         65    159 PM  98    1935  77    -12       81
                                      1906
  MINIMUM         51    141 AM  37    1918  55     -4       59
  AVERAGE         58                        66     -8       70

PRECIPITATION (IN)
  TODAY            0.05          3.43 1958   0.14  -0.09     0.09
  MONTH TO DATE    0.91                      2.19  -1.28     2.97
  SINCE JUN 1      8.73                     10.11  -1.38     8.12
  SINCE JAN 1     24.41                     25.18  -0.77    21.73

SNOWFALL (IN)
  TODAY           MM            MM      MM  MM     MM       MM
  MONTH TO DATE   MM                        MM     MM       MM
  SINCE JUN 1     MM                        MM     MM       MM
  SINCE JUL 1     MM                        MM     MM       MM
  SNOW DEPTH      MM

DEGREE DAYS
 HEATING
  TODAY            7                         2      5        0
  MONTH TO DATE   24                        21      3        3
  SINCE JUN 1    175                       161     14      152
  SINCE JUL 1     55                        45     10       36

 COOLING
  TODAY            0                         2     -2        5
  MONTH TO DATE   45                        53     -8       73
  SINCE JUN 1    188                       219    -31      257
  SINCE JAN 1    197                       225    -28      263
..................................................................


WIND (MPH)
  HIGHEST WIND SPEED     7   HIGHEST WIND DIRECTION    SE (130)
  HIGHEST GUST SPEED    12   HIGHEST GUST DIRECTION    SE (140)
  AVERAGE WIND SPEED     0.4


SKY COVER
  POSSIBLE SUNSHINE  MM
  AVERAGE SKY COVER 0.2


WEATHER CONDITIONS
 THE FOLLOWING WEATHER WAS RECORDED TODAY.
  LIGHT RAIN
  FOG


RELATIVE HUMIDITY (PERCENT)
 HIGHEST   100           200 AM
 LOWEST     72           900 AM
 AVERAGE    86

..........................................................


THE MILLINOCKET ME CLIMATE NORMALS FOR TOMORROW
                         NORMAL    RECORD    YEAR
 MAXIMUM TEMPERATURE (F)   77        92      1916
 MINIMUM TEMPERATURE (F)   55        35      1918


SUNRISE AND SUNSET
AUGUST 18 2017........SUNRISE   539 AM EDT   SUNSET   737 PM EDT
AUGUST 19 2017........SUNRISE   540 AM EDT   SUNSET   735 PM EDT


-  INDICATES NEGATIVE NUMBERS.
R  INDICATES RECORD WAS SET OR TIED.
MM INDICATES DATA IS MISSING.
T  INDICATES TRACE AMOUNT.




$$
