514
CDUS41 KCAR 220557
CLIMLT


CLIMATE REPORT
NATIONAL WEATHER SERVICE CARIBOU, ME
1246 AM EST THU FEB 22 2018


...................................

...THE MILLINOCKET ME CLIMATE SUMMARY FOR FEBRUARY 21 2018...

CLIMATE NORMAL PERIOD 1981 TO 2010
CLIMATE RECORD PERIOD 1903 TO 2018


WEATHER ITEM   OBSERVED TIME   RECORD YEAR NORMAL DEPARTURE LAST
                VALUE   (LST)  VALUE       VALUE  FROM      YEAR
                                                  NORMAL
..................................................................
TEMPERATURE (F)
 YESTERDAY
  MAXIMUM         54    508 PM  62    1994  31     23       38
  MINIMUM         34   1159 PM -24    1993  10     24        6
                                      1926
  AVERAGE         44                        20     24       22

PRECIPITATION (IN)
  YESTERDAY        0.02          1.35 1912   0.08  -0.06     0.00
  MONTH TO DATE    1.97                      1.49   0.48     1.35
  SINCE DEC 1      8.35                      7.95   0.40     7.57
  SINCE JAN 1      5.67                      4.42   1.25     4.26

SNOWFALL (IN)
  YESTERDAY       MM            MM      MM  MM     MM       MM
  MONTH TO DATE   MM                        MM     MM       MM
  SINCE DEC 1     MM                        MM     MM       MM
  SINCE JUL 1     MM                        MM     MM       MM
  SNOW DEPTH      MM

DEGREE DAYS
 HEATING
  YESTERDAY       21                        45    -24       43
  MONTH TO DATE  941                      1005    -64     1036
  SINCE DEC 1   3957                      3908     49     3741
  SINCE JUL 1   5494                      5751   -257     5291

 COOLING
  YESTERDAY        0                         0      0        0
  MONTH TO DATE    0                         0      0        0
  SINCE DEC 1      0                         0      0        0
  SINCE JAN 1      0                         0      0        0
..................................................................


WIND (MPH)
  HIGHEST WIND SPEED    23   HIGHEST WIND DIRECTION    NW (300)
  HIGHEST GUST SPEED    32   HIGHEST GUST DIRECTION    NW (310)
  AVERAGE WIND SPEED     6.8


SKY COVER
  POSSIBLE SUNSHINE  MM
  AVERAGE SKY COVER 0.7


WEATHER CONDITIONS
 THE FOLLOWING WEATHER WAS RECORDED YESTERDAY.
  LIGHT RAIN
  FOG
  FOG W/VISIBILITY <= 1/4 MILE


RELATIVE HUMIDITY (PERCENT)
 HIGHEST   100          1200 AM
 LOWEST     58           800 PM
 AVERAGE    79

..........................................................


THE MILLINOCKET ME CLIMATE NORMALS FOR TODAY
                         NORMAL    RECORD    YEAR
 MAXIMUM TEMPERATURE (F)   31        54      1912
 MINIMUM TEMPERATURE (F)   11       -25      1993


SUNRISE AND SUNSET
FEBRUARY 22 2018......SUNRISE   625 AM EST   SUNSET   512 PM EST
FEBRUARY 23 2018......SUNRISE   624 AM EST   SUNSET   513 PM EST


-  INDICATES NEGATIVE NUMBERS.
R  INDICATES RECORD WAS SET OR TIED.
MM INDICATES DATA IS MISSING.
T  INDICATES TRACE AMOUNT.




$$
