000
CDUS41 KCAR 300529
CLIMLT


CLIMATE REPORT
NATIONAL WEATHER SERVICE CARIBOU, ME
129 AM EDT SUN AUG 30 2015


...................................

...THE MILLINOCKET ME CLIMATE SUMMARY FOR AUGUST 29 2015...

CLIMATE NORMAL PERIOD 1981 TO 2010
CLIMATE RECORD PERIOD 1903 TO 2015


WEATHER ITEM   OBSERVED TIME   RECORD YEAR NORMAL DEPARTURE LAST
                VALUE   (LST)  VALUE       VALUE  FROM      YEAR
                                                  NORMAL
..................................................................
TEMPERATURE (F)
 YESTERDAY
  MAXIMUM         75    301 PM  92    2010  74      1       74
  MINIMUM         57    543 AM  32    1986  53      4       50
  AVERAGE         66                        64      2       62

PRECIPITATION (IN)
  YESTERDAY        0.00          1.79 1997   0.12  -0.12     0.00
  MONTH TO DATE    5.88                      3.70   2.18     2.26
  SINCE JUN 1     13.91                     11.62   2.29    11.24
  SINCE JAN 1     25.60                     26.69  -1.09    25.14

SNOWFALL (IN)
  YESTERDAY       MM            MM      MM  MM     MM       MM
  MONTH TO DATE    0.0                      MM     MM       MM
  SINCE JUN 1      0.0                      MM     MM       MM
  SINCE JUL 1      0.0                      MM     MM       MM
  SNOW DEPTH      MM

DEGREE DAYS
 HEATING
  YESTERDAY        0                         3     -3        3
  MONTH TO DATE    0                        47    -47       16
  SINCE JUN 1    181                       187     -6      101
  SINCE JUL 1     21                        71    -50       25

 COOLING
  YESTERDAY        1                         2     -1        0
  MONTH TO DATE  145                        75     70       92
  SINCE JUN 1    269                       241     28      324
  SINCE JAN 1    303                       247     56      326
..................................................................


WIND (MPH)
  HIGHEST WIND SPEED    12   HIGHEST WIND DIRECTION    NW (310)
  HIGHEST GUST SPEED    19   HIGHEST GUST DIRECTION    NW (300)
  AVERAGE WIND SPEED     2.3


SKY COVER
  POSSIBLE SUNSHINE  MM
  AVERAGE SKY COVER 0.1


WEATHER CONDITIONS
 THE FOLLOWING WEATHER WAS RECORDED YESTERDAY.
  NO SIGNIFICANT WEATHER WAS OBSERVED.


RELATIVE HUMIDITY (PERCENT)
 HIGHEST    93           300 AM
 LOWEST     53           100 PM
 AVERAGE    73

..........................................................


THE MILLINOCKET ME CLIMATE NORMALS FOR TODAY
                         NORMAL    RECORD    YEAR
 MAXIMUM TEMPERATURE (F)   74        91      1997
 MINIMUM TEMPERATURE (F)   53        36      1986


SUNRISE AND SUNSET
AUGUST 30 2015........SUNRISE   553 AM EDT   SUNSET   717 PM EDT
AUGUST 31 2015........SUNRISE   554 AM EDT   SUNSET   715 PM EDT


-  INDICATES NEGATIVE NUMBERS.
R  INDICATES RECORD WAS SET OR TIED.
MM INDICATES DATA IS MISSING.
T  INDICATES TRACE AMOUNT.




$$
