000
CDUS44 KSHV 262252
CLIMLU


CLIMATE REPORT
NATIONAL WEATHER SERVICE SHREVEPORT, LA
451 PM CST SUN FEB 26 2017


...................................

...THE MONROE CLIMATE SUMMARY FOR FEBRUARY 26 2017...
VALID TODAY AS OF 0400 PM LOCAL TIME.

CLIMATE NORMAL PERIOD 1981 TO 2010
CLIMATE RECORD PERIOD 1930 TO 2017


WEATHER ITEM   OBSERVED TIME   RECORD YEAR NORMAL DEPARTURE LAST
                VALUE   (LST)  VALUE       VALUE  FROM      YEAR
                                                  NORMAL
..................................................................
TEMPERATURE (F)
 TODAY
  MAXIMUM         69    355 PM  83    1962  64      5       57
  MINIMUM         38    327 AM  24    1960  42     -4       32
  AVERAGE         54                        53      1       45

PRECIPITATION (IN)
  TODAY            0.00          2.49 1987   0.17  -0.17     0.00
  MONTH TO DATE    2.80                      4.30  -1.50     2.69
  SINCE DEC 1     13.14                     14.60  -1.46    13.80
  SINCE JAN 1      8.31                      9.31  -1.00     7.41

SNOWFALL (IN)
  TODAY            0.0
  MONTH TO DATE    0.0
  SINCE DEC 1      0.2
  SINCE JUL 1      0.2
  SNOW DEPTH       0

DEGREE DAYS
 HEATING
  TODAY           11                        12     -1       20
  MONTH TO DATE  194                       388   -194      319
  SINCE DEC 1    978                      1497   -519     1215
  SINCE JUL 1   1191                      1869   -678     1403

 COOLING
  TODAY            0                         0      0        0
  MONTH TO DATE   34                         0     34        5
  SINCE DEC 1     71                        11     60       61
  SINCE JAN 1     51                         4     47        8
..................................................................


WIND (MPH)
  HIGHEST WIND SPEED    14   HIGHEST WIND DIRECTION     S (160)
  HIGHEST GUST SPEED    20   HIGHEST GUST DIRECTION     S (180)
  AVERAGE WIND SPEED     6.3


SKY COVER
  POSSIBLE SUNSHINE  MM
  AVERAGE SKY COVER 0.2


WEATHER CONDITIONS
 THE FOLLOWING WEATHER WAS RECORDED TODAY.
  NO SIGNIFICANT WEATHER WAS OBSERVED.


RELATIVE HUMIDITY (PERCENT)
 HIGHEST    65           400 AM
 LOWEST     23           400 PM
 AVERAGE    44

..........................................................


THE MONROE CLIMATE NORMALS FOR TOMORROW
                         NORMAL    RECORD    YEAR
 MAXIMUM TEMPERATURE (F)   65        85      2011
 MINIMUM TEMPERATURE (F)   42        22      2002


SUNRISE AND SUNSET
FEBRUARY 26 2017......SUNRISE   639 AM CST   SUNSET   603 PM CST
FEBRUARY 27 2017......SUNRISE   638 AM CST   SUNSET   604 PM CST


-  INDICATES NEGATIVE NUMBERS.
R  INDICATES RECORD WAS SET OR TIED.
MM INDICATES DATA IS MISSING.
T  INDICATES TRACE AMOUNT.




$$
