000
CDUS44 KSHV 300734
CLIMLU


CLIMATE REPORT
NATIONAL WEATHER SERVICE SHREVEPORT, LA
233 AM CDT MON MAR 30 2015


...................................

...THE MONROE CLIMATE SUMMARY FOR MARCH 29 2015...

CLIMATE NORMAL PERIOD 1981 TO 2010
CLIMATE RECORD PERIOD 1930 TO 2015


WEATHER ITEM   OBSERVED TIME   RECORD YEAR NORMAL DEPARTURE LAST
                VALUE   (LST)  VALUE       VALUE  FROM      YEAR
                                                  NORMAL
..................................................................
TEMPERATURE (F)
 YESTERDAY
  MAXIMUM         81    439 PM  89    1963  74      7       70
  MINIMUM         48    324 AM  30    1955  49     -1       49
  AVERAGE         65                        61      4       60

PRECIPITATION (IN)
  YESTERDAY        0.00          3.69 1965   0.15  -0.15     0.01
  MONTH TO DATE    3.97                      4.42  -0.45     4.34
  SINCE DEC 1     18.21                     19.35  -1.14    12.03
  SINCE JAN 1     13.73                     14.06  -0.33     8.77

SNOWFALL (IN)
  YESTERDAY        0.0
  MONTH TO DATE    0.4
  SINCE MAR 1      0.4
  SINCE JUL 1      3.9
  SNOW DEPTH       0

DEGREE DAYS
 HEATING
  YESTERDAY        0                         5     -5        5
  MONTH TO DATE  264                       241     23      361
  SINCE MAR 1    264                       241     23      361
  SINCE JUL 1   2468                      2135    333     2687

 COOLING
  YESTERDAY        0                         2     -2        0
  MONTH TO DATE    6                        29    -23        7
  SINCE MAR 1      6                        29    -23        7
  SINCE JAN 1      6                        40    -34        9
..................................................................


WIND (MPH)
  HIGHEST WIND SPEED    21   HIGHEST WIND DIRECTION    SW (210)
  HIGHEST GUST SPEED    28   HIGHEST GUST DIRECTION    SW (220)
  AVERAGE WIND SPEED     9.7


SKY COVER
  POSSIBLE SUNSHINE  MM
  AVERAGE SKY COVER 0.3


WEATHER CONDITIONS
 THE FOLLOWING WEATHER WAS RECORDED YESTERDAY.
  NO SIGNIFICANT WEATHER WAS OBSERVED.


RELATIVE HUMIDITY (PERCENT)
 HIGHEST    73          1100 PM
 LOWEST     45           500 PM
 AVERAGE    59

..........................................................


THE MONROE CLIMATE NORMALS FOR TODAY
                         NORMAL    RECORD    YEAR
 MAXIMUM TEMPERATURE (F)   74        90      1963
 MINIMUM TEMPERATURE (F)   49        32      1964


SUNRISE AND SUNSET
MARCH 30 2015.........SUNRISE   659 AM CDT   SUNSET   727 PM CDT
MARCH 31 2015.........SUNRISE   658 AM CDT   SUNSET   727 PM CDT


-  INDICATES NEGATIVE NUMBERS.
R  INDICATES RECORD WAS SET OR TIED.
MM INDICATES DATA IS MISSING.
T  INDICATES TRACE AMOUNT.




$$
