726
CDUS44 KSHV 280736
CLIMLU


CLIMATE REPORT
NATIONAL WEATHER SERVICE SHREVEPORT, LA
233 AM CDT FRI APR 28 2017


...................................

...THE MONROE CLIMATE SUMMARY FOR APRIL 27 2017...

CLIMATE NORMAL PERIOD 1981 TO 2010
CLIMATE RECORD PERIOD 1930 TO 2017


WEATHER ITEM   OBSERVED TIME   RECORD YEAR NORMAL DEPARTURE LAST
                VALUE   (LST)  VALUE       VALUE  FROM      YEAR
                                                  NORMAL
..................................................................
TEMPERATURE (F)
 YESTERDAY
  MAXIMUM         74    324 PM  95    1987  81     -7       82
  MINIMUM         50    551 AM  45    1992  57     -7       64
  AVERAGE         62                        69     -7       73

PRECIPITATION (IN)
  YESTERDAY        0.00          3.39 2011   0.15  -0.15     1.20
  MONTH TO DATE    4.07                      4.06   0.01     8.26
  SINCE DEC 1     22.59                     23.71  -1.12    46.44
  SINCE JAN 1     17.76                     18.42  -0.66    40.05

SNOWFALL (IN)
  YESTERDAY        0.0
  MONTH TO DATE    0.0
  SINCE MAR 1      0.0
  SINCE JUL 1      0.2
  SNOW DEPTH       0

DEGREE DAYS
 HEATING
  YESTERDAY        3                         1      2        0
  MONTH TO DATE   27                        78    -51       34
  SINCE MAR 1    192                       328   -136      166
  SINCE JUL 1   1388                      2222   -834     1594

 COOLING
  YESTERDAY        0                         5     -5        8
  MONTH TO DATE  122                        87     35       73
  SINCE MAR 1    213                       119     94      114
  SINCE JAN 1    272                       130    142      122
..................................................................


WIND (MPH)
  HIGHEST WIND SPEED    22   HIGHEST WIND DIRECTION    NW (300)
  HIGHEST GUST SPEED    30   HIGHEST GUST DIRECTION     W (290)
  AVERAGE WIND SPEED     4.8


SKY COVER
  POSSIBLE SUNSHINE  MM
  AVERAGE SKY COVER 0.2


WEATHER CONDITIONS
 THE FOLLOWING WEATHER WAS RECORDED YESTERDAY.
  NO SIGNIFICANT WEATHER WAS OBSERVED.


RELATIVE HUMIDITY (PERCENT)
 HIGHEST    89           400 AM
 LOWEST     49           200 PM
 AVERAGE    69

..........................................................


THE MONROE CLIMATE NORMALS FOR TODAY
                         NORMAL    RECORD    YEAR
 MAXIMUM TEMPERATURE (F)   81        92      2002
 MINIMUM TEMPERATURE (F)   57        43      1965


SUNRISE AND SUNSET
APRIL 28 2017.........SUNRISE   624 AM CDT   SUNSET   747 PM CDT
APRIL 29 2017.........SUNRISE   623 AM CDT   SUNSET   748 PM CDT


-  INDICATES NEGATIVE NUMBERS.
R  INDICATES RECORD WAS SET OR TIED.
MM INDICATES DATA IS MISSING.
T  INDICATES TRACE AMOUNT.




$$
