696
CDUS44 KSHV 200858
CLIMLU


CLIMATE REPORT
NATIONAL WEATHER SERVICE SHREVEPORT, LA
241 AM CST SAT JAN 20 2018


...................................

...THE MONROE CLIMATE SUMMARY FOR JANUARY 19 2018...

CLIMATE NORMAL PERIOD 1981 TO 2010
CLIMATE RECORD PERIOD 1930 TO 2018


WEATHER ITEM   OBSERVED TIME   RECORD YEAR NORMAL DEPARTURE LAST
                VALUE   (LST)  VALUE       VALUE  FROM      YEAR
                                                  NORMAL
..................................................................
TEMPERATURE (F)
 YESTERDAY
  MAXIMUM         51    323 PM  82    1935  57     -6       62
  MINIMUM         23   1253 AM  13    1977  36    -13       57
  AVERAGE         37                        46     -9       60

PRECIPITATION (IN)
  YESTERDAY        0.00          3.08 1979   0.16  -0.16     0.62
  MONTH TO DATE    1.95                      3.03  -1.08     5.03
  SINCE DEC 1      5.47                      8.32  -2.85     9.86
  SINCE JAN 1      1.95                      3.03  -1.08     5.03

SNOWFALL (IN)
  YESTERDAY        0.0
  MONTH TO DATE    1.3
  SINCE DEC 1      1.3
  SINCE JUL 1      1.3
  SNOW DEPTH       0

DEGREE DAYS
 HEATING
  YESTERDAY       28                        19      9        5
  MONTH TO DATE  524                       361    163      217
  SINCE DEC 1   1005                       891    114      665
  SINCE JUL 1   1309                      1263     46      878

 COOLING
  YESTERDAY        0                         0      0        0
  MONTH TO DATE    0                         0      0       16
  SINCE DEC 1     11                         7      4       36
  SINCE JAN 1      0                         0      0       16
..................................................................


WIND (MPH)
  HIGHEST WIND SPEED    13   HIGHEST WIND DIRECTION     S (200)
  HIGHEST GUST SPEED    15   HIGHEST GUST DIRECTION    SW (210)
  AVERAGE WIND SPEED     4.2


SKY COVER
  POSSIBLE SUNSHINE  MM
  AVERAGE SKY COVER 0.9


WEATHER CONDITIONS
 THE FOLLOWING WEATHER WAS RECORDED YESTERDAY.
  NO SIGNIFICANT WEATHER WAS OBSERVED.


RELATIVE HUMIDITY (PERCENT)
 HIGHEST    88           100 AM
 LOWEST     33           500 PM
 AVERAGE    61

..........................................................


THE MONROE CLIMATE NORMALS FOR TODAY
                         NORMAL    RECORD    YEAR
 MAXIMUM TEMPERATURE (F)   57        81      2012
 MINIMUM TEMPERATURE (F)   36         8      1985


SUNRISE AND SUNSET
JANUARY 20 2018.......SUNRISE   709 AM CST   SUNSET   530 PM CST
JANUARY 21 2018.......SUNRISE   708 AM CST   SUNSET   531 PM CST


-  INDICATES NEGATIVE NUMBERS.
R  INDICATES RECORD WAS SET OR TIED.
MM INDICATES DATA IS MISSING.
T  INDICATES TRACE AMOUNT.




$$
