000
CDUS44 KSHV 020746
CLIMLU


CLIMATE REPORT
NATIONAL WEATHER SERVICE SHREVEPORT, LA
245 AM CDT MON MAY 2 2016


...................................

...THE MONROE CLIMATE SUMMARY FOR MAY 1 2016...

CLIMATE NORMAL PERIOD 1981 TO 2010
CLIMATE RECORD PERIOD 1930 TO 2016


WEATHER ITEM   OBSERVED TIME   RECORD YEAR NORMAL DEPARTURE LAST
                VALUE   (LST)  VALUE       VALUE  FROM      YEAR
                                                  NORMAL
..................................................................
TEMPERATURE (F)
 YESTERDAY
  MAXIMUM         84    507 PM  91    1987  82      2       80
  MINIMUM         69    437 AM  41    2014  58     11       54
  AVERAGE         77                        70      7       67

PRECIPITATION (IN)
  YESTERDAY        0.01          4.34 1954   0.16  -0.15     0.00
  MONTH TO DATE    0.01                      0.16  -0.15     0.00
  SINCE DEC 1     47.71                     24.31  23.40    22.95
  SINCE JAN 1     41.32                     19.02  22.30    18.47

SNOWFALL (IN)
  YESTERDAY        0.0
  MONTH TO DATE    0.0
  SINCE MAR 1      0.0
  SINCE JUL 1      T
  SNOW DEPTH       0

DEGREE DAYS
 HEATING
  YESTERDAY        0                         1     -1        0
  MONTH TO DATE    0                         1     -1        0
  SINCE MAR 1    166                       331   -165      308
  SINCE JUL 1   1594                      2225   -631     2512

 COOLING
  YESTERDAY       12                         6      6        2
  MONTH TO DATE   12                         6      6        2
  SINCE MAR 1    153                       142     11      146
  SINCE JAN 1    161                       153      8      146
..................................................................


WIND (MPH)
  HIGHEST WIND SPEED     9   HIGHEST WIND DIRECTION    SE (120)
  HIGHEST GUST SPEED    13   HIGHEST GUST DIRECTION    SE (140)
  AVERAGE WIND SPEED     3.5


SKY COVER
  POSSIBLE SUNSHINE  MM
  AVERAGE SKY COVER 0.4


WEATHER CONDITIONS
 THE FOLLOWING WEATHER WAS RECORDED YESTERDAY.
  THUNDERSTORM
  FOG


RELATIVE HUMIDITY (PERCENT)
 HIGHEST   100           500 AM
 LOWEST     65           500 PM
 AVERAGE    83

..........................................................


THE MONROE CLIMATE NORMALS FOR TODAY
                         NORMAL    RECORD    YEAR
 MAXIMUM TEMPERATURE (F)   82        91      2002
 MINIMUM TEMPERATURE (F)   59        45      1976


SUNRISE AND SUNSET
MAY  2 2016...........SUNRISE   620 AM CDT   SUNSET   751 PM CDT
MAY  3 2016...........SUNRISE   619 AM CDT   SUNSET   751 PM CDT


-  INDICATES NEGATIVE NUMBERS.
R  INDICATES RECORD WAS SET OR TIED.
MM INDICATES DATA IS MISSING.
T  INDICATES TRACE AMOUNT.




$$
