000
CDUS44 KSHV 110837
CLIMLU


CLIMATE REPORT
NATIONAL WEATHER SERVICE SHREVEPORT, LA
232 AM CST SUN DEC 11 2016


...................................

...THE MONROE CLIMATE SUMMARY FOR DECEMBER 10 2016...

CLIMATE NORMAL PERIOD 1981 TO 2010
CLIMATE RECORD PERIOD 1930 TO 2016


WEATHER ITEM   OBSERVED TIME   RECORD YEAR NORMAL DEPARTURE LAST
                VALUE   (LST)  VALUE       VALUE  FROM      YEAR
                                                  NORMAL
..................................................................
TEMPERATURE (F)
 YESTERDAY
  MAXIMUM         51    336 PM  79    2007  60     -9       71
  MINIMUM         26    712 AM  18    1995  38    -12       43
  AVERAGE         39                        49    -10       57

PRECIPITATION (IN)
  YESTERDAY        0.00          4.05 1964   0.17  -0.17     0.00
  MONTH TO DATE    3.72                      1.74   1.98     0.01
  SINCE DEC 1      3.72                      1.74   1.98     0.01
  SINCE JAN 1     67.33                     50.47  16.86    47.16

SNOWFALL (IN)
  YESTERDAY        0.0
  MONTH TO DATE    0.0
  SINCE DEC 1      0.0
  SINCE JUL 1      0.0
  SNOW DEPTH       0

DEGREE DAYS
 HEATING
  YESTERDAY       26                        16     10        8
  MONTH TO DATE  188                       152     36      133
  SINCE DEC 1    188                       152     36      133
  SINCE JUL 1    401                       524   -123      321

 COOLING
  YESTERDAY        0                         0      0        0
  MONTH TO DATE    0                         0      0        0
  SINCE DEC 1      0                         0      0        0
  SINCE JAN 1   2732                      2508    224     2689
..................................................................


WIND (MPH)
  HIGHEST WIND SPEED     9   HIGHEST WIND DIRECTION     E (80)
  HIGHEST GUST SPEED    12   HIGHEST GUST DIRECTION    NE (60)
  AVERAGE WIND SPEED     2.9


SKY COVER
  POSSIBLE SUNSHINE  MM
  AVERAGE SKY COVER 0.1


WEATHER CONDITIONS
 THE FOLLOWING WEATHER WAS RECORDED YESTERDAY.
  NO SIGNIFICANT WEATHER WAS OBSERVED.


RELATIVE HUMIDITY (PERCENT)
 HIGHEST    92           300 AM
 LOWEST     32           200 PM
 AVERAGE    62

..........................................................


THE MONROE CLIMATE NORMALS FOR TODAY
                         NORMAL    RECORD    YEAR
 MAXIMUM TEMPERATURE (F)   60        82      2015
 MINIMUM TEMPERATURE (F)   38        20      1995


SUNRISE AND SUNSET
DECEMBER 11 2016......SUNRISE   700 AM CST   SUNSET   503 PM CST
DECEMBER 12 2016......SUNRISE   701 AM CST   SUNSET   503 PM CST


-  INDICATES NEGATIVE NUMBERS.
R  INDICATES RECORD WAS SET OR TIED.
MM INDICATES DATA IS MISSING.
T  INDICATES TRACE AMOUNT.




$$
