000
CDUS44 KSHV 190746
CLIMLU


CLIMATE REPORT
NATIONAL WEATHER SERVICE SHREVEPORT, LA
246 AM CDT SAT AUG 19 2017


...................................

...THE MONROE CLIMATE SUMMARY FOR AUGUST 18 2017...

CLIMATE NORMAL PERIOD 1981 TO 2010
CLIMATE RECORD PERIOD 1930 TO 2017


WEATHER ITEM   OBSERVED TIME   RECORD YEAR NORMAL DEPARTURE LAST
                VALUE   (LST)  VALUE       VALUE  FROM      YEAR
                                                  NORMAL
..................................................................
TEMPERATURE (F)
 YESTERDAY
  MAXIMUM         95    326 PM 104    1936  94      1       89
  MINIMUM         74    429 AM  57    1992  71      3       72
  AVERAGE         85                        83      2       81

PRECIPITATION (IN)
  YESTERDAY        0.00          1.77 2012   0.10  -0.10     0.39
  MONTH TO DATE    5.83                      1.75   4.08     4.55
  SINCE DEC 1     48.50                     39.34   9.16    65.84
  SINCE JAN 1     43.67                     34.05   9.62    59.45

SNOWFALL (IN)
  YESTERDAY        0.0
  MONTH TO DATE    0.0
  SINCE JUN 1      0.0
  SINCE JUL 1      0.0
  SNOW DEPTH       0

DEGREE DAYS
 HEATING
  YESTERDAY        0                         0      0        0
  MONTH TO DATE    0                         0      0        0
  SINCE JUN 1      0                         0      0        0
  SINCE JUL 1      0                         0      0        0

 COOLING
  YESTERDAY       20                        18      2       16
  MONTH TO DATE  318                       324     -6      339
  SINCE JUN 1   1308                      1349    -41     1429
  SINCE JAN 1   1826                      1784     42     1810
..................................................................


WIND (MPH)
  HIGHEST WIND SPEED    15   HIGHEST WIND DIRECTION     W (250)
  HIGHEST GUST SPEED    19   HIGHEST GUST DIRECTION     W (260)
  AVERAGE WIND SPEED     4.8


SKY COVER
  POSSIBLE SUNSHINE  MM
  AVERAGE SKY COVER 0.3


WEATHER CONDITIONS
 THE FOLLOWING WEATHER WAS RECORDED YESTERDAY.
  NO SIGNIFICANT WEATHER WAS OBSERVED.


RELATIVE HUMIDITY (PERCENT)
 HIGHEST    94           300 AM
 LOWEST     52           100 PM
 AVERAGE    73

..........................................................


THE MONROE CLIMATE NORMALS FOR TODAY
                         NORMAL    RECORD    YEAR
 MAXIMUM TEMPERATURE (F)   94       106      2011
 MINIMUM TEMPERATURE (F)   71        64      1927


SUNRISE AND SUNSET
AUGUST 19 2017........SUNRISE   635 AM CDT   SUNSET   748 PM CDT
AUGUST 20 2017........SUNRISE   635 AM CDT   SUNSET   747 PM CDT


-  INDICATES NEGATIVE NUMBERS.
R  INDICATES RECORD WAS SET OR TIED.
MM INDICATES DATA IS MISSING.
T  INDICATES TRACE AMOUNT.




$$
