000
CDUS44 KSHV 292150
CLIMLU


CLIMATE REPORT
NATIONAL WEATHER SERVICE SHREVEPORT, LA
450 PM CDT WED JUL 29 2015


...................................

...THE MONROE CLIMATE SUMMARY FOR JULY 29 2015...
VALID TODAY AS OF 0400 PM LOCAL TIME.

CLIMATE NORMAL PERIOD 1981 TO 2010
CLIMATE RECORD PERIOD 1930 TO 2015


WEATHER ITEM   OBSERVED TIME   RECORD YEAR NORMAL DEPARTURE LAST
                VALUE   (LST)  VALUE       VALUE  FROM      YEAR
                                                  NORMAL
..................................................................
TEMPERATURE (F)
 TODAY
  MAXIMUM        101    248 PM 108    1930  95      6       90
  MINIMUM         76   1250 AM  65    1994  72      4       66
  AVERAGE         89                        83      6       78

PRECIPITATION (IN)
  TODAY            0.00          2.68 1934   0.10  -0.10     0.00
  MONTH TO DATE    0.93                      3.37  -2.44     2.18
  SINCE DEC 1     35.37                     37.39  -2.02    35.28
  SINCE JAN 1     30.89                     32.10  -1.21    32.02

DEGREE DAYS
 HEATING
  TODAY            0                         0      0        0
  MONTH TO DATE    0                         0      0        0
  SINCE JUN 1      0                         0      0        0
  SINCE JUL 1      0                         0      0        0

 COOLING
  TODAY           24                        18      6       13
  MONTH TO DATE  574                       522     52      429
  SINCE JUN 1   1050                       988     62      905
  SINCE JAN 1   1472                      1423     49     1235
..................................................................


WIND (MPH)
  HIGHEST WIND SPEED    12   HIGHEST WIND DIRECTION     N (350)
  HIGHEST GUST SPEED    14   HIGHEST GUST DIRECTION    NE (40)
  AVERAGE WIND SPEED     4.7


SKY COVER
  POSSIBLE SUNSHINE  MM
  AVERAGE SKY COVER 0.1


WEATHER CONDITIONS
 THE FOLLOWING WEATHER WAS RECORDED TODAY.
  NO SIGNIFICANT WEATHER WAS OBSERVED.


RELATIVE HUMIDITY (PERCENT)
 HIGHEST    88          1200 AM
 LOWEST     40           300 PM
 AVERAGE    64

..........................................................


THE MONROE CLIMATE NORMALS FOR TOMORROW
                         NORMAL    RECORD    YEAR
 MAXIMUM TEMPERATURE (F)   95       106      1930
 MINIMUM TEMPERATURE (F)   72        62      2014


SUNRISE AND SUNSET
JULY 29 2015..........SUNRISE   620 AM CDT   SUNSET   808 PM CDT
JULY 30 2015..........SUNRISE   621 AM CDT   SUNSET   808 PM CDT


-  INDICATES NEGATIVE NUMBERS.
R  INDICATES RECORD WAS SET OR TIED.
MM INDICATES DATA IS MISSING.
T  INDICATES TRACE AMOUNT.




$$
