000
CDUS44 KSHV 240738
CLIMLU


CLIMATE REPORT
NATIONAL WEATHER SERVICE SHREVEPORT, LA
237 AM CDT FRI MAR 24 2017


...................................

...THE MONROE CLIMATE SUMMARY FOR MARCH 23 2017...

CLIMATE NORMAL PERIOD 1981 TO 2010
CLIMATE RECORD PERIOD 1930 TO 2017


WEATHER ITEM   OBSERVED TIME   RECORD YEAR NORMAL DEPARTURE LAST
                VALUE   (LST)  VALUE       VALUE  FROM      YEAR
                                                  NORMAL
..................................................................
TEMPERATURE (F)
 YESTERDAY
  MAXIMUM         86    259 PM  87    1935  72     14       74
  MINIMUM         56    606 AM  29    1963  48      8       56
  AVERAGE         71                        60     11       65

PRECIPITATION (IN)
  YESTERDAY        0.00          2.20   MM   0.14  -0.14     0.00
  MONTH TO DATE    2.57                      3.56  -0.99    22.87
  SINCE DEC 1     16.81                     18.49  -1.68    36.67
  SINCE JAN 1     11.98                     13.20  -1.22    30.28

SNOWFALL (IN)
  YESTERDAY        0.0
  MONTH TO DATE    0.0
  SINCE MAR 1      0.0
  SINCE JUL 1      0.2
  SNOW DEPTH       0

DEGREE DAYS
 HEATING
  YESTERDAY        0                         6     -6        0
  MONTH TO DATE  165                       206    -41       99
  SINCE MAR 1    165                       206    -41       99
  SINCE JUL 1   1361                      2100   -739     1527

 COOLING
  YESTERDAY        6                         1      5        0
  MONTH TO DATE   47                        21     26       25
  SINCE MAR 1     47                        21     26       25
  SINCE JAN 1    106                        32     74       33
..................................................................


WIND (MPH)
  HIGHEST WIND SPEED    14   HIGHEST WIND DIRECTION     S (190)
  HIGHEST GUST SPEED    20   HIGHEST GUST DIRECTION     S (200)
  AVERAGE WIND SPEED     5.9


SKY COVER
  POSSIBLE SUNSHINE  MM
  AVERAGE SKY COVER 0.1


WEATHER CONDITIONS
 THE FOLLOWING WEATHER WAS RECORDED YESTERDAY.
  NO SIGNIFICANT WEATHER WAS OBSERVED.


RELATIVE HUMIDITY (PERCENT)
 HIGHEST    80           500 AM
 LOWEST     29           500 PM
 AVERAGE    55

..........................................................


THE MONROE CLIMATE NORMALS FOR TODAY
                         NORMAL    RECORD    YEAR
 MAXIMUM TEMPERATURE (F)   72        88      1936
 MINIMUM TEMPERATURE (F)   48        30      1968


SUNRISE AND SUNSET
MARCH 24 2017.........SUNRISE   706 AM CDT   SUNSET   723 PM CDT
MARCH 25 2017.........SUNRISE   705 AM CDT   SUNSET   723 PM CDT


-  INDICATES NEGATIVE NUMBERS.
R  INDICATES RECORD WAS SET OR TIED.
MM INDICATES DATA IS MISSING.
T  INDICATES TRACE AMOUNT.




$$
