000
CDUS44 KSHV 200835
CLIMLU


CLIMATE REPORT
NATIONAL WEATHER SERVICE SHREVEPORT, LA
235 AM CST SAT DEC 20 2014


...................................

...THE MONROE CLIMATE SUMMARY FOR DECEMBER 19 2014...

CLIMATE NORMAL PERIOD 1981 TO 2010
CLIMATE RECORD PERIOD 1930 TO 2014


WEATHER ITEM   OBSERVED TIME   RECORD YEAR NORMAL DEPARTURE LAST
                VALUE   (LST)  VALUE       VALUE  FROM      YEAR
                                                  NORMAL
..................................................................
TEMPERATURE (F)
 YESTERDAY
  MAXIMUM         49    331 AM  78    2012  58     -9       73
  MINIMUM         46   1159 PM  18    1975  37      9       42
  AVERAGE         48                        47      1       58

PRECIPITATION (IN)
  YESTERDAY        0.59          1.27 1931   0.16   0.43     0.00
  MONTH TO DATE    1.29                      3.29  -2.00     2.07
  SINCE DEC 1      1.29                      3.29  -2.00     2.07
  SINCE JAN 1     48.90                     52.02  -3.12    49.12

SNOWFALL (IN)
  YESTERDAY       MM
  MONTH TO DATE    0.0
  SINCE DEC 1      0.0
  SINCE JUL 1      0.0
  SNOW DEPTH       0

DEGREE DAYS
 HEATING
  YESTERDAY       17                        18     -1        7
  MONTH TO DATE  252                       308    -56      346
  SINCE DEC 1    252                       308    -56      346
  SINCE JUL 1    726                       680     46      826

 COOLING
  YESTERDAY        0                         0      0        0
  MONTH TO DATE    1                         0      1        9
  SINCE DEC 1      1                         0      1        9
  SINCE JAN 1   2284                      2508   -224     2442
..................................................................


WIND (MPH)
  HIGHEST WIND SPEED    15   HIGHEST WIND DIRECTION    NE (40)
  HIGHEST GUST SPEED    20   HIGHEST GUST DIRECTION    SE (130)
  AVERAGE WIND SPEED     8.5


SKY COVER
  POSSIBLE SUNSHINE  MM
  AVERAGE SKY COVER 1.0


WEATHER CONDITIONS
 THE FOLLOWING WEATHER WAS RECORDED YESTERDAY.
  HEAVY RAIN
  RAIN
  LIGHT RAIN
  FOG


RELATIVE HUMIDITY (PERCENT)
 HIGHEST   100          1200 AM
 LOWEST     86           500 AM
 AVERAGE    93

..........................................................


THE MONROE CLIMATE NORMALS FOR TODAY
                         NORMAL    RECORD    YEAR
 MAXIMUM TEMPERATURE (F)   58        79      1967
 MINIMUM TEMPERATURE (F)   37        19      1983


SUNRISE AND SUNSET
DECEMBER 20 2014......SUNRISE   705 AM CST   SUNSET   506 PM CST
DECEMBER 21 2014......SUNRISE   706 AM CST   SUNSET   507 PM CST


-  INDICATES NEGATIVE NUMBERS.
R  INDICATES RECORD WAS SET OR TIED.
MM INDICATES DATA IS MISSING.
T  INDICATES TRACE AMOUNT.




$$
