000
CDUS46 KPQR 261141
CLIMMV


CLIMATE REPORT
NATIONAL WEATHER SERVICE PORTLAND OREGON
440 AM PDT THU MAR 26 2015


...................................

...THE MCMINNVILLE OR CLIMATE SUMMARY FOR MARCH 25 2015...

CLIMATE NORMAL PERIOD 1981 TO 2010
CLIMATE RECORD PERIOD 1894 TO 2015


WEATHER ITEM   OBSERVED TIME   RECORD YEAR NORMAL DEPARTURE LAST
                VALUE   (LST)  VALUE       VALUE  FROM      YEAR
                                                  NORMAL
..................................................................
TEMPERATURE (F)
 YESTERDAY
  MAXIMUM         63    258 PM  72    1966  58      5       57
  MINIMUM         49   1159 PM  19    1920  38     11       46
  AVERAGE         56                        48      8       52

PRECIPITATION (IN)
  YESTERDAY        0.09          3.00 1916   0.12  -0.03     0.26
  MONTH TO DATE    3.69                      3.32   0.37     4.22
  SINCE OCT 1     29.21                     29.89  -0.68    17.45
  SINCE JAN 1     12.97                     13.86  -0.89    12.49

DEGREE DAYS
 HEATING
  YESTERDAY        9                        17     -8       13
  MONTH TO DATE  363                       471   -108      410
  SINCE JUL 1   2840                      3850  -1010     3835

 COOLING
  YESTERDAY        0                         0      0        0
  MONTH TO DATE    0                         0      0        0
  SINCE JAN 1      0                         0      0        0
..................................................................


WIND (MPH)
  HIGHEST WIND SPEED    18   HIGHEST WIND DIRECTION     S (200)
  HIGHEST GUST SPEED    22   HIGHEST GUST DIRECTION    SW (210)
  AVERAGE WIND SPEED     5.8


SKY COVER
  POSSIBLE SUNSHINE  MM
  AVERAGE SKY COVER 0.8


WEATHER CONDITIONS
 THE FOLLOWING WEATHER WAS RECORDED YESTERDAY.
  LIGHT RAIN
  FOG


RELATIVE HUMIDITY (PERCENT)
 HIGHEST    96           800 AM
 LOWEST     72           300 PM
 AVERAGE    84

..........................................................


THE MCMINNVILLE OR CLIMATE NORMALS FOR TODAY
                         NORMAL    RECORD    YEAR
 MAXIMUM TEMPERATURE (F)   58        81      1923
 MINIMUM TEMPERATURE (F)   38        15      1920


SUNRISE AND SUNSET
MARCH 26 2015.........SUNRISE   605 AM PST   SUNSET   633 PM PST
MARCH 27 2015.........SUNRISE   603 AM PST   SUNSET   634 PM PST


-  INDICATES NEGATIVE NUMBERS.
R  INDICATES RECORD WAS SET OR TIED.
MM INDICATES DATA IS MISSING.
T  INDICATES TRACE AMOUNT.




$$
