881
CDUS46 KPQR 291141
CLIMMV


CLIMATE REPORT
NATIONAL WEATHER SERVICE PORTLAND OREGON
441 AM PDT THU SEP 29 2016


...................................

...THE MCMINNVILLE OR CLIMATE SUMMARY FOR SEPTEMBER 28 2016...

CLIMATE NORMAL PERIOD 1981 TO 2010
CLIMATE RECORD PERIOD 1894 TO 2016


WEATHER ITEM   OBSERVED TIME   RECORD YEAR NORMAL DEPARTURE LAST
                VALUE   (LST)  VALUE       VALUE  FROM      YEAR
                                                  NORMAL
..................................................................
TEMPERATURE (F)
 YESTERDAY
  MAXIMUM         78    344 PM  96    2003  71      7       82
  MINIMUM         43    605 AM  31    1902  45     -2       48
  AVERAGE         61                        58      3       65

PRECIPITATION (IN)
  YESTERDAY        0.00          1.40 2013   0.07  -0.07     0.00
  MONTH TO DATE    0.46                      1.25  -0.79     1.20
  SINCE OCT 1     50.33                     39.61  10.72    34.34
  SINCE JAN 1     25.26                     23.58   1.68    18.10

DEGREE DAYS
 HEATING
  YESTERDAY        4                         7     -3        0
  MONTH TO DATE  102                       114    -12      107
  SINCE JUL 1    138                       199    -61      112

 COOLING
  YESTERDAY        0                         0      0        0
  MONTH TO DATE   14                        31    -17       31
  SINCE JAN 1    363                       215    148      525
..................................................................


WIND (MPH)
  HIGHEST WIND SPEED    14   HIGHEST WIND DIRECTION     N (20)
  HIGHEST GUST SPEED    18   HIGHEST GUST DIRECTION    NE (30)
  AVERAGE WIND SPEED     3.8


SKY COVER
  POSSIBLE SUNSHINE  MM
  AVERAGE SKY COVER 0.0


WEATHER CONDITIONS
 THE FOLLOWING WEATHER WAS RECORDED YESTERDAY.
  FOG


RELATIVE HUMIDITY (PERCENT)
 HIGHEST    93           300 AM
 LOWEST     29           400 PM
 AVERAGE    61

..........................................................


THE MCMINNVILLE OR CLIMATE NORMALS FOR TODAY
                         NORMAL    RECORD    YEAR
 MAXIMUM TEMPERATURE (F)   71        92      2008
                                             1993
 MINIMUM TEMPERATURE (F)   44        31      1961


SUNRISE AND SUNSET
SEPTEMBER 29 2016.....SUNRISE   609 AM PST   SUNSET   555 PM PST
SEPTEMBER 30 2016.....SUNRISE   610 AM PST   SUNSET   554 PM PST


-  INDICATES NEGATIVE NUMBERS.
R  INDICATES RECORD WAS SET OR TIED.
MM INDICATES DATA IS MISSING.
T  INDICATES TRACE AMOUNT.




$$
