000
CDUS46 KPQR 241150
CLIMMV


CLIMATE REPORT
NATIONAL WEATHER SERVICE PORTLAND OREGON
449 AM PDT TUE MAY 24 2016


...................................

...THE MCMINNVILLE OR CLIMATE SUMMARY FOR MAY 23 2016...

CLIMATE NORMAL PERIOD 1981 TO 2010
CLIMATE RECORD PERIOD 1894 TO 2016


WEATHER ITEM   OBSERVED TIME   RECORD YEAR NORMAL DEPARTURE LAST
                VALUE   (LST)  VALUE       VALUE  FROM      YEAR
                                                  NORMAL
..................................................................
TEMPERATURE (F)
 YESTERDAY
  MAXIMUM         65    442 PM  91    1938  69     -4       65
  MINIMUM         50    444 AM  31    1955  44      6       53
  AVERAGE         58                        57      1       59

PRECIPITATION (IN)
  YESTERDAY        0.10          0.57 2006   0.08   0.02     0.00
  MONTH TO DATE    0.74                      1.66  -0.92     0.89
  SINCE OCT 1     47.50                     35.17  12.33    31.77
  SINCE JAN 1     22.43                     19.14   3.29    15.53

DEGREE DAYS
 HEATING
  YESTERDAY        7                         9     -2        6
  MONTH TO DATE  125                       239   -114      172
  SINCE JUL 1   3654                      4637   -983     3518

 COOLING
  YESTERDAY        0                         0      0        0
  MONTH TO DATE    5                         0      5        0
  SINCE JAN 1     16                         0     16        0
..................................................................


WIND (MPH)
  HIGHEST WIND SPEED    13   HIGHEST WIND DIRECTION     W (250)
  HIGHEST GUST SPEED    14   HIGHEST GUST DIRECTION     W (260)
  AVERAGE WIND SPEED     4.2


SKY COVER
  POSSIBLE SUNSHINE  MM
  AVERAGE SKY COVER 0.9


WEATHER CONDITIONS
 THE FOLLOWING WEATHER WAS RECORDED YESTERDAY.
  LIGHT RAIN
  FOG
  HAZE


RELATIVE HUMIDITY (PERCENT)
 HIGHEST    93          1000 AM
 LOWEST     67           200 PM
 AVERAGE    80

..........................................................


THE MCMINNVILLE OR CLIMATE NORMALS FOR TODAY
                         NORMAL    RECORD    YEAR
 MAXIMUM TEMPERATURE (F)   69        92      1992
 MINIMUM TEMPERATURE (F)   45        31      1955


SUNRISE AND SUNSET
MAY 24 2016...........SUNRISE   433 AM PST   SUNSET   746 PM PST
MAY 25 2016...........SUNRISE   433 AM PST   SUNSET   747 PM PST


-  INDICATES NEGATIVE NUMBERS.
R  INDICATES RECORD WAS SET OR TIED.
MM INDICATES DATA IS MISSING.
T  INDICATES TRACE AMOUNT.




$$
