122
CDUS46 KPQR 241146
CLIMMV


CLIMATE REPORT
NATIONAL WEATHER SERVICE PORTLAND OREGON
345 AM PST SAT FEB 24 2018


...................................

...THE MCMINNVILLE OR CLIMATE SUMMARY FOR FEBRUARY 23 2018...

CLIMATE NORMAL PERIOD 1981 TO 2010
CLIMATE RECORD PERIOD 1894 TO 2018


WEATHER ITEM   OBSERVED TIME   RECORD YEAR NORMAL DEPARTURE LAST
                VALUE   (LST)  VALUE       VALUE  FROM      YEAR
                                                  NORMAL
..................................................................
TEMPERATURE (F)
 YESTERDAY
  MAXIMUM         40    232 PM  66    2005  52    -12       47
                                      1921
  MINIMUM         22R   714 AM  22    1957  35    -13       31
  AVERAGE         31                        43    -12       39

PRECIPITATION (IN)
  YESTERDAY        0.03          1.42 1986   0.14  -0.11     0.01
  MONTH TO DATE    1.06                      3.64  -2.58    11.16
  SINCE OCT 1     22.87                     25.77  -2.90    38.65
  SINCE JAN 1      7.33                      9.74  -2.41    14.84

DEGREE DAYS
 HEATING
  YESTERDAY       34                        22     12       26
  MONTH TO DATE  511                       520     -9      491
  SINCE JUL 1   2839                      3275   -436     3171

 COOLING
  YESTERDAY        0                         0      0        0
  MONTH TO DATE    0                         0      0        0
  SINCE JAN 1      0                         0      0        0
..................................................................


WIND (MPH)
  HIGHEST WIND SPEED    24   HIGHEST WIND DIRECTION     S (180)
  HIGHEST GUST SPEED    30   HIGHEST GUST DIRECTION     S (190)
  AVERAGE WIND SPEED     6.7


SKY COVER
  POSSIBLE SUNSHINE  MM
  AVERAGE SKY COVER 0.6


WEATHER CONDITIONS
 THE FOLLOWING WEATHER WAS RECORDED YESTERDAY.
  LIGHT RAIN


RELATIVE HUMIDITY (PERCENT)
 HIGHEST   100           800 AM
 LOWEST     64           100 PM
 AVERAGE    82

..........................................................


THE MCMINNVILLE OR CLIMATE NORMALS FOR TODAY
                         NORMAL    RECORD    YEAR
 MAXIMUM TEMPERATURE (F)   52        69      1905
 MINIMUM TEMPERATURE (F)   35        15      1920


SUNRISE AND SUNSET
FEBRUARY 24 2018......SUNRISE   659 AM PST   SUNSET   553 PM PST
FEBRUARY 25 2018......SUNRISE   657 AM PST   SUNSET   554 PM PST


-  INDICATES NEGATIVE NUMBERS.
R  INDICATES RECORD WAS SET OR TIED.
MM INDICATES DATA IS MISSING.
T  INDICATES TRACE AMOUNT.




$$
