000
CDUS44 KMOB 300645
CLIMOB


CLIMATE REPORT
NATIONAL WEATHER SERVICE MOBILE AL
145 AM CDT SAT APR 30 2016


...................................

...THE MOBILE CLIMATE SUMMARY FOR APRIL 29 2016...

CLIMATE NORMAL PERIOD 1981 TO 2010
CLIMATE RECORD PERIOD 1842 TO 2016


WEATHER ITEM   OBSERVED TIME   RECORD YEAR NORMAL DEPARTURE LAST
                VALUE   (LST)  VALUE       VALUE  FROM      YEAR
                                                  NORMAL
..................................................................
TEMPERATURE (F)
 YESTERDAY
  MAXIMUM         86    112 PM  91    1970  81      5       73
  MINIMUM         65    205 AM  46    2008  59      6       55
  AVERAGE         76                        70      6       64

PRECIPITATION (IN)
  YESTERDAY        0.00         11.23 2014   0.15  -0.15     0.00
  MONTH TO DATE    4.67                      4.65   0.02    13.90
  SINCE MAR 1     14.83                     10.79   4.04    17.86
  SINCE JAN 1     24.28                     21.56   2.72    23.91

DEGREE DAYS
 HEATING
  YESTERDAY        0                         1     -1        1
  MONTH TO DATE   21                        61    -40        4
  SINCE MAR 1    117                       250   -133      118
  SINCE JUL 1   1215                      1692   -477     1820

 COOLING
  YESTERDAY       11                         5      6        0
  MONTH TO DATE   93                        97     -4      179
  SINCE MAR 1    163                       136     27      275
  SINCE JAN 1    177                       152     25      279
..................................................................


WIND (MPH)
  HIGHEST WIND SPEED    20   HIGHEST WIND DIRECTION    SE (140)
  HIGHEST GUST SPEED    25   HIGHEST GUST DIRECTION     S (160)
  AVERAGE WIND SPEED     8.8


SKY COVER
  POSSIBLE SUNSHINE  MM
  AVERAGE SKY COVER 0.5


WEATHER CONDITIONS
 THE FOLLOWING WEATHER WAS RECORDED YESTERDAY.
  FOG


RELATIVE HUMIDITY (PERCENT)
 HIGHEST   100          1200 AM
 LOWEST     54           900 AM
 AVERAGE    77

..........................................................


THE MOBILE CLIMATE NORMALS FOR TODAY
                         NORMAL    RECORD    YEAR
 MAXIMUM TEMPERATURE (F)   81        91      2012
 MINIMUM TEMPERATURE (F)   59        45      1874


SUNRISE AND SUNSET
APRIL 30 2016.........SUNRISE   610 AM CDT   SUNSET   731 PM CDT
MAY  1 2016...........SUNRISE   609 AM CDT   SUNSET   732 PM CDT


-  INDICATES NEGATIVE NUMBERS.
R  INDICATES RECORD WAS SET OR TIED.
MM INDICATES DATA IS MISSING.
T  INDICATES TRACE AMOUNT.




$$
