000
CDUS44 KMOB 020636
CLIMOB


CLIMATE REPORT
NATIONAL WEATHER SERVICE MOBILE AL
126 AM CDT SUN AUG 2 2015


...................................

...THE MOBILE CLIMATE SUMMARY FOR AUGUST 1 2015...

CLIMATE NORMAL PERIOD 1981 TO 2010
CLIMATE RECORD PERIOD 1842 TO 2015


WEATHER ITEM   OBSERVED TIME   RECORD YEAR NORMAL DEPARTURE LAST
                VALUE   (LST)  VALUE       VALUE  FROM      YEAR
                                                  NORMAL
..................................................................
TEMPERATURE (F)
 YESTERDAY
  MAXIMUM         93    408 PM 101    2010  91      2       85
  MINIMUM         73    557 AM  66    1936  73      0       69
  AVERAGE         83                        82      1       77

PRECIPITATION (IN)
  YESTERDAY        0.00          5.65 1984   0.26  -0.26      T
  MONTH TO DATE    0.00                      0.26  -0.26      T
  SINCE MAR 1     37.81                     29.69   8.12    47.45
  SINCE JAN 1     43.86                     40.46   3.40    54.57

DEGREE DAYS
 COOLING
  YESTERDAY       18                        17      1       12
  MONTH TO DATE   18                        17      1       12
  SINCE JUN 1   1074                       983     91      885
  SINCE JAN 1   1674                      1428    246     1223
..................................................................


WIND (MPH)
  HIGHEST WIND SPEED    15   HIGHEST WIND DIRECTION     N (350)
  HIGHEST GUST SPEED    20   HIGHEST GUST DIRECTION     N (20)
  AVERAGE WIND SPEED     7.7


SKY COVER
  POSSIBLE SUNSHINE  MM
  AVERAGE SKY COVER 0.3


WEATHER CONDITIONS
 THE FOLLOWING WEATHER WAS RECORDED YESTERDAY.
  NO SIGNIFICANT WEATHER WAS OBSERVED.


RELATIVE HUMIDITY (PERCENT)
 HIGHEST    79           700 AM
 LOWEST     41           300 PM
 AVERAGE    60

..........................................................


THE MOBILE CLIMATE NORMALS FOR TODAY
                         NORMAL    RECORD    YEAR
 MAXIMUM TEMPERATURE (F)   91       101      2010
 MINIMUM TEMPERATURE (F)   73        68      1984
                                             1925
                                             1890


SUNRISE AND SUNSET
AUGUST  2 2015........SUNRISE   611 AM CDT   SUNSET   747 PM CDT
AUGUST  3 2015........SUNRISE   612 AM CDT   SUNSET   746 PM CDT


-  INDICATES NEGATIVE NUMBERS.
R  INDICATES RECORD WAS SET OR TIED.
MM INDICATES DATA IS MISSING.
T  INDICATES TRACE AMOUNT.




$$
