000
CDUS44 KMOB 240645
CLIMOB


CLIMATE REPORT
NATIONAL WEATHER SERVICE MOBILE AL
145 AM CDT SUN MAY 24 2015


...................................

...THE MOBILE CLIMATE SUMMARY FOR MAY 23 2015...

CLIMATE NORMAL PERIOD 1981 TO 2010
CLIMATE RECORD PERIOD 1842 TO 2015


WEATHER ITEM   OBSERVED TIME   RECORD YEAR NORMAL DEPARTURE LAST
                VALUE   (LST)  VALUE       VALUE  FROM      YEAR
                                                  NORMAL
..................................................................
TEMPERATURE (F)
 YESTERDAY
  MAXIMUM         88    219 PM  95    1996  86      2       90
                                      1972
                                      1920
  MINIMUM         64    428 AM  47    1883  66     -2       63
  AVERAGE         76                        76      0       77

PRECIPITATION (IN)
  YESTERDAY        0.00          4.33 1957   0.17  -0.17     0.00
  MONTH TO DATE    6.27                      3.75   2.52     4.76
  SINCE MAR 1     24.13                     14.68   9.45    29.35
  SINCE JAN 1     30.18                     25.45   4.73    36.47

DEGREE DAYS
 COOLING
  YESTERDAY       11                        11      0       12
  MONTH TO DATE  222                       192     30      141
  SINCE MAR 1    497                       335    162      244
  SINCE JAN 1    501                       351    150      256
..................................................................


WIND (MPH)
  HIGHEST WIND SPEED    15   HIGHEST WIND DIRECTION     S (160)
  HIGHEST GUST SPEED    18   HIGHEST GUST DIRECTION    SE (140)
  AVERAGE WIND SPEED     7.0


SKY COVER
  POSSIBLE SUNSHINE  MM
  AVERAGE SKY COVER 0.5


WEATHER CONDITIONS
 THE FOLLOWING WEATHER WAS RECORDED YESTERDAY.
  NO SIGNIFICANT WEATHER WAS OBSERVED.


RELATIVE HUMIDITY (PERCENT)
 HIGHEST    82           800 PM
 LOWEST     40           100 PM
 AVERAGE    61

..........................................................


THE MOBILE CLIMATE NORMALS FOR TODAY
                         NORMAL    RECORD    YEAR
 MAXIMUM TEMPERATURE (F)   86        97      2005
                                             1878
 MINIMUM TEMPERATURE (F)   66        52      1951
                                             1883


SUNRISE AND SUNSET
MAY 24 2015...........SUNRISE   554 AM CDT   SUNSET   746 PM CDT
MAY 25 2015...........SUNRISE   553 AM CDT   SUNSET   747 PM CDT


-  INDICATES NEGATIVE NUMBERS.
R  INDICATES RECORD WAS SET OR TIED.
MM INDICATES DATA IS MISSING.
T  INDICATES TRACE AMOUNT.




$$
