000
CDUS46 KSTO 220048
CLIMOD


CLIMATE REPORT
NATIONAL WEATHER SERVICE SACRAMENTO, CA
447 PM PST SUN DEC 21 2014


...................................

...THE MODESTO CA CLIMATE SUMMARY FOR DECEMBER 21 2014...
VALID TODAY AS OF 0400 PM LOCAL TIME.

CLIMATE NORMAL PERIOD 1981 TO 2010
CLIMATE RECORD PERIOD 1931 TO 2014


WEATHER ITEM   OBSERVED TIME   RECORD YEAR NORMAL DEPARTURE LAST
                VALUE   (LST)  VALUE       VALUE  FROM      YEAR
                                                  NORMAL
..................................................................
TEMPERATURE (F)
 TODAY
  MAXIMUM         65R   352 PM  64    1955  54     11       59
  MINIMUM         53    506 AM  24    1990  39     14       32
  AVERAGE         59

PRECIPITATION (IN)
  TODAY            0.00          1.81 1996   0.08  -0.08     0.00
  MONTH TO DATE    5.65                      1.29   4.36     0.25
  SINCE JUL 1      7.68                      3.61   4.07     1.49
  SINCE JAN 1     13.19                     12.36   0.83     4.70

SNOWFALL (IN)
  TODAY            0.0          MM      MM
  MONTH TO DATE    0.0
  SINCE DEC 1      0.0
  SINCE JUL 1      0.0

DEGREE DAYS
 HEATING
  TODAY            6                        18    -12       19
  MONTH TO DATE  202                       353   -151      433
  SINCE DEC 1    202                       353   -151      433
  SINCE JUL 1    500                       714   -214      804

 COOLING
  TODAY            0                         0      0        0
  MONTH TO DATE    0                         0      0        0
  SINCE DEC 1      0                         0      0        0
  SINCE JAN 1   1855                      1699    156     1718
..................................................................


WIND (MPH)
  RESULTANT WIND SPEED   2   RESULTANT WIND DIRECTION  NW (320)
  HIGHEST WIND SPEED    12   HIGHEST WIND DIRECTION    NW (330)
  HIGHEST GUST SPEED    14   HIGHEST GUST DIRECTION    NW (310)


SKY COVER
  POSSIBLE SUNSHINE  MM
  AVERAGE SKY COVER 0.9


WEATHER CONDITIONS
 THE FOLLOWING WEATHER WAS RECORDED TODAY.
  FOG
  HAZE


RELATIVE HUMIDITY (PERCENT)
 HIGHEST    93          1200 AM
 LOWEST     73           100 PM
 AVERAGE    83

..........................................................


THE MODESTO CA CLIMATE NORMALS FOR TOMORROW
                         NORMAL    RECORD    YEAR
 MAXIMUM TEMPERATURE (F)   54        64      2005
                                             1977
 MINIMUM TEMPERATURE (F)   39        19      1990


SUNRISE AND SUNSET
DECEMBER 21 2014......SUNRISE   715 AM PST   SUNSET   449 PM PST
DECEMBER 22 2014......SUNRISE   716 AM PST   SUNSET   449 PM PST


-  INDICATES NEGATIVE NUMBERS.
R  INDICATES RECORD WAS SET OR TIED.
MM INDICATES DATA IS MISSING.
T  INDICATES TRACE AMOUNT.




$$
