000
CDUS46 KSTO 290044
CLIMOD


CLIMATE REPORT
NATIONAL WEATHER SERVICE SACRAMENTO, CA
544 PM PDT SAT MAR 28 2015


...................................

...THE MODESTO CA CLIMATE SUMMARY FOR MARCH 28 2015...
VALID TODAY AS OF 0500 PM LOCAL TIME.

CLIMATE NORMAL PERIOD 1981 TO 2010
CLIMATE RECORD PERIOD 1931 TO 2015


WEATHER ITEM   OBSERVED TIME   RECORD YEAR NORMAL DEPARTURE LAST
                VALUE   (LST)  VALUE       VALUE  FROM      YEAR
                                                  NORMAL
..................................................................
TEMPERATURE (F)
 TODAY
  MAXIMUM         83    246 PM  85    1969  70     13       73
  MINIMUM         54    624 AM  31    1975  47      7       47
  AVERAGE         69

PRECIPITATION (IN)
  TODAY            0.00          0.58 1941   0.05  -0.05     0.00
  MONTH TO DATE    0.19                      1.90  -1.71     1.07
  SINCE OCT 1      9.35                     10.97  -1.62     5.35
  SINCE JAN 1      1.95                      6.89  -4.94     3.99

SNOWFALL (IN)
  TODAY            0.0          MM      MM
  MONTH TO DATE    0.0
  SINCE MAR 1      0.0
  SINCE JUL 1      0.0

DEGREE DAYS
 HEATING
  TODAY            0                         7     -7        5
  MONTH TO DATE   94                       219   -125      132
  SINCE MAR 1     94                       219   -125      132
  SINCE JUL 1   1506                      1987   -481     1830

 COOLING
  TODAY            4                         0      4        0
  MONTH TO DATE   27                         0     27        0
  SINCE MAR 1     27                         0     27        0
  SINCE JAN 1     27                         0     27        0
..................................................................


WIND (MPH)
  RESULTANT WIND SPEED  12   RESULTANT WIND DIRECTION  NW (310)
  HIGHEST WIND SPEED    21   HIGHEST WIND DIRECTION    NW (330)
  HIGHEST GUST SPEED    28   HIGHEST GUST DIRECTION     E (80)


SKY COVER
  POSSIBLE SUNSHINE  MM
  AVERAGE SKY COVER 0.0


WEATHER CONDITIONS
 THE FOLLOWING WEATHER WAS RECORDED TODAY.
  NO SIGNIFICANT WEATHER WAS OBSERVED.


RELATIVE HUMIDITY (PERCENT)
 HIGHEST    83           600 AM
 LOWEST     18           400 PM
 AVERAGE    51

..........................................................


THE MODESTO CA CLIMATE NORMALS FOR TOMORROW
                         NORMAL    RECORD    YEAR
 MAXIMUM TEMPERATURE (F)   71        85      2004
                                             1968
 MINIMUM TEMPERATURE (F)   47        35      1967


SUNRISE AND SUNSET
MARCH 28 2015.........SUNRISE   655 AM PDT   SUNSET   723 PM PDT
MARCH 29 2015.........SUNRISE   654 AM PDT   SUNSET   724 PM PDT


-  INDICATES NEGATIVE NUMBERS.
R  INDICATES RECORD WAS SET OR TIED.
MM INDICATES DATA IS MISSING.
T  INDICATES TRACE AMOUNT.




$$
