000
CDUS46 KSTO 040834
CLIMOD


CLIMATE REPORT
NATIONAL WEATHER SERVICE SACRAMENTO, CA
133 AM PDT WED MAY 4 2016


...................................

...THE MODESTO CA CLIMATE SUMMARY FOR MAY 3 2016...

CLIMATE NORMAL PERIOD 1981 TO 2010
CLIMATE RECORD PERIOD 1931 TO 2016


WEATHER ITEM   OBSERVED TIME   RECORD YEAR NORMAL DEPARTURE LAST
                VALUE   (LST)  VALUE       VALUE  FROM      YEAR
                                                  NORMAL
..................................................................
TEMPERATURE (F)
 YESTERDAY
  MAXIMUM         85    401 PM  97    1947  80      5       85
  MINIMUM         58    545 AM  41    1965  53      5       54
  AVERAGE         72

PRECIPITATION (IN)
  YESTERDAY        0.00          0.39 1956   0.02  -0.02     0.00
  MONTH TO DATE    T                         0.08  -0.08     0.00
  SINCE OCT 1     15.36                     12.16   3.20     9.98
  SINCE JAN 1     10.95                      8.08   2.87     2.58

SNOWFALL (IN)
  YESTERDAY        0.0          MM      MM
  MONTH TO DATE    0.0
  SINCE MAR 1      0.0
  SINCE JUL 1      0.0
  SNOW DEPTH       0

DEGREE DAYS
 HEATING
  YESTERDAY        0                         2     -2        0
  MONTH TO DATE    0                         6     -6        0
  SINCE MAR 1    226                       372   -146      177
  SINCE JUL 1   1818                      2140   -322     1589

 COOLING
  YESTERDAY        7                         3      4        5
  MONTH TO DATE   19                         9     10       28
  SINCE MAR 1     73                        53     20      111
  SINCE JAN 1     73                        53     20      111
..................................................................


WIND (MPH)
  RESULTANT WIND SPEED   6   RESULTANT WIND DIRECTION  NW (330)
  HIGHEST WIND SPEED    14   HIGHEST WIND DIRECTION     W (290)
  HIGHEST GUST SPEED    27   HIGHEST GUST DIRECTION     W (280)


SKY COVER
  POSSIBLE SUNSHINE  MM
  AVERAGE SKY COVER 0.0


WEATHER CONDITIONS
 THE FOLLOWING WEATHER WAS RECORDED YESTERDAY.
  NO SIGNIFICANT WEATHER WAS OBSERVED.


RELATIVE HUMIDITY (PERCENT)
 HIGHEST    77           500 AM
 LOWEST     30          1200 PM
 AVERAGE    54

..........................................................


THE MODESTO CA CLIMATE NORMALS FOR TODAY
                         NORMAL    RECORD    YEAR
 MAXIMUM TEMPERATURE (F)   80        95      1990
 MINIMUM TEMPERATURE (F)   53        37      1964


SUNRISE AND SUNSET
MAY  4 2016...........SUNRISE   604 AM PDT   SUNSET   757 PM PDT
MAY  5 2016...........SUNRISE   603 AM PDT   SUNSET   758 PM PDT


-  INDICATES NEGATIVE NUMBERS.
R  INDICATES RECORD WAS SET OR TIED.
MM INDICATES DATA IS MISSING.
T  INDICATES TRACE AMOUNT.




$$
