000
CDUS46 KSTO 010050
CLIMOD


CLIMATE REPORT
NATIONAL WEATHER SERVICE SACRAMENTO, CA
549 PM PDT TUE MAY 31 2016


...................................

...THE MODESTO CA CLIMATE SUMMARY FOR MAY 31 2016...
VALID TODAY AS OF 0500 PM LOCAL TIME.

CLIMATE NORMAL PERIOD 1981 TO 2010
CLIMATE RECORD PERIOD 1931 TO 2016


WEATHER ITEM   OBSERVED TIME   RECORD YEAR NORMAL DEPARTURE LAST
                VALUE   (LST)  VALUE       VALUE  FROM      YEAR
                                                  NORMAL
..................................................................
TEMPERATURE (F)
 TODAY
  MAXIMUM        101    359 PM 105    2001  86     15       85
  MINIMUM         63    357 AM  43    1971  57      6       57
  AVERAGE         82

PRECIPITATION (IN)
  TODAY            0.00          0.42 1993   0.01  -0.01     0.00
  MONTH TO DATE    0.25                      0.63  -0.38     0.27
  SINCE OCT 1     15.61                     12.71   2.90    10.25
  SINCE JAN 1     11.20                      8.63   2.57     2.85

SNOWFALL (IN)
  TODAY            0.0          MM      MM
  MONTH TO DATE    0.0
  SINCE MAR 1      0.0
  SINCE JUL 1      0.0

DEGREE DAYS
 HEATING
  TODAY            0                         0      0        0
  MONTH TO DATE   16                        33    -17       23
  SINCE MAR 1    242                       400   -158      200
  SINCE JUL 1   1834                      2168   -334     1612

 COOLING
  TODAY           17                         7     10        6
  MONTH TO DATE  194                       155     39       95
  SINCE MAR 1    248                       199     49      178
  SINCE JAN 1    248                       199     49      178
..................................................................


WIND (MPH)
  RESULTANT WIND SPEED   5   RESULTANT WIND DIRECTION   N (340)
  HIGHEST WIND SPEED    20   HIGHEST WIND DIRECTION     N (340)
  HIGHEST GUST SPEED    22   HIGHEST GUST DIRECTION     N (350)


SKY COVER
  POSSIBLE SUNSHINE  MM
  AVERAGE SKY COVER 0.0


WEATHER CONDITIONS
 THE FOLLOWING WEATHER WAS RECORDED TODAY.
  NO SIGNIFICANT WEATHER WAS OBSERVED.


RELATIVE HUMIDITY (PERCENT)
 HIGHEST    60           400 AM
 LOWEST     15           400 PM
 AVERAGE    38

..........................................................


THE MODESTO CA CLIMATE NORMALS FOR TOMORROW
                         NORMAL    RECORD    YEAR
 MAXIMUM TEMPERATURE (F)   87       104      1960
 MINIMUM TEMPERATURE (F)   58        43      1971


SUNRISE AND SUNSET
MAY 31 2016...........SUNRISE   544 AM PDT   SUNSET   819 PM PDT
JUNE  1 2016..........SUNRISE   544 AM PDT   SUNSET   820 PM PDT


-  INDICATES NEGATIVE NUMBERS.
R  INDICATES RECORD WAS SET OR TIED.
MM INDICATES DATA IS MISSING.
T  INDICATES TRACE AMOUNT.




$$
