778
CDUS46 KSTO 170038
CLIMOD


CLIMATE REPORT
NATIONAL WEATHER SERVICE SACRAMENTO, CA
538 PM PDT WED AUG 16 2017


...................................

...THE MODESTO CA CLIMATE SUMMARY FOR AUGUST 16 2017...
VALID TODAY AS OF 0500 PM LOCAL TIME.

CLIMATE NORMAL PERIOD 1981 TO 2010
CLIMATE RECORD PERIOD 1931 TO 2017


WEATHER ITEM   OBSERVED TIME   RECORD YEAR NORMAL DEPARTURE LAST
                VALUE   (LST)  VALUE       VALUE  FROM      YEAR
                                                  NORMAL
..................................................................
TEMPERATURE (F)
 TODAY
  MAXIMUM         91    352 PM 104    2015  94     -3      100
                                      1992
  MINIMUM         60    558 AM  49    1949  62     -2       63
  AVERAGE         76

PRECIPITATION (IN)
  TODAY            0.00          0.00 2003   0.00   0.00     0.00
  MONTH TO DATE    T                         0.01  -0.01     0.00
  SINCE OCT 1     16.93                     12.84   4.09    15.61
  SINCE JAN 1     11.90                      8.76   3.14    11.20

SNOWFALL (IN)
  TODAY            0.0          MM      MM
  MONTH TO DATE    0.0
  SINCE JUN 1      0.0
  SINCE JUL 1      0.0

DEGREE DAYS
 HEATING
  TODAY            0                         0      0        0
  MONTH TO DATE    0                         0      0        0
  SINCE JUN 1      6                         3      3        2
  SINCE JUL 1      0                         0      0        0

 COOLING
  TODAY           11                        13     -2       17
  MONTH TO DATE  274                       217     57      239
  SINCE JUN 1   1247                       953    294     1168
  SINCE JAN 1   1469                      1152    317     1416
..................................................................


WIND (MPH)
  RESULTANT WIND SPEED   5   RESULTANT WIND DIRECTION  NW (330)
  HIGHEST WIND SPEED    13   HIGHEST WIND DIRECTION    NW (320)
  HIGHEST GUST SPEED    16   HIGHEST GUST DIRECTION    NW (330)


SKY COVER
  POSSIBLE SUNSHINE  MM
  AVERAGE SKY COVER 0.0


WEATHER CONDITIONS
 THE FOLLOWING WEATHER WAS RECORDED TODAY.
  NO SIGNIFICANT WEATHER WAS OBSERVED.


RELATIVE HUMIDITY (PERCENT)
 HIGHEST    84           400 AM
 LOWEST     34           400 PM
 AVERAGE    59

..........................................................


THE MODESTO CA CLIMATE NORMALS FOR TOMORROW
                         NORMAL    RECORD    YEAR
 MAXIMUM TEMPERATURE (F)   94       105      2015
                                             1967
 MINIMUM TEMPERATURE (F)   62        50      1949


SUNRISE AND SUNSET
AUGUST 16 2017........SUNRISE   621 AM PDT   SUNSET   755 PM PDT
AUGUST 17 2017........SUNRISE   622 AM PDT   SUNSET   753 PM PDT


-  INDICATES NEGATIVE NUMBERS.
R  INDICATES RECORD WAS SET OR TIED.
MM INDICATES DATA IS MISSING.
T  INDICATES TRACE AMOUNT.




$$
