000
CDUS46 KSTO 270841
CLIMOD


CLIMATE REPORT
NATIONAL WEATHER SERVICE SACRAMENTO, CA
1241 AM PST MON FEB 27 2017


...................................

...THE MODESTO CA CLIMATE SUMMARY FOR FEBRUARY 26 2017...

CLIMATE NORMAL PERIOD 1981 TO 2010
CLIMATE RECORD PERIOD 1931 TO 2017


WEATHER ITEM   OBSERVED TIME   RECORD YEAR NORMAL DEPARTURE LAST
                VALUE   (LST)  VALUE       VALUE  FROM      YEAR
                                                  NORMAL
..................................................................
TEMPERATURE (F)
 YESTERDAY
  MAXIMUM         59    324 PM  79    1992  66     -7       74
  MINIMUM         37    653 AM  28    1962  45     -8       45
  AVERAGE         48

PRECIPITATION (IN)
  YESTERDAY        T             0.60 2014   0.08  -0.08     0.00
  MONTH TO DATE    3.48                      2.22   1.26     0.55
  SINCE OCT 1     14.03                      8.91   5.12     9.99
  SINCE JAN 1      9.00                      4.83   4.17     5.58

SNOWFALL (IN)
  YESTERDAY       MM            MM      MM
  MONTH TO DATE    0.0
  SINCE DEC 1      0.0
  SINCE JUL 1      0.0
  SNOW DEPTH       0

DEGREE DAYS
 HEATING
  YESTERDAY       17                        10      7        5
  MONTH TO DATE  255                       317    -62      246
  SINCE DEC 1   1273                      1388   -115     1205
  SINCE JUL 1   1486                      1749   -263     1576

 COOLING
  YESTERDAY        0                         0      0        0
  MONTH TO DATE    0                         0      0        0
  SINCE DEC 1      0                         0      0        0
  SINCE JAN 1      0                         0      0        0
..................................................................


WIND (MPH)
  RESULTANT WIND SPEED   2   RESULTANT WIND DIRECTION  NW (300)
  HIGHEST WIND SPEED    15   HIGHEST WIND DIRECTION    NW (310)
  HIGHEST GUST SPEED    19   HIGHEST GUST DIRECTION     W (290)


SKY COVER
  POSSIBLE SUNSHINE  MM
  AVERAGE SKY COVER 0.3


WEATHER CONDITIONS
 THE FOLLOWING WEATHER WAS RECORDED YESTERDAY.
  LIGHT RAIN


RELATIVE HUMIDITY (PERCENT)
 HIGHEST    85           700 AM
 LOWEST     40           200 PM
 AVERAGE    63

..........................................................


THE MODESTO CA CLIMATE NORMALS FOR TODAY
                         NORMAL    RECORD    YEAR
 MAXIMUM TEMPERATURE (F)   66        80      1992
 MINIMUM TEMPERATURE (F)   45        26      1962


SUNRISE AND SUNSET
FEBRUARY 27 2017......SUNRISE   637 AM PST   SUNSET   556 PM PST
FEBRUARY 28 2017......SUNRISE   636 AM PST   SUNSET   557 PM PST


-  INDICATES NEGATIVE NUMBERS.
R  INDICATES RECORD WAS SET OR TIED.
MM INDICATES DATA IS MISSING.
T  INDICATES TRACE AMOUNT.




$$
