000
CDUS43 KBIS 260723
CLIMOT


CLIMATE REPORT
NATIONAL WEATHER SERVICE BISMARCK ND
222 AM CDT MON JUN 26 2017


...................................

...THE MINOT ND CLIMATE SUMMARY FOR JUNE 25 2017...

CLIMATE NORMAL PERIOD 1981 TO 2010
CLIMATE RECORD PERIOD 1897 TO 2017


WEATHER ITEM   OBSERVED TIME   RECORD YEAR NORMAL DEPARTURE LAST
                VALUE   (LST)  VALUE       VALUE  FROM      YEAR
                                                  NORMAL
..................................................................
TEMPERATURE (F)
 YESTERDAY
  MAXIMUM         71    214 PM  97    1936  78     -7       76
  MINIMUM         47   1215 AM  37    1902  55     -8       63
  AVERAGE         59                        66     -7       70

PRECIPITATION (IN)
  YESTERDAY        0.00          1.37 1996   0.12  -0.12     0.03
                                      1969
  MONTH TO DATE    1.23                      3.01  -1.78     2.74
  SINCE JUN 1      1.23                      3.01  -1.78     2.74
  SINCE JAN 1      2.59                      8.40  -5.81     7.89

DEGREE DAYS
 COOLING
  YESTERDAY        0                         3     -3        5
  MONTH TO DATE   79                        54     25      113
  SINCE JUN 1     79                        54     25      113
  SINCE JAN 1     82                        70     12      153
..................................................................


WIND (MPH)
  HIGHEST WIND SPEED    17   HIGHEST WIND DIRECTION     N (350)
  HIGHEST GUST SPEED    22   HIGHEST GUST DIRECTION     N (350)
  AVERAGE WIND SPEED     6.8


SKY COVER
  POSSIBLE SUNSHINE  MM
  AVERAGE SKY COVER 0.5


WEATHER CONDITIONS
 THE FOLLOWING WEATHER WAS RECORDED YESTERDAY.
  NO SIGNIFICANT WEATHER WAS OBSERVED.


RELATIVE HUMIDITY (PERCENT)
 HIGHEST    80           500 AM
 LOWEST     39           400 PM
 AVERAGE    60

..........................................................


THE MINOT ND CLIMATE NORMALS FOR TODAY
                         NORMAL    RECORD    YEAR
 MAXIMUM TEMPERATURE (F)   78        99      1910
 MINIMUM TEMPERATURE (F)   56        39      1968


SUNRISE AND SUNSET
JUNE 26 2017..........SUNRISE   546 AM CDT   SUNSET   950 PM CDT
JUNE 27 2017..........SUNRISE   547 AM CDT   SUNSET   950 PM CDT


-  INDICATES NEGATIVE NUMBERS.
R  INDICATES RECORD WAS SET OR TIED.
MM INDICATES DATA IS MISSING.
T  INDICATES TRACE AMOUNT.




$$
