545
CDUS43 KBIS 210035
CLIMOT


CLIMATE REPORT
NATIONAL WEATHER SERVICE BISMARCK ND
734 PM CDT WED SEP 20 2017


...................................

...THE MINOT ND CLIMATE SUMMARY FOR SEPTEMBER 20 2017...
VALID TODAY AS OF 0700 PM LOCAL TIME.

CLIMATE NORMAL PERIOD 1981 TO 2010
CLIMATE RECORD PERIOD 1897 TO 2017


WEATHER ITEM   OBSERVED TIME   RECORD YEAR NORMAL DEPARTURE LAST
                VALUE   (LST)  VALUE       VALUE  FROM      YEAR
                                                  NORMAL
..................................................................
TEMPERATURE (F)
 TODAY
  MAXIMUM         70    517 PM  94    1960  68      2       74
  MINIMUM         46    523 AM  24    1918  44      2       43
  AVERAGE         58                        56      2       59

PRECIPITATION (IN)
  TODAY            0.00          1.17 2011   0.04  -0.04      T
  MONTH TO DATE    1.50                      0.98   0.52     1.95
  SINCE SEP 1      1.50                      0.98   0.52     1.95
  SINCE JAN 1      6.83                     14.42  -7.59    13.81

DEGREE DAYS
 HEATING
  TODAY            7                        10     -3        6
  MONTH TO DATE   83                       131    -48      113
  SINCE SEP 1     83                       131    -48      113
  SINCE JUL 1     93                       202   -109      124

 COOLING
  TODAY            0                         1     -1        0
  MONTH TO DATE   62                        29     33       26
  SINCE SEP 1     62                        29     33       26
  SINCE JAN 1    580                       440    140      679
..................................................................


WIND (MPH)
  RESULTANT WIND SPEED  13   RESULTANT WIND DIRECTION  SW (220)
  HIGHEST WIND SPEED    26   HIGHEST WIND DIRECTION    SW (210)
  HIGHEST GUST SPEED    33   HIGHEST GUST DIRECTION    SW (220)
  AVERAGE WIND SPEED    13.7


SKY COVER
  POSSIBLE SUNSHINE  MM
  AVERAGE SKY COVER 0.1


WEATHER CONDITIONS
 THE FOLLOWING WEATHER WAS RECORDED TODAY.
  NO SIGNIFICANT WEATHER WAS OBSERVED.


RELATIVE HUMIDITY (PERCENT)
 HIGHEST    86           500 AM
 LOWEST     24           600 PM
 AVERAGE    55

..........................................................


THE MINOT ND CLIMATE NORMALS FOR TOMORROW
                         NORMAL    RECORD    YEAR
 MAXIMUM TEMPERATURE (F)   67        96      1938
 MINIMUM TEMPERATURE (F)   44        25      1995
                                             1904


SUNRISE AND SUNSET
SEPTEMBER 20 2017.....SUNRISE   729 AM CDT   SUNSET   746 PM CDT
SEPTEMBER 21 2017.....SUNRISE   731 AM CDT   SUNSET   744 PM CDT


-  INDICATES NEGATIVE NUMBERS.
R  INDICATES RECORD WAS SET OR TIED.
MM INDICATES DATA IS MISSING.
T  INDICATES TRACE AMOUNT.




$$
