000
CDUS43 KBIS 290028
CLIMOT


CLIMATE REPORT
NATIONAL WEATHER SERVICE BISMARCK ND
728 PM CDT FRI AUG 28 2015


...................................

...THE MINOT ND CLIMATE SUMMARY FOR AUGUST 28 2015...
VALID TODAY AS OF 0700 PM LOCAL TIME.

CLIMATE NORMAL PERIOD 1981 TO 2010
CLIMATE RECORD PERIOD 1897 TO 2015


WEATHER ITEM   OBSERVED TIME   RECORD YEAR NORMAL DEPARTURE LAST
                VALUE   (LST)  VALUE       VALUE  FROM      YEAR
                                                  NORMAL
..................................................................
TEMPERATURE (F)
 TODAY
  MAXIMUM         87    400 PM 101    1971  78      9       86
  MINIMUM         66    530 AM  29    1917  53     13       59
  AVERAGE         77                        66     11       73

PRECIPITATION (IN)
  TODAY            0.00          1.15 1899   0.07  -0.07     0.00
  MONTH TO DATE    1.26                      1.86  -0.60     2.84
  SINCE JUN 1      7.33                      7.87  -0.54     9.90
  SINCE JAN 1     11.46                     13.26  -1.80    13.71

DEGREE DAYS
 HEATING
  TODAY            0                         3     -3        0
  MONTH TO DATE   39                        39      0       29
  SINCE JUN 1    112                       169    -57      150
  SINCE JUL 1     50                        63    -13       59

 COOLING
  TODAY           12                         3      9        8
  MONTH TO DATE  141                       143     -2      133
  SINCE JUN 1    410                       385     25      264
  SINCE JAN 1    417                       401     16      305
..................................................................


WIND (MPH)
  RESULTANT WIND SPEED   7   RESULTANT WIND DIRECTION  SW (220)
  HIGHEST WIND SPEED    18   HIGHEST WIND DIRECTION    SW (220)
  HIGHEST GUST SPEED    24   HIGHEST GUST DIRECTION    SW (220)
  AVERAGE WIND SPEED     9.6


SKY COVER
  POSSIBLE SUNSHINE  MM
  AVERAGE SKY COVER 0.0


WEATHER CONDITIONS
 THE FOLLOWING WEATHER WAS RECORDED TODAY.
  HAZE


RELATIVE HUMIDITY (PERCENT)
 HIGHEST    78           800 AM
 LOWEST     36           400 PM
 AVERAGE    57

..........................................................


THE MINOT ND CLIMATE NORMALS FOR TOMORROW
                         NORMAL    RECORD    YEAR
 MAXIMUM TEMPERATURE (F)   78       104      2012
 MINIMUM TEMPERATURE (F)   53        27      1915


SUNRISE AND SUNSET
AUGUST 28 2015........SUNRISE   657 AM CDT   SUNSET   835 PM CDT
AUGUST 29 2015........SUNRISE   658 AM CDT   SUNSET   833 PM CDT


-  INDICATES NEGATIVE NUMBERS.
R  INDICATES RECORD WAS SET OR TIED.
MM INDICATES DATA IS MISSING.
T  INDICATES TRACE AMOUNT.




$$
