000
CDUS43 KBIS 260735
CLIMOT


CLIMATE REPORT
NATIONAL WEATHER SERVICE BISMARCK ND
234 AM CDT FRI AUG 26 2016


...................................

...THE MINOT ND CLIMATE SUMMARY FOR AUGUST 25 2016...

CLIMATE NORMAL PERIOD 1981 TO 2010
CLIMATE RECORD PERIOD 1897 TO 2016


WEATHER ITEM   OBSERVED TIME   RECORD YEAR NORMAL DEPARTURE LAST
                VALUE   (LST)  VALUE       VALUE  FROM      YEAR
                                                  NORMAL
..................................................................
TEMPERATURE (F)
 YESTERDAY
  MAXIMUM         75    431 PM  98    1984  79     -4       79
  MINIMUM         53    545 AM  32    1934  54     -1       43
  AVERAGE         64                        66     -2       61

PRECIPITATION (IN)
  YESTERDAY        0.01          1.55 1914   0.07  -0.06     0.00
  MONTH TO DATE    1.24                      1.66  -0.42     1.26
  SINCE JUN 1      6.71                      7.67  -0.96     7.33
  SINCE JAN 1     11.86                     13.06  -1.20    11.46

DEGREE DAYS
 COOLING
  YESTERDAY        0                         4     -4        0
  MONTH TO DATE  218                       133     85      125
  SINCE JUN 1    594                       375    219      394
  SINCE JAN 1    634                       391    243      401
..................................................................


WIND (MPH)
  HIGHEST WIND SPEED    23   HIGHEST WIND DIRECTION     W (290)
  HIGHEST GUST SPEED    27   HIGHEST GUST DIRECTION    NW (300)
  AVERAGE WIND SPEED    11.9


SKY COVER
  POSSIBLE SUNSHINE  MM
  AVERAGE SKY COVER 0.6


WEATHER CONDITIONS
 THE FOLLOWING WEATHER WAS RECORDED YESTERDAY.
  LIGHT RAIN
  FOG


RELATIVE HUMIDITY (PERCENT)
 HIGHEST    93           300 AM
 LOWEST     27           400 PM
 AVERAGE    60

..........................................................


THE MINOT ND CLIMATE NORMALS FOR TODAY
                         NORMAL    RECORD    YEAR
 MAXIMUM TEMPERATURE (F)   79        99      1937
 MINIMUM TEMPERATURE (F)   54        26      1915


SUNRISE AND SUNSET
AUGUST 26 2016........SUNRISE   655 AM CDT   SUNSET   837 PM CDT
AUGUST 27 2016........SUNRISE   657 AM CDT   SUNSET   835 PM CDT


-  INDICATES NEGATIVE NUMBERS.
R  INDICATES RECORD WAS SET OR TIED.
MM INDICATES DATA IS MISSING.
T  INDICATES TRACE AMOUNT.




$$
