000
CDUS43 KBIS 310742
CLIMOT


CLIMATE REPORT
NATIONAL WEATHER SERVICE BISMARCK ND
241 AM CDT SUN JUL 31 2016


...................................

...THE MINOT ND CLIMATE SUMMARY FOR JULY 30 2016...

CLIMATE NORMAL PERIOD 1981 TO 2010
CLIMATE RECORD PERIOD 1897 TO 2016


WEATHER ITEM   OBSERVED TIME   RECORD YEAR NORMAL DEPARTURE LAST
                VALUE   (LST)  VALUE       VALUE  FROM      YEAR
                                                  NORMAL
..................................................................
TEMPERATURE (F)
 YESTERDAY
  MAXIMUM         89    458 PM 100    1936  83      6       83
  MINIMUM         62    344 AM  36    1923  58      4       59
  AVERAGE         76                        71      5       71

PRECIPITATION (IN)
  YESTERDAY        0.00          0.38 1913   0.06  -0.06      T
  MONTH TO DATE    2.73                      2.37   0.36     2.04
  SINCE JUN 1      5.47                      5.95  -0.48     6.07
  SINCE JAN 1     10.62                     11.34  -0.72    10.20

DEGREE DAYS
 COOLING
  YESTERDAY       11                         6      5        6
  MONTH TO DATE  230                       162     68      191
  SINCE JUN 1    361                       235    126      265
  SINCE JAN 1    401                       251    150      272
..................................................................


WIND (MPH)
  HIGHEST WIND SPEED    14   HIGHEST WIND DIRECTION     S (180)
  HIGHEST GUST SPEED    18   HIGHEST GUST DIRECTION     S (180)
  AVERAGE WIND SPEED     5.5


SKY COVER
  POSSIBLE SUNSHINE  MM
  AVERAGE SKY COVER 0.1


WEATHER CONDITIONS
 THE FOLLOWING WEATHER WAS RECORDED YESTERDAY.
  NO SIGNIFICANT WEATHER WAS OBSERVED.


RELATIVE HUMIDITY (PERCENT)
 HIGHEST    87           400 AM
 LOWEST     39           300 PM
 AVERAGE    63

..........................................................


THE MINOT ND CLIMATE NORMALS FOR TODAY
                         NORMAL    RECORD    YEAR
 MAXIMUM TEMPERATURE (F)   83       104      1926
 MINIMUM TEMPERATURE (F)   58        37      1915


SUNRISE AND SUNSET
JULY 31 2016..........SUNRISE   620 AM CDT   SUNSET   922 PM CDT
AUGUST  1 2016........SUNRISE   621 AM CDT   SUNSET   921 PM CDT


-  INDICATES NEGATIVE NUMBERS.
R  INDICATES RECORD WAS SET OR TIED.
MM INDICATES DATA IS MISSING.
T  INDICATES TRACE AMOUNT.




$$
