000
CDUS43 KBIS 050736
CLIMOT


CLIMATE REPORT
NATIONAL WEATHER SERVICE BISMARCK ND
135 AM CST THU MAR 5 2015


...................................

...THE MINOT ND CLIMATE SUMMARY FOR MARCH 4 2015...

CLIMATE NORMAL PERIOD 1981 TO 2010
CLIMATE RECORD PERIOD 1905 TO 2015


WEATHER ITEM   OBSERVED TIME   RECORD YEAR NORMAL DEPARTURE LAST
                VALUE   (LST)  VALUE       VALUE  FROM      YEAR
                                                  NORMAL
..................................................................
TEMPERATURE (F)
 YESTERDAY
  MAXIMUM          0    539 PM  65    2000  31    -31       11
  MINIMUM        -12    832 AM -26    1917  15    -27        5
  AVERAGE         -6                        23    -29        8

PRECIPITATION (IN)
  YESTERDAY        0.00          0.09 1999   0.02  -0.02      T
                                      1999
                                      2013
  MONTH TO DATE    T                         0.07  -0.07     0.02
  SINCE MAR 1      T                         0.07  -0.07     0.02
  SINCE JAN 1      0.47                      0.98  -0.51     0.38

DEGREE DAYS
 HEATING
  YESTERDAY       71                        42     29       57
  MONTH TO DATE  226                       171     55      279
  SINCE MAR 1    226                       171     55      279
  SINCE JUL 1   6914                      6747    167     7512

 COOLING
  YESTERDAY        0                         0      0        0
  MONTH TO DATE    0                         0      0        0
  SINCE MAR 1      0                         0      0        0
  SINCE JAN 1      0                         0      0        0
..................................................................


WIND (MPH)
  HIGHEST WIND SPEED    22   HIGHEST WIND DIRECTION    NW (300)
  HIGHEST GUST SPEED    27   HIGHEST GUST DIRECTION    NW (300)
  AVERAGE WIND SPEED    12.3


SKY COVER
  POSSIBLE SUNSHINE  MM
  AVERAGE SKY COVER 0.0


WEATHER CONDITIONS
 THE FOLLOWING WEATHER WAS RECORDED YESTERDAY.
  LIGHT SNOW
  HAZE


RELATIVE HUMIDITY (PERCENT)
 HIGHEST    72           200 AM
 LOWEST     53           200 PM
 AVERAGE    63

..........................................................


THE MINOT ND CLIMATE NORMALS FOR TODAY
                         NORMAL    RECORD    YEAR
 MAXIMUM TEMPERATURE (F)   31        66      2000
 MINIMUM TEMPERATURE (F)   15       -35      1919


SUNRISE AND SUNSET
MARCH  5 2015.........SUNRISE   719 AM CST   SUNSET   635 PM CST
MARCH  6 2015.........SUNRISE   717 AM CST   SUNSET   637 PM CST


-  INDICATES NEGATIVE NUMBERS.
R  INDICATES RECORD WAS SET OR TIED.
MM INDICATES DATA IS MISSING.
T  INDICATES TRACE AMOUNT.




$$
