000
CDUS43 KBIS 040724
CLIMOT


CLIMATE REPORT
NATIONAL WEATHER SERVICE BISMARCK ND
223 AM CDT TUE AUG 4 2015


...................................

...THE MINOT ND CLIMATE SUMMARY FOR AUGUST 3 2015...

CLIMATE NORMAL PERIOD 1981 TO 2010
CLIMATE RECORD PERIOD 1897 TO 2015


WEATHER ITEM   OBSERVED TIME   RECORD YEAR NORMAL DEPARTURE LAST
                VALUE   (LST)  VALUE       VALUE  FROM      YEAR
                                                  NORMAL
..................................................................
TEMPERATURE (F)
 YESTERDAY
  MAXIMUM         80    437 PM 103    1947  83     -3       75
  MINIMUM         52    551 AM  38    1904  58     -6       57
  AVERAGE         66                        71     -5       66

PRECIPITATION (IN)
  YESTERDAY        0.00          1.16 1911   0.07  -0.07     0.01
  MONTH TO DATE    0.00                      0.21  -0.21     0.01
  SINCE JUN 1      6.07                      6.22  -0.15     7.07
  SINCE JAN 1     10.20                     11.61  -1.41    10.88

DEGREE DAYS
 COOLING
  YESTERDAY        1                         6     -5        1
  MONTH TO DATE   11                        18     -7        9
  SINCE JUN 1    280                       260     20      140
  SINCE JAN 1    287                       276     11      181
..................................................................


WIND (MPH)
  HIGHEST WIND SPEED    13   HIGHEST WIND DIRECTION     W (280)
  HIGHEST GUST SPEED    19   HIGHEST GUST DIRECTION    NW (310)
  AVERAGE WIND SPEED     5.3


SKY COVER
  POSSIBLE SUNSHINE  MM
  AVERAGE SKY COVER 0.0


WEATHER CONDITIONS
 THE FOLLOWING WEATHER WAS RECORDED YESTERDAY.
  NO SIGNIFICANT WEATHER WAS OBSERVED.


RELATIVE HUMIDITY (PERCENT)
 HIGHEST    83           100 AM
 LOWEST     26           400 PM
 AVERAGE    55

..........................................................


THE MINOT ND CLIMATE NORMALS FOR TODAY
                         NORMAL    RECORD    YEAR
 MAXIMUM TEMPERATURE (F)   83       102      2001
 MINIMUM TEMPERATURE (F)   58        33      1923


SUNRISE AND SUNSET
AUGUST  4 2015........SUNRISE   624 AM CDT   SUNSET   917 PM CDT
AUGUST  5 2015........SUNRISE   625 AM CDT   SUNSET   916 PM CDT


-  INDICATES NEGATIVE NUMBERS.
R  INDICATES RECORD WAS SET OR TIED.
MM INDICATES DATA IS MISSING.
T  INDICATES TRACE AMOUNT.




$$
