000
CDUS43 KBIS 280907
CLIMOT


CLIMATE REPORT
NATIONAL WEATHER SERVICE BISMARCK ND
307 AM CST SUN DEC 28 2014


...................................

...THE MINOT ND CLIMATE SUMMARY FOR DECEMBER 27 2014...

CLIMATE NORMAL PERIOD 1981 TO 2010
CLIMATE RECORD PERIOD 1905 TO 2014


WEATHER ITEM   OBSERVED TIME   RECORD YEAR NORMAL DEPARTURE LAST
                VALUE   (LST)  VALUE       VALUE  FROM      YEAR
                                                  NORMAL
..................................................................
TEMPERATURE (F)
 YESTERDAY
  MAXIMUM         25    250 PM  50    1999  21      4       39
  MINIMUM         10   1159 PM -30    1920   4      6       22
  AVERAGE         18                        13      5       31

PRECIPITATION (IN)
  YESTERDAY        T             0.08 1968   0.01  -0.01     0.00
  MONTH TO DATE    0.01                      0.32  -0.31     0.18
  SINCE DEC 1      0.01                      0.32  -0.31     0.18
  SINCE JAN 1     15.96                     17.13  -1.17    24.99

DEGREE DAYS
 HEATING
  YESTERDAY       47                        52     -5       34
  MONTH TO DATE 1184                      1328   -144     1613
  SINCE DEC 1   1184                      1328   -144     1613
  SINCE JUL 1   3363                      3386    -23     3668
..................................................................


WIND (MPH)
  HIGHEST WIND SPEED    17   HIGHEST WIND DIRECTION     W (270)
  HIGHEST GUST SPEED    22   HIGHEST GUST DIRECTION     W (260)
  AVERAGE WIND SPEED     9.7


SKY COVER
  POSSIBLE SUNSHINE  MM
  AVERAGE SKY COVER 0.9


WEATHER CONDITIONS
 THE FOLLOWING WEATHER WAS RECORDED YESTERDAY.
  LIGHT SNOW
  FOG
  HAZE


RELATIVE HUMIDITY (PERCENT)
 HIGHEST    84           400 AM
 LOWEST     68          1100 AM
 AVERAGE    76

..........................................................


THE MINOT ND CLIMATE NORMALS FOR TODAY
                         NORMAL    RECORD    YEAR
 MAXIMUM TEMPERATURE (F)   21        51      1999
 MINIMUM TEMPERATURE (F)    4       -34      1924


SUNRISE AND SUNSET
DECEMBER 28 2014......SUNRISE   836 AM CST   SUNSET   458 PM CST
DECEMBER 29 2014......SUNRISE   836 AM CST   SUNSET   459 PM CST


-  INDICATES NEGATIVE NUMBERS.
R  INDICATES RECORD WAS SET OR TIED.
MM INDICATES DATA IS MISSING.
T  INDICATES TRACE AMOUNT.




$$
