000
CDUS41 KPHI 200629
CLIMPO


CLIMATE REPORT
NATIONAL WEATHER SERVICE MOUNT HOLLY NJ
127 AM EST MON FEB 20 2017


...................................

...THE MOUNT POCONO PA CLIMATE SUMMARY FOR FEBRUARY 19 2017...

CLIMATE NORMAL PERIOD 1981 TO 2010
CLIMATE RECORD PERIOD 1901 TO 2017


WEATHER ITEM   OBSERVED TIME   RECORD YEAR NORMAL DEPARTURE LAST
                VALUE   (LST)  VALUE       VALUE  FROM      YEAR
                                                  NORMAL
..................................................................
TEMPERATURE (F)
 YESTERDAY
  MAXIMUM         55    454 PM  58    1981  35     20       28
  MINIMUM         41   1159 PM -10    1903  19     22        7
  AVERAGE         48                        27     21       18

PRECIPITATION (IN)
  YESTERDAY        0.00          1.38 1946   0.09  -0.09      T
  MONTH TO DATE    1.27                      1.56  -0.29     2.82
  SINCE DEC 1      6.39                      8.28  -1.89     9.88
  SINCE JAN 1      4.20                      4.41  -0.21     6.05

DEGREE DAYS
 HEATING
  YESTERDAY       17                        38    -21       47
  MONTH TO DATE  701                       757    -56      765
  SINCE DEC 1   3002                      3209   -207     2729
  SINCE JUL 1   4395                      4788   -393     3996

 COOLING
  YESTERDAY        0                         0      0        0
  MONTH TO DATE    0                         0      0        0
  SINCE DEC 1      0                         0      0        0
  SINCE JAN 1      0                         0      0        0
..................................................................


WIND (MPH)
  HIGHEST WIND SPEED    18   HIGHEST WIND DIRECTION    NW (300)
  HIGHEST GUST SPEED    27   HIGHEST GUST DIRECTION    NW (300)
  AVERAGE WIND SPEED    11.8


SKY COVER
  POSSIBLE SUNSHINE  MM
  AVERAGE SKY COVER 0.0


WEATHER CONDITIONS
 THE FOLLOWING WEATHER WAS RECORDED YESTERDAY.
  NO SIGNIFICANT WEATHER WAS OBSERVED.


RELATIVE HUMIDITY (PERCENT)
 HIGHEST    70           600 AM
 LOWEST     43           400 PM
 AVERAGE    57

..........................................................


THE MOUNT POCONO PA CLIMATE NORMALS FOR TODAY
                         NORMAL    RECORD    YEAR
 MAXIMUM TEMPERATURE (F)   35        59      1939
 MINIMUM TEMPERATURE (F)   19       -18      1993


SUNRISE AND SUNSET
FEBRUARY 20 2017......SUNRISE   649 AM EST   SUNSET   542 PM EST
FEBRUARY 21 2017......SUNRISE   647 AM EST   SUNSET   543 PM EST


-  INDICATES NEGATIVE NUMBERS.
R  INDICATES RECORD WAS SET OR TIED.
MM INDICATES DATA IS MISSING.
T  INDICATES TRACE AMOUNT.




$$
