000
CDUS41 KPHI 250635
CLIMPO


CLIMATE REPORT
NATIONAL WEATHER SERVICE MOUNT HOLLY NJ
233 AM EDT MON JUL 25 2016


...................................

...THE MOUNT POCONO PA CLIMATE SUMMARY FOR JULY 24 2016...

CLIMATE NORMAL PERIOD 1981 TO 2010
CLIMATE RECORD PERIOD 1901 TO 2016


WEATHER ITEM   OBSERVED TIME   RECORD YEAR NORMAL DEPARTURE LAST
                VALUE   (LST)  VALUE       VALUE  FROM      YEAR
                                                  NORMAL
..................................................................
TEMPERATURE (F)
 YESTERDAY
  MAXIMUM         87    134 PM  91    1914  78      9       77
  MINIMUM         63    518 AM  40    1953  59      4       48
  AVERAGE         75                        68      7       63

PRECIPITATION (IN)
  YESTERDAY        0.00          2.00 1988   0.17  -0.17     0.00
  MONTH TO DATE    3.36                      3.38  -0.02     1.74
  SINCE JUN 1      5.14                      7.76  -2.62    10.51
  SINCE JAN 1     22.57                     25.26  -2.69    21.51

SNOWFALL (IN)
  YESTERDAY       MM            MM      MM  MM     MM       MM
  MONTH TO DATE   MM                        MM     MM       MM
  SINCE JUN 1     MM                        MM     MM       MM
  SINCE JUL 1     MM                        MM     MM       MM
  SNOW DEPTH      MM

DEGREE DAYS
 HEATING
  YESTERDAY        0                         1     -1        2
  MONTH TO DATE   16                        24     -8       13
  SINCE JUN 1    108                       124    -16       97
  SINCE JUL 1     16                        24     -8       13

 COOLING
  YESTERDAY       10                         4      6        0
  MONTH TO DATE  111                        95     16       84
  SINCE JUN 1    136                       157    -21      150
  SINCE JAN 1    165                       176    -11      207
..................................................................


WIND (MPH)
  HIGHEST WIND SPEED    15   HIGHEST WIND DIRECTION     W (290)
  HIGHEST GUST SPEED    23   HIGHEST GUST DIRECTION     N (360)
  AVERAGE WIND SPEED     5.2


SKY COVER
  POSSIBLE SUNSHINE  MM
  AVERAGE SKY COVER 0.0


WEATHER CONDITIONS
 THE FOLLOWING WEATHER WAS RECORDED YESTERDAY.
  NO SIGNIFICANT WEATHER WAS OBSERVED.


RELATIVE HUMIDITY (PERCENT)
 HIGHEST    76           900 PM
 LOWEST     34           200 PM
 AVERAGE    55

..........................................................


THE MOUNT POCONO PA CLIMATE NORMALS FOR TODAY
                         NORMAL    RECORD    YEAR
 MAXIMUM TEMPERATURE (F)   78        90      1999
 MINIMUM TEMPERATURE (F)   58        40      1932


SUNRISE AND SUNSET
JULY 25 2016..........SUNRISE   551 AM EDT   SUNSET   825 PM EDT
JULY 26 2016..........SUNRISE   552 AM EDT   SUNSET   824 PM EDT


-  INDICATES NEGATIVE NUMBERS.
R  INDICATES RECORD WAS SET OR TIED.
MM INDICATES DATA IS MISSING.
T  INDICATES TRACE AMOUNT.




$$
