000
CDUS41 KPHI 290630
CLIMPO


CLIMATE REPORT
NATIONAL WEATHER SERVICE MOUNT HOLLY NJ
229 AM EDT SUN MAR 29 2015


...................................

...THE MOUNT POCONO PA CLIMATE SUMMARY FOR MARCH 28 2015...

CLIMATE NORMAL PERIOD 1981 TO 2010
CLIMATE RECORD PERIOD 1901 TO 2015


WEATHER ITEM   OBSERVED TIME   RECORD YEAR NORMAL DEPARTURE LAST
                VALUE   (LST)  VALUE       VALUE  FROM      YEAR
                                                  NORMAL
..................................................................
TEMPERATURE (F)
 YESTERDAY
  MAXIMUM         28    106 AM  79    1945  47    -19       49
  MINIMUM         17   1159 PM   8    1990  29    -12       30
  AVERAGE         23                        38    -15       40

PRECIPITATION (IN)
  YESTERDAY        T             2.12 2005   0.15  -0.15     0.07
  MONTH TO DATE    1.72                      3.35  -1.63     0.56
  SINCE MAR 1      1.72                      3.35  -1.63     0.56
  SINCE JAN 1      5.07                      8.61  -3.54     6.95

SNOWFALL (IN)
  YESTERDAY       MM            MM      MM  MM     MM       MM
  MONTH TO DATE   MM                        MM     MM       MM
  SINCE MAR 1     MM                        MM     MM       MM
  SINCE JUL 1     MM                        MM     MM       MM
  SNOW DEPTH      MM

DEGREE DAYS
 HEATING
  YESTERDAY       42                        27     15       25
  MONTH TO DATE 1026                       896    130     1093
  SINCE MAR 1   1026                       896    130     1093
  SINCE JUL 1   6461                      6019    442     6520

 COOLING
  YESTERDAY        0                         0      0        0
  MONTH TO DATE    0                         0      0        0
  SINCE MAR 1      0                         0      0        0
  SINCE JAN 1      0                         0      0        0
..................................................................


WIND (MPH)
  HIGHEST WIND SPEED    25   HIGHEST WIND DIRECTION    NW (330)
  HIGHEST GUST SPEED    37   HIGHEST GUST DIRECTION    NW (320)
  AVERAGE WIND SPEED    16.8


SKY COVER
  POSSIBLE SUNSHINE  MM
  AVERAGE SKY COVER 0.9


WEATHER CONDITIONS
 THE FOLLOWING WEATHER WAS RECORDED YESTERDAY.
  LIGHT SNOW


RELATIVE HUMIDITY (PERCENT)
 HIGHEST    74           600 AM
 LOWEST     50          1200 PM
 AVERAGE    62

..........................................................


THE MOUNT POCONO PA CLIMATE NORMALS FOR TODAY
                         NORMAL    RECORD    YEAR
 MAXIMUM TEMPERATURE (F)   47        79      1945
 MINIMUM TEMPERATURE (F)   29         7      1959


SUNRISE AND SUNSET
MARCH 29 2015.........SUNRISE   650 AM EDT   SUNSET   723 PM EDT
MARCH 30 2015.........SUNRISE   649 AM EDT   SUNSET   724 PM EDT


-  INDICATES NEGATIVE NUMBERS.
R  INDICATES RECORD WAS SET OR TIED.
MM INDICATES DATA IS MISSING.
T  INDICATES TRACE AMOUNT.




$$
