000
CDUS41 KPHI 060636
CLIMPO


CLIMATE REPORT
NATIONAL WEATHER SERVICE MOUNT HOLLY NJ
131 AM EST FRI MAR 6 2015


...................................

...THE MOUNT POCONO PA CLIMATE SUMMARY FOR MARCH 5 2015...

CLIMATE NORMAL PERIOD 1981 TO 2010
CLIMATE RECORD PERIOD 1901 TO 2015


WEATHER ITEM   OBSERVED TIME   RECORD YEAR NORMAL DEPARTURE LAST
                VALUE   (LST)  VALUE       VALUE  FROM      YEAR
                                                  NORMAL
..................................................................
TEMPERATURE (F)
 YESTERDAY
  MAXIMUM         33   1207 AM  64    1976  38     -5       27
  MINIMUM          6   1159 PM  -4    1912  22    -16       12
  AVERAGE         20                        30    -10       20

PRECIPITATION (IN)
  YESTERDAY        0.10          2.22 1993   0.07   0.03     0.00
  MONTH TO DATE    0.62                      0.35   0.27      T
  SINCE MAR 1      0.62                      0.35   0.27      T
  SINCE JAN 1      3.97                      5.61  -1.64     6.39

SNOWFALL (IN)
  YESTERDAY       MM            MM      MM  MM     MM       MM
  MONTH TO DATE   MM                        MM     MM       MM
  SINCE MAR 1     MM                        MM     MM       MM
  SINCE JUL 1     MM                        MM     MM       MM
  SNOW DEPTH      MM

DEGREE DAYS
 HEATING
  YESTERDAY       45                        35     10       45
  MONTH TO DATE  222                       178     44      243
  SINCE MAR 1    222                       178     44      243
  SINCE JUL 1   5657                      5301    356     5670

 COOLING
  YESTERDAY        0                         0      0        0
  MONTH TO DATE    0                         0      0        0
  SINCE MAR 1      0                         0      0        0
  SINCE JAN 1      0                         0      0        0
..................................................................


WIND (MPH)
  HIGHEST WIND SPEED    21   HIGHEST WIND DIRECTION    NW (330)
  HIGHEST GUST SPEED    29   HIGHEST GUST DIRECTION     N (340)
  AVERAGE WIND SPEED    12.8


SKY COVER
  POSSIBLE SUNSHINE  MM
  AVERAGE SKY COVER 0.9


WEATHER CONDITIONS
 THE FOLLOWING WEATHER WAS RECORDED YESTERDAY.
  SNOW
  LIGHT SNOW
  FOG


RELATIVE HUMIDITY (PERCENT)
 HIGHEST    92           100 AM
 LOWEST     51           100 PM
 AVERAGE    72

..........................................................


THE MOUNT POCONO PA CLIMATE NORMALS FOR TODAY
                         NORMAL    RECORD    YEAR
 MAXIMUM TEMPERATURE (F)   39        67      1992
 MINIMUM TEMPERATURE (F)   22        -5      1909


SUNRISE AND SUNSET
MARCH  6 2015.........SUNRISE   628 AM EST   SUNSET   558 PM EST
MARCH  7 2015.........SUNRISE   627 AM EST   SUNSET   559 PM EST


-  INDICATES NEGATIVE NUMBERS.
R  INDICATES RECORD WAS SET OR TIED.
MM INDICATES DATA IS MISSING.
T  INDICATES TRACE AMOUNT.




$$
