000
CDUS41 KPHI 140556
CLIMPO


CLIMATE REPORT
NATIONAL WEATHER SERVICE MOUNT HOLLY NJ
1255 AM EST THU DEC 14 2017


...................................

...THE MOUNT POCONO PA CLIMATE SUMMARY FOR DECEMBER 13 2017...

CLIMATE NORMAL PERIOD 1981 TO 2010
CLIMATE RECORD PERIOD 1901 TO 2017


WEATHER ITEM   OBSERVED TIME   RECORD YEAR NORMAL DEPARTURE LAST
                VALUE   (LST)  VALUE       VALUE  FROM      YEAR
                                                  NORMAL
..................................................................
TEMPERATURE (F)
 YESTERDAY
  MAXIMUM         20    338 PM  67    2015  35    -15       32
  MINIMUM          9    621 AM  -7    1988  22    -13       19
  AVERAGE         15                        28    -13       26

PRECIPITATION (IN)
  YESTERDAY        0.03          2.30 1983   0.12  -0.09      T
  MONTH TO DATE    0.53                      1.81  -1.28     1.33
  SINCE DEC 1      0.53                      1.81  -1.28     1.33
  SINCE JAN 1     41.62                     46.72  -5.10    39.23

DEGREE DAYS
 HEATING
  YESTERDAY       50                        37     13       39
  MONTH TO DATE  468                       450     18      454
  SINCE DEC 1    468                       450     18      454
  SINCE JUL 1   1906                      2029   -123     1847

 COOLING
  YESTERDAY        0                         0      0        0
  MONTH TO DATE    0                         0      0        0
  SINCE DEC 1      0                         0      0        0
  SINCE JAN 1    287                       314    -27      397
..................................................................


WIND (MPH)
  HIGHEST WIND SPEED    36   HIGHEST WIND DIRECTION     W (280)
  HIGHEST GUST SPEED    48   HIGHEST GUST DIRECTION     W (290)
  AVERAGE WIND SPEED    16.9


SKY COVER
  POSSIBLE SUNSHINE  MM
  AVERAGE SKY COVER 0.6


WEATHER CONDITIONS
 THE FOLLOWING WEATHER WAS RECORDED YESTERDAY.
  LIGHT SNOW
  FOG
  HAZE
  BLOWING SNOW


RELATIVE HUMIDITY (PERCENT)
 HIGHEST    96          1100 PM
 LOWEST     49          1200 PM
 AVERAGE    73

..........................................................


THE MOUNT POCONO PA CLIMATE NORMALS FOR TODAY
                         NORMAL    RECORD    YEAR
 MAXIMUM TEMPERATURE (F)   34        61      2015
 MINIMUM TEMPERATURE (F)   22        -9      2005


SUNRISE AND SUNSET
DECEMBER 14 2017......SUNRISE   719 AM EST   SUNSET   434 PM EST
DECEMBER 15 2017......SUNRISE   720 AM EST   SUNSET   434 PM EST


-  INDICATES NEGATIVE NUMBERS.
R  INDICATES RECORD WAS SET OR TIED.
MM INDICATES DATA IS MISSING.
T  INDICATES TRACE AMOUNT.




$$
