515
CDUS41 KPHI 232131
CLIMPO


CLIMATE REPORT
NATIONAL WEATHER SERVICE MOUNT HOLLY NJ
428 PM EST MON JAN 23 2017


...................................

...THE MOUNT POCONO PA CLIMATE SUMMARY FOR JANUARY 23 2017...
VALID TODAY AS OF 0400 PM LOCAL TIME.

CLIMATE NORMAL PERIOD 1981 TO 2010
CLIMATE RECORD PERIOD 1901 TO 2017


WEATHER ITEM   OBSERVED TIME   RECORD YEAR NORMAL DEPARTURE LAST
                VALUE   (LST)  VALUE       VALUE  FROM      YEAR
                                                  NORMAL
..................................................................
TEMPERATURE (F)
 TODAY
  MAXIMUM         40   1214 AM  62    1906  31      9       22
  MINIMUM         29    359 PM -15    1970  16     13       16
  AVERAGE         35                        23     12       19

PRECIPITATION (IN)
  TODAY            0.04          2.10 1987   0.09  -0.05     0.50
  MONTH TO DATE    1.86                      2.29  -0.43     3.23
  SINCE DEC 1      4.05                      6.16  -2.11     7.06
  SINCE JAN 1      1.86                      2.29  -0.43     3.23

DEGREE DAYS
 HEATING
  TODAY           30                        42    -12       46
  MONTH TO DATE  861                       962   -101      955
  SINCE DEC 1   2011                      2120   -109     1666
  SINCE JUL 1   3404                      3699   -295     2933

 COOLING
  TODAY            0                         0      0        0
  MONTH TO DATE    0                         0      0        0
  SINCE DEC 1      0                         0      0        0
  SINCE JAN 1      0                         0      0        0
..................................................................


WIND (MPH)
  HIGHEST WIND SPEED    28   HIGHEST WIND DIRECTION     E (80)
  HIGHEST GUST SPEED    39   HIGHEST GUST DIRECTION    NE (60)
  AVERAGE WIND SPEED    20.6


SKY COVER
  POSSIBLE SUNSHINE  MM
  AVERAGE SKY COVER 0.9


WEATHER CONDITIONS
 THE FOLLOWING WEATHER WAS RECORDED TODAY.
  LIGHT RAIN
  LT FREEZING RAIN
  FOG
  FOG W/VISIBILITY <= 1/4 MILE


RELATIVE HUMIDITY (PERCENT)
 HIGHEST   100           300 AM
 LOWEST     85          1200 PM
 AVERAGE    93

..........................................................


THE MOUNT POCONO PA CLIMATE NORMALS FOR TOMORROW
                         NORMAL    RECORD    YEAR
 MAXIMUM TEMPERATURE (F)   31        62      1967
 MINIMUM TEMPERATURE (F)   16       -19      1907


SUNRISE AND SUNSET
JANUARY 23 2017.......SUNRISE   720 AM EST   SUNSET   508 PM EST
JANUARY 24 2017.......SUNRISE   719 AM EST   SUNSET   509 PM EST


-  INDICATES NEGATIVE NUMBERS.
R  INDICATES RECORD WAS SET OR TIED.
MM INDICATES DATA IS MISSING.
T  INDICATES TRACE AMOUNT.




$$
