277
CDUS41 KBTV 240646
CLIMPV


CLIMATE REPORT
NATIONAL WEATHER SERVICE BURLINGTON VT
244 AM EDT SUN SEP 24 2017


...................................

...THE MONTPELIER VT CLIMATE SUMMARY FOR SEPTEMBER 23 2017...

CLIMATE NORMAL PERIOD 1981 TO 2010
CLIMATE RECORD PERIOD 1948 TO 2017


WEATHER ITEM   OBSERVED TIME   RECORD YEAR NORMAL DEPARTURE LAST
                VALUE   (LST)  VALUE       VALUE  FROM      YEAR
                                                  NORMAL
..................................................................
TEMPERATURE (F)
 YESTERDAY
  MAXIMUM         81    315 PM  83    1965  66     15       74
  MINIMUM         45    606 AM  25    1963  43      2       45
  AVERAGE         63                        54      9       60

PRECIPITATION (IN)
  YESTERDAY        0.00          1.33        0.12  -0.12     0.27
  MONTH TO DATE    2.47                      2.30   0.17     1.71
  SINCE SEP 1      2.47                      2.30   0.17     1.71
  SINCE JAN 1     34.09                     27.10   6.99    26.27

DEGREE DAYS
 HEATING
  YESTERDAY        2                        11     -9        5
  MONTH TO DATE  117                       160    -43       65
  SINCE SEP 1    117                       160    -43       65
  SINCE JUL 1    263                       268     -5      119

 COOLING
  YESTERDAY        0                         0      0        0
  MONTH TO DATE   18                        16      2       28
  SINCE SEP 1     18                        16      2       28
  SINCE JAN 1    214                       260    -46      300
..................................................................


WIND (MPH)
  HIGHEST WIND SPEED     9   HIGHEST WIND DIRECTION     N (360)
  HIGHEST GUST SPEED    12   HIGHEST GUST DIRECTION     N (360)
  AVERAGE WIND SPEED     1.9


SKY COVER
  AVERAGE SKY COVER 0.1


WEATHER CONDITIONS
 THE FOLLOWING WEATHER WAS RECORDED YESTERDAY.
  FOG
  FOG W/VISIBILITY <= 1/4 MILE


RELATIVE HUMIDITY (PERCENT)
 HIGHEST   100          1200 AM
 LOWEST     42           100 PM
 AVERAGE    71

..........................................................


THE MONTPELIER VT CLIMATE NORMALS FOR TODAY
                         NORMAL    RECORD    YEAR
 MAXIMUM TEMPERATURE (F)   65        83      1961
 MINIMUM TEMPERATURE (F)   43        20      1963


SUNRISE AND SUNSET
SEPTEMBER 24 2017.....SUNRISE   640 AM EDT   SUNSET   644 PM EDT
SEPTEMBER 25 2017.....SUNRISE   641 AM EDT   SUNSET   642 PM EDT


-  INDICATES NEGATIVE NUMBERS.
R  INDICATES RECORD WAS SET OR TIED.
MM INDICATES DATA IS MISSING.
T  INDICATES TRACE AMOUNT.




$$
