000
CDUS41 KBTV 050545
CLIMPV


CLIMATE REPORT
NATIONAL WEATHER SERVICE BURLINGTON VT
1245 AM EST THU MAR 5 2015


...................................

...THE MONTPELIER VT CLIMATE SUMMARY FOR MARCH 4 2015...

CLIMATE NORMAL PERIOD 1981 TO 2010
CLIMATE RECORD PERIOD 1948 TO 2015


WEATHER ITEM   OBSERVED TIME   RECORD YEAR NORMAL DEPARTURE LAST
                VALUE   (LST)  VALUE       VALUE  FROM      YEAR
                                                  NORMAL
..................................................................
TEMPERATURE (F)
 YESTERDAY
  MAXIMUM         37    401 PM  55    1974  35      2       20
  MINIMUM         21   1249 AM -16    2014  14      7      -16
                                      2003
  AVERAGE         29                        24      5        2

PRECIPITATION (IN)
  YESTERDAY        0.00          1.34        0.07  -0.07      T
  MONTH TO DATE    0.03                      0.29  -0.26      T
  SINCE MAR 1      0.03                      0.29  -0.26      T
  SINCE JAN 1      2.90                      4.78  -1.88     4.31

DEGREE DAYS
 HEATING
  YESTERDAY       36                        41     -5       63
  MONTH TO DATE  191                       165     26      229
  SINCE MAR 1    191                       165     26      229
  SINCE JUL 1   6529                      6073    456     6394

 COOLING
  YESTERDAY        0                         0      0        0
  MONTH TO DATE    0                         0      0        0
  SINCE MAR 1      0                         0      0        0
  SINCE JAN 1      0                         0      0        0
..................................................................


WIND (MPH)
  HIGHEST WIND SPEED    17   HIGHEST WIND DIRECTION     W (270)
  HIGHEST GUST SPEED    27   HIGHEST GUST DIRECTION     W (260)
  AVERAGE WIND SPEED     8.1


SKY COVER
  AVERAGE SKY COVER 0.8


WEATHER CONDITIONS
 THE FOLLOWING WEATHER WAS RECORDED YESTERDAY.
  FOG
  HAZE


RELATIVE HUMIDITY (PERCENT)
 HIGHEST    96           300 AM
 LOWEST     48           400 PM
 AVERAGE    72

..........................................................


THE MONTPELIER VT CLIMATE NORMALS FOR TODAY
                         NORMAL    RECORD    YEAR
 MAXIMUM TEMPERATURE (F)   35        60      1974
 MINIMUM TEMPERATURE (F)   14        -3      1967


SUNRISE AND SUNSET
MARCH  5 2015.........SUNRISE   621 AM EST   SUNSET   543 PM EST
MARCH  6 2015.........SUNRISE   619 AM EST   SUNSET   545 PM EST


-  INDICATES NEGATIVE NUMBERS.
R  INDICATES RECORD WAS SET OR TIED.
MM INDICATES DATA IS MISSING.
T  INDICATES TRACE AMOUNT.




$$
