000
CDUS41 KBTV 050550
CLIMPV


CLIMATE REPORT
NATIONAL WEATHER SERVICE BURLINGTON VT
1246 AM EST MON DEC 5 2016


...................................

...THE MONTPELIER VT CLIMATE SUMMARY FOR DECEMBER 4 2016...

CLIMATE NORMAL PERIOD 1981 TO 2010
CLIMATE RECORD PERIOD 1948 TO 2016


WEATHER ITEM   OBSERVED TIME   RECORD YEAR NORMAL DEPARTURE LAST
                VALUE   (LST)  VALUE       VALUE  FROM      YEAR
                                                  NORMAL
..................................................................
TEMPERATURE (F)
 YESTERDAY
  MAXIMUM         29    316 PM  64    1982  36     -7       40
  MINIMUM         16   1152 PM  -7    1966  20     -4       30
  AVERAGE         23                        28     -5       35

PRECIPITATION (IN)
  YESTERDAY        0.00          2.11        0.11  -0.11      T
  MONTH TO DATE    0.41                      0.41   0.00     0.84
  SINCE DEC 1      0.41                      0.41   0.00     0.84
  SINCE JAN 1     32.32                     34.94  -2.62    35.74

DEGREE DAYS
 HEATING
  YESTERDAY       42                        37      5       30
  MONTH TO DATE  129                       146    -17      128
  SINCE DEC 1    129                       146    -17      128
  SINCE JUL 1   1718                      1992   -274     1771

 COOLING
  YESTERDAY        0                         0      0        0
  MONTH TO DATE    0                         0      0        0
  SINCE DEC 1      0                         0      0        0
  SINCE JAN 1    300                       264     36      290
..................................................................


WIND (MPH)
  HIGHEST WIND SPEED    16   HIGHEST WIND DIRECTION    NW (310)
  HIGHEST GUST SPEED    24   HIGHEST GUST DIRECTION    NW (310)
  AVERAGE WIND SPEED     5.0


SKY COVER
  AVERAGE SKY COVER 0.7


WEATHER CONDITIONS
 THE FOLLOWING WEATHER WAS RECORDED YESTERDAY.
  NO SIGNIFICANT WEATHER WAS OBSERVED.


RELATIVE HUMIDITY (PERCENT)
 HIGHEST    92           800 PM
 LOWEST     75           100 AM
 AVERAGE    84

..........................................................


THE MONTPELIER VT CLIMATE NORMALS FOR TODAY
                         NORMAL    RECORD    YEAR
 MAXIMUM TEMPERATURE (F)   35        60      1973
 MINIMUM TEMPERATURE (F)   19        -7      1971


SUNRISE AND SUNSET
DECEMBER  5 2016......SUNRISE   710 AM EST   SUNSET   412 PM EST
DECEMBER  6 2016......SUNRISE   711 AM EST   SUNSET   412 PM EST


-  INDICATES NEGATIVE NUMBERS.
R  INDICATES RECORD WAS SET OR TIED.
MM INDICATES DATA IS MISSING.
T  INDICATES TRACE AMOUNT.




$$
