000
CDUS41 KBTV 200537
CLIMPV


CLIMATE REPORT
NATIONAL WEATHER SERVICE BURLINGTON VT
1235 AM EST MON NOV 20 2017


...................................

...THE MONTPELIER VT CLIMATE SUMMARY FOR NOVEMBER 19 2017...

CLIMATE NORMAL PERIOD 1981 TO 2010
CLIMATE RECORD PERIOD 1948 TO 2017


WEATHER ITEM   OBSERVED TIME   RECORD YEAR NORMAL DEPARTURE LAST
                VALUE   (LST)  VALUE       VALUE  FROM      YEAR
                                                  NORMAL
..................................................................
TEMPERATURE (F)
 YESTERDAY
  MAXIMUM         48   1020 AM  68    1953  42      6       60
  MINIMUM         27   1159 PM   5    1956  26      1       27
  AVERAGE         38                        34      4       44

PRECIPITATION (IN)
  YESTERDAY        0.21          0.82        0.11   0.10     0.00
  MONTH TO DATE    1.73                      2.03  -0.30     1.37
  SINCE SEP 1      9.06                      8.59   0.47     6.17
  SINCE JAN 1     40.68                     33.39   7.29    30.73

DEGREE DAYS
 HEATING
  YESTERDAY       27                        31     -4       21
  MONTH TO DATE  586                       523     63      460
  SINCE SEP 1   1095                      1371   -276     1161
  SINCE JUL 1   1241                      1479   -238     1215

 COOLING
  YESTERDAY        0                         0      0        0
  MONTH TO DATE    0                         0      0        0
  SINCE SEP 1     47                        20     27       28
  SINCE JAN 1    243                       264    -21      300
..................................................................


WIND (MPH)
  HIGHEST WIND SPEED    31   HIGHEST WIND DIRECTION    NW (310)
  HIGHEST GUST SPEED    44   HIGHEST GUST DIRECTION     W (290)
  AVERAGE WIND SPEED    10.3


SKY COVER
  AVERAGE SKY COVER 0.9


WEATHER CONDITIONS
 THE FOLLOWING WEATHER WAS RECORDED YESTERDAY.
  RAIN
  LIGHT RAIN
  LIGHT SNOW
  FOG
  FOG W/VISIBILITY <= 1/4 MILE


RELATIVE HUMIDITY (PERCENT)
 HIGHEST   100           300 AM
 LOWEST     63          1000 PM
 AVERAGE    82

..........................................................


THE MONTPELIER VT CLIMATE NORMALS FOR TODAY
                         NORMAL    RECORD    YEAR
 MAXIMUM TEMPERATURE (F)   42        72      1991
 MINIMUM TEMPERATURE (F)   26         7      1986


SUNRISE AND SUNSET
NOVEMBER 20 2017......SUNRISE   653 AM EST   SUNSET   419 PM EST
NOVEMBER 21 2017......SUNRISE   654 AM EST   SUNSET   418 PM EST


-  INDICATES NEGATIVE NUMBERS.
R  INDICATES RECORD WAS SET OR TIED.
MM INDICATES DATA IS MISSING.
T  INDICATES TRACE AMOUNT.




$$
