000
CDUS41 KBTV 290540
CLIMPV


CLIMATE REPORT
NATIONAL WEATHER SERVICE BURLINGTON VT
136 AM EDT FRI APR 29 2016


...................................

...THE MONTPELIER VT CLIMATE SUMMARY FOR APRIL 28 2016...

CLIMATE NORMAL PERIOD 1981 TO 2010
CLIMATE RECORD PERIOD 1948 TO 2016


WEATHER ITEM   OBSERVED TIME   RECORD YEAR NORMAL DEPARTURE LAST
                VALUE   (LST)  VALUE       VALUE  FROM      YEAR
                                                  NORMAL
..................................................................
TEMPERATURE (F)
 YESTERDAY
  MAXIMUM         47    430 PM  90    1990  60    -13       53
  MINIMUM         22R   403 AM  24    2006  36    -14       40
  AVERAGE         35                        48    -13       47

PRECIPITATION (IN)
  YESTERDAY        0.00          1.11        0.09  -0.09     0.00
  MONTH TO DATE    2.27                      2.46  -0.19     2.06
  SINCE MAR 1      4.77                      4.85  -0.08     2.90
  SINCE JAN 1      9.94                      9.34   0.60     5.77

DEGREE DAYS
 HEATING
  YESTERDAY       30                        17     13       18
  MONTH TO DATE  756                       644    112      718
  SINCE MAR 1   1719                      1761    -42     2039
  SINCE JUL 1   6873                      7669   -796     8377

 COOLING
  YESTERDAY        0                         0      0        0
  MONTH TO DATE    0                         0      0        0
  SINCE MAR 1      0                         0      0        0
  SINCE JAN 1      0                         0      0        0
..................................................................


WIND (MPH)
  HIGHEST WIND SPEED    15   HIGHEST WIND DIRECTION     N (350)
  HIGHEST GUST SPEED    22   HIGHEST GUST DIRECTION    NW (310)
  AVERAGE WIND SPEED     5.8


SKY COVER
  AVERAGE SKY COVER 0.0


WEATHER CONDITIONS
 THE FOLLOWING WEATHER WAS RECORDED YESTERDAY.
  NO SIGNIFICANT WEATHER WAS OBSERVED.


RELATIVE HUMIDITY (PERCENT)
 HIGHEST    75           200 AM
 LOWEST     19           400 PM
 AVERAGE    47

..........................................................


THE MONTPELIER VT CLIMATE NORMALS FOR TODAY
                         NORMAL    RECORD    YEAR
 MAXIMUM TEMPERATURE (F)   60        83      1986
 MINIMUM TEMPERATURE (F)   36        24      2012
                                             2006
                                             1989


SUNRISE AND SUNSET
APRIL 29 2016.........SUNRISE   544 AM EDT   SUNSET   752 PM EDT
APRIL 30 2016.........SUNRISE   542 AM EDT   SUNSET   753 PM EDT


-  INDICATES NEGATIVE NUMBERS.
R  INDICATES RECORD WAS SET OR TIED.
MM INDICATES DATA IS MISSING.
T  INDICATES TRACE AMOUNT.




$$
