000
CDUS41 KBTV 220533
CLIMPV


CLIMATE REPORT
NATIONAL WEATHER SERVICE BURLINGTON VT
130 AM EDT MON SEP 22 2014


...................................

...THE MONTPELIER VT CLIMATE SUMMARY FOR SEPTEMBER 21 2014...

CLIMATE NORMAL PERIOD 1981 TO 2010
CLIMATE RECORD PERIOD 1948 TO 2014


WEATHER ITEM   OBSERVED TIME   RECORD YEAR NORMAL DEPARTURE LAST
                VALUE   (LST)  VALUE       VALUE  FROM      YEAR
                                                  NORMAL
..................................................................
TEMPERATURE (F)
 YESTERDAY
  MAXIMUM         77    226 PM  84    1978  67     10       71
  MINIMUM         53    506 AM  28    1966  44      9       53
  AVERAGE         65                        55     10       62

PRECIPITATION (IN)
  YESTERDAY        0.06          1.04        0.12  -0.06     0.04
  MONTH TO DATE    1.53                      2.06  -0.53     3.68
  SINCE SEP 1      1.53                      2.06  -0.53     3.68
  SINCE JAN 1     26.62                     26.86  -0.24    28.97

DEGREE DAYS
 HEATING
  YESTERDAY        0                        10    -10        3
  MONTH TO DATE  201                       139     62      173
  SINCE SEP 1    201                       139     62      173
  SINCE JUL 1    314                       247     67      266

 COOLING
  YESTERDAY        0                         0      0        0
  MONTH TO DATE   20                        16      4       29
  SINCE SEP 1     20                        16      4       29
  SINCE JAN 1    186                       260    -74      323
..................................................................


WIND (MPH)
  HIGHEST WIND SPEED    21   HIGHEST WIND DIRECTION     S (170)
  HIGHEST GUST SPEED    28   HIGHEST GUST DIRECTION     S (160)
  AVERAGE WIND SPEED    10.2


SKY COVER
  AVERAGE SKY COVER 0.3


WEATHER CONDITIONS
 THE FOLLOWING WEATHER WAS RECORDED YESTERDAY.
  LIGHT RAIN
  FOG


RELATIVE HUMIDITY (PERCENT)
 HIGHEST    93           200 AM
 LOWEST     57          1100 AM
 AVERAGE    75

..........................................................


THE MONTPELIER VT CLIMATE NORMALS FOR TODAY
                         NORMAL    RECORD    YEAR
 MAXIMUM TEMPERATURE (F)   66        87      1965
 MINIMUM TEMPERATURE (F)   44        29      1973


SUNRISE AND SUNSET
SEPTEMBER 22 2014.....SUNRISE   637 AM EDT   SUNSET   648 PM EDT
SEPTEMBER 23 2014.....SUNRISE   638 AM EDT   SUNSET   646 PM EDT


-  INDICATES NEGATIVE NUMBERS.
R  INDICATES RECORD WAS SET OR TIED.
MM INDICATES DATA IS MISSING.
T  INDICATES TRACE AMOUNT.




$$
