000
CDUS43 KMPX 240657
CLIMPX


CLIMATE REPORT
NATIONAL WEATHER SERVICE CHANHASSEN MN
1257 AM CST WED JAN 24 2018


...................................

...THE CHANHASSEN MN CLIMATE SUMMARY FOR JANUARY 23 2018...

CLIMATE NORMAL PERIOD 1981 TO 2010
CLIMATE RECORD PERIOD 1995 TO 2018


WEATHER ITEM   OBSERVED TIME   RECORD YEAR NORMAL DEPARTURE LAST
                VALUE   (LST)  VALUE       VALUE  FROM      YEAR
                                                  NORMAL
..................................................................
TEMPERATURE (F)
 YESTERDAY
  MAXIMUM         26        MM  MM      MM  23      3       33
  MINIMUM         13        MM  MM      MM   5      8       31
  AVERAGE         20                        14      6       32

PRECIPITATION (IN)
  YESTERDAY        0.00         MM      MM   0.02  -0.02      T
  MONTH TO DATE    1.32                      0.66   0.66     0.55
  SINCE DEC 1      1.97                      1.91   0.06     2.80
  SINCE JAN 1      1.32                      0.66   0.66     0.55

SNOWFALL (IN)
  YESTERDAY        0.0          MM      MM   0.3   -0.3       T
  MONTH TO DATE   16.7                       7.5    9.2      4.8
  SINCE DEC 1     23.3                      21.4    1.9     23.2
  SINCE JUL 1     25.1                      27.2   -2.1     28.3
  SNOW DEPTH       9

DEGREE DAYS
 HEATING
  YESTERDAY       45                        51     -6       33
  MONTH TO DATE 1195                      1171     24     1112
  SINCE DEC 1   2674                      2625     49     2544
  SINCE JUL 1   4287                      4332    -45     3767

 COOLING
  YESTERDAY        0                         0      0        0
  MONTH TO DATE    0                         0      0        0
  SINCE DEC 1      0                         0      0        0
  SINCE JAN 1      0                         0      0        0
..................................................................


WIND (MPH)
  HIGHEST WIND SPEED    MM   HIGHEST WIND DIRECTION    MM
  HIGHEST GUST SPEED    MM   HIGHEST GUST DIRECTION    MM
  AVERAGE WIND SPEED    MM


SKY COVER
  POSSIBLE SUNSHINE  MM
  AVERAGE SKY COVER  MM


WEATHER CONDITIONS
 THE FOLLOWING WEATHER WAS RECORDED YESTERDAY.
  NO SIGNIFICANT WEATHER WAS OBSERVED.


RELATIVE HUMIDITY (PERCENT)
 HIGHEST    MM
 LOWEST     MM
 AVERAGE    MM

..........................................................


THE CHANHASSEN MN CLIMATE NORMALS FOR TODAY
                         NORMAL    RECORD    YEAR
 MAXIMUM TEMPERATURE (F)   23        MM        MM
 MINIMUM TEMPERATURE (F)    6        MM        MM


SUNRISE AND SUNSET
JANUARY 24 2018.......SUNRISE   742 AM CST   SUNSET   511 PM CST
JANUARY 25 2018.......SUNRISE   741 AM CST   SUNSET   513 PM CST


-  INDICATES NEGATIVE NUMBERS.
R  INDICATES RECORD WAS SET OR TIED.
MM INDICATES DATA IS MISSING.
T  INDICATES TRACE AMOUNT.




$$
