000
CDUS43 KMQT 010512
CLIMQT


CLIMATE REPORT
NATIONAL WEATHER SERVICE MARQUETTE MI
111 AM EDT SAT NOV 1 2014


...................................

...THE MARQUETTE MI CLIMATE SUMMARY FOR OCTOBER 31 2014...

CLIMATE NORMAL PERIOD 1981 TO 2010
CLIMATE RECORD PERIOD 1961 TO 2014


WEATHER ITEM   OBSERVED RECORD YEAR NORMAL DEPARTURE LAST
                VALUE   VALUE       VALUE  FROM      YEAR
                                           NORMAL
...........................................................
TEMPERATURE (F)
 YESTERDAY
  MAXIMUM         31     65    1999  45    -14       50
  MINIMUM         26     14    1984  29     -3       43
  AVERAGE         29                 37     -8       47

PRECIPITATION (IN)
  YESTERDAY        0.38   1.08 1974   0.11   0.27     0.36
  MONTH TO DATE    6.49               3.84   2.65     4.38
  SINCE SEP 1     10.59               7.56   3.03     6.40
  SINCE JAN 1     37.33              29.93   7.40    34.15

SNOWFALL (IN)
  YESTERDAY        2.2    2.9  2012   0.4    1.8      0.0
  MONTH TO DATE    3.2                6.0   -2.8      3.5
  SINCE SEP 1      3.2                6.1   -2.9      3.5
  SINCE JUL 1      3.2                6.1   -2.9      3.5
  SNOW DEPTH       1

DEGREE DAYS
 HEATING
  YESTERDAY       36                 28      8       18
  MONTH TO DATE  705                679     26      636
  SINCE SEP 1    985                976      9      887
  SINCE JUL 1   1232               1161     71     1101

 COOLING
  YESTERDAY        0                  0      0        0
  MONTH TO DATE    0                  1     -1        0
  SINCE SEP 1      5                 22    -17       10
  SINCE JAN 1    152                242    -90      280
...........................................................

WIND (MPH)
  RESULTANT WIND SPEED  MM   RESULTANT WIND DIRECTION  MM
  HIGHEST WIND SPEED    MM   HIGHEST WIND DIRECTION    MM
  HIGHEST GUST SPEED    33   HIGHEST GUST DIRECTION     N (360)
  AVERAGE WIND SPEED    MM

SKY COVER
  POSSIBLE SUNSHINE  MM
  AVERAGE SKY COVER  MM

WEATHER CONDITIONS
 THE FOLLOWING WEATHER WAS RECORDED YESTERDAY.
  LIGHT SNOW

RELATIVE HUMIDITY (PERCENT)
 HIGHEST    MM
 LOWEST     MM
 AVERAGE    MM
..........................................................


THE MARQUETTE MI CLIMATE NORMALS FOR TODAY
                         NORMAL    RECORD    YEAR
 MAXIMUM TEMPERATURE (F)   45        69      1990
 MINIMUM TEMPERATURE (F)   29        12      1993


SUNRISE AND SUNSET
NOVEMBER  1 2014......SUNRISE   832 AM EDT   SUNSET   635 PM EDT
NOVEMBER  2 2014......SUNRISE   733 AM EST   SUNSET   534 PM EST


-  INDICATES NEGATIVE NUMBERS.
R  INDICATES RECORD WAS SET OR TIED.
MM INDICATES DATA IS MISSING.
T  INDICATES TRACE AMOUNT.




$$
