000
CDUS43 KMQT 250525
CLIMQT


CLIMATE REPORT
NATIONAL WEATHER SERVICE MARQUETTE MI
118 AM EDT FRI APR 25 2014


...................................

...THE MARQUETTE MI CLIMATE SUMMARY FOR APRIL 24 2014...

CLIMATE NORMAL PERIOD 1981 TO 2010
CLIMATE RECORD PERIOD 1961 TO 2014


WEATHER ITEM   OBSERVED RECORD YEAR NORMAL DEPARTURE LAST
                VALUE   VALUE       VALUE  FROM      YEAR
                                           NORMAL
...........................................................
TEMPERATURE (F)
 YESTERDAY
  MAXIMUM         44     86    1990  52     -8       46
  MINIMUM         32     18    2013  32      0       18
  AVERAGE         38                 42     -4       32

PRECIPITATION (IN)
  YESTERDAY        0.33   0.53 2002   0.09   0.24     0.00
  MONTH TO DATE    3.34               2.45   0.89     4.53
  SINCE MAR 1      5.30               5.48  -0.18     7.82
  SINCE JAN 1      8.82              10.03  -1.21    13.37

SNOWFALL (IN)
  YESTERDAY        2.1    4.3  1980   0.3    1.8      0.0
  MONTH TO DATE   31.1               13.1   18.0     26.1
  SINCE MAR 1     61.1               48.0   13.1     74.9
  SINCE JUL 1    190.6              200.4   -9.8    208.7
  SNOW DEPTH       1

DEGREE DAYS
 HEATING
  YESTERDAY       27                 23      4       33
  MONTH TO DATE  773                684     89      872
  SINCE MAR 1   2296               1947    349     2222
  SINCE JUL 1   9618               8571   1047     8532

 COOLING
  YESTERDAY        0                  0      0        0
  MONTH TO DATE    0                  0      0        0
  SINCE MAR 1      0                  0      0        0
  SINCE JAN 1      0                  0      0        0
...........................................................


WIND (MPH)
  RESULTANT WIND SPEED  MM   RESULTANT WIND DIRECTION  MM
  HIGHEST WIND SPEED    MM   HIGHEST WIND DIRECTION    MM
  HIGHEST GUST SPEED    25   HIGHEST GUST DIRECTION     S (180)
  AVERAGE WIND SPEED    MM


SKY COVER
  POSSIBLE SUNSHINE  MM
  AVERAGE SKY COVER  MM


WEATHER CONDITIONS
 THE FOLLOWING WEATHER WAS RECORDED YESTERDAY.
  LIGHT RAIN
  LIGHT SNOW


RELATIVE HUMIDITY (PERCENT)
 HIGHEST    MM
 LOWEST     MM
 AVERAGE    MM

..........................................................


THE MARQUETTE MI CLIMATE NORMALS FOR TODAY
                         NORMAL    RECORD    YEAR
 MAXIMUM TEMPERATURE (F)   53        89      1990
 MINIMUM TEMPERATURE (F)   33         9      1972


SUNRISE AND SUNSET
APRIL 25 2014.........SUNRISE   646 AM EDT   SUNSET   852 PM EDT
APRIL 26 2014.........SUNRISE   644 AM EDT   SUNSET   853 PM EDT


-  INDICATES NEGATIVE NUMBERS.
R  INDICATES RECORD WAS SET OR TIED.
MM INDICATES DATA IS MISSING.
T  INDICATES TRACE AMOUNT.




$$
