000
CDUS41 KLWX 260522
CLIMRB


CLIMATE REPORT
NATIONAL WEATHER SERVICE BALTIMORE MD/WASHINGTON DC
121 AM EDT TUE MAY 26 2015


...................................

...THE MARTINSBURG WV CLIMATE SUMMARY FOR MAY 25 2015...

CLIMATE NORMAL PERIOD 1981 TO 2010
CLIMATE RECORD PERIOD 1926 TO 2015


WEATHER ITEM   OBSERVED TIME   RECORD YEAR NORMAL DEPARTURE LAST
                VALUE   (LST)  VALUE       VALUE  FROM      YEAR
                                                  NORMAL
..................................................................
TEMPERATURE (F)
 YESTERDAY
  MAXIMUM         85    212 PM  94    1933  75     10       81
  MINIMUM         57    429 AM  33    1967  52      5       49
  AVERAGE         71                        64      7       65

PRECIPITATION (IN)
  YESTERDAY        0.00          1.67 1952   0.13  -0.13     0.00
  MONTH TO DATE    1.95                      3.31  -1.36     4.74
  SINCE MAR 1      7.57                     10.17  -2.60    10.57
  SINCE JAN 1      9.86                     14.95  -5.09    14.32

DEGREE DAYS
 HEATING
  YESTERDAY        0                         4     -4        0
  MONTH TO DATE   65                       151    -86       90
  SINCE MAR 1   1092                      1252   -160     1287
  SINCE JUL 1   5015                      5208   -193     5380

 COOLING
  YESTERDAY        6                         2      4        0
  MONTH TO DATE   88                        34     54       49
  SINCE MAR 1     89                        43     46       56
  SINCE JAN 1     89                        43     46       56
..................................................................


WIND (MPH)
  HIGHEST WIND SPEED    15   HIGHEST WIND DIRECTION     S (160)
  HIGHEST GUST SPEED    21   HIGHEST GUST DIRECTION     S (170)
  AVERAGE WIND SPEED     6.5


SKY COVER
  POSSIBLE SUNSHINE  MM
  AVERAGE SKY COVER 0.0


WEATHER CONDITIONS
 THE FOLLOWING WEATHER WAS RECORDED YESTERDAY.
  NO SIGNIFICANT WEATHER WAS OBSERVED.


RELATIVE HUMIDITY (PERCENT)
 HIGHEST    87           200 AM
 LOWEST     43           200 PM
 AVERAGE    65

..........................................................


THE MARTINSBURG WV CLIMATE NORMALS FOR TODAY
                         NORMAL    RECORD    YEAR
 MAXIMUM TEMPERATURE (F)   75        92      1991
 MINIMUM TEMPERATURE (F)   53        38      1972


SUNRISE AND SUNSET
MAY 26 2015...........SUNRISE   550 AM EDT   SUNSET   828 PM EDT
MAY 27 2015...........SUNRISE   550 AM EDT   SUNSET   829 PM EDT


-  INDICATES NEGATIVE NUMBERS.
R  INDICATES RECORD WAS SET OR TIED.
MM INDICATES DATA IS MISSING.
T  INDICATES TRACE AMOUNT.




$$
