000
CDUS41 KLWX 010526
CLIMRB


CLIMATE REPORT
NATIONAL WEATHER SERVICE BALTIMORE MD/WASHINGTON DC
126 AM EDT SAT AUG 1 2015


...................................

...THE MARTINSBURG WV CLIMATE SUMMARY FOR JULY 31 2015...

CLIMATE NORMAL PERIOD 1981 TO 2010
CLIMATE RECORD PERIOD 1926 TO 2015


WEATHER ITEM   OBSERVED TIME   RECORD YEAR NORMAL DEPARTURE LAST
                VALUE   (LST)  VALUE       VALUE  FROM      YEAR
                                                  NORMAL
..................................................................
TEMPERATURE (F)
 YESTERDAY
  MAXIMUM         88    357 PM 102    1954  85      3       84
  MINIMUM         64    541 AM  46    1966  64      0       57
  AVERAGE         76                        74      2       71

PRECIPITATION (IN)
  YESTERDAY        0.00          1.20 1978   0.12  -0.12     0.00
  MONTH TO DATE    2.39                      3.67  -1.28     4.69
  SINCE JUN 1      6.65                      7.43  -0.78     7.37
  SINCE JAN 1     17.59                     23.16  -5.57    22.24

DEGREE DAYS
 HEATING
  YESTERDAY        0                         0      0        0
  MONTH TO DATE    0                         0      0        3
  SINCE JUN 1     15                        25    -10        5
  SINCE JUL 1      0                         1     -1        3

 COOLING
  YESTERDAY       11                         9      2        6
  MONTH TO DATE  316                       303     13      301
  SINCE JUN 1    565                       486     79      537
  SINCE JAN 1    713                       543    170      618
..................................................................


WIND (MPH)
  HIGHEST WIND SPEED    15   HIGHEST WIND DIRECTION     W (280)
  HIGHEST GUST SPEED    19   HIGHEST GUST DIRECTION     W (280)
  AVERAGE WIND SPEED     6.2


SKY COVER
  POSSIBLE SUNSHINE  MM
  AVERAGE SKY COVER 0.1


WEATHER CONDITIONS
 THE FOLLOWING WEATHER WAS RECORDED YESTERDAY.
  NO SIGNIFICANT WEATHER WAS OBSERVED.


RELATIVE HUMIDITY (PERCENT)
 HIGHEST    84           600 AM
 LOWEST     32           100 PM
 AVERAGE    58

..........................................................


THE MARTINSBURG WV CLIMATE NORMALS FOR TODAY
                         NORMAL    RECORD    YEAR
 MAXIMUM TEMPERATURE (F)   85       102      1933
 MINIMUM TEMPERATURE (F)   64        51      1966


SUNRISE AND SUNSET
AUGUST  1 2015........SUNRISE   611 AM EDT   SUNSET   824 PM EDT
AUGUST  2 2015........SUNRISE   612 AM EDT   SUNSET   823 PM EDT


-  INDICATES NEGATIVE NUMBERS.
R  INDICATES RECORD WAS SET OR TIED.
MM INDICATES DATA IS MISSING.
T  INDICATES TRACE AMOUNT.




$$
