000
CDUS41 KLWX 200546
CLIMRB


CLIMATE REPORT
NATIONAL WEATHER SERVICE BALTIMORE MD/WASHINGTON DC
145 AM EDT MON OCT 20 2014


...................................

...THE MARTINSBURG WV CLIMATE SUMMARY FOR OCTOBER 19 2014...

CLIMATE NORMAL PERIOD 1981 TO 2010
CLIMATE RECORD PERIOD 1926 TO 2014


WEATHER ITEM   OBSERVED TIME   RECORD YEAR NORMAL DEPARTURE LAST
                VALUE   (LST)  VALUE       VALUE  FROM      YEAR
                                                  NORMAL
..................................................................
TEMPERATURE (F)
 YESTERDAY
  MAXIMUM         59    320 PM  84    1953  64     -5       63
  MINIMUM         38   1159 PM  25    1976  41     -3       38
  AVERAGE         49                        53     -4       51

PRECIPITATION (IN)
  YESTERDAY        T             1.75 1932   0.09  -0.09     0.02
  MONTH TO DATE    3.11                      1.88   1.23     5.38
  SINCE SEP 1      5.56                      5.45   0.11     6.62
  SINCE JAN 1     30.03                     31.69  -1.66    29.00

DEGREE DAYS
 HEATING
  YESTERDAY       16                        12      4       14
  MONTH TO DATE  114                       183    -69       88
  SINCE SEP 1    165                       267   -102      184
  SINCE JUL 1    168                       274   -106      188

 COOLING
  YESTERDAY        0                         0      0        0
  MONTH TO DATE    3                         8     -5       40
  SINCE SEP 1    130                       101     29      139
  SINCE JAN 1    958                       893     65     1057
..................................................................


WIND (MPH)
  HIGHEST WIND SPEED    22   HIGHEST WIND DIRECTION     N (340)
  HIGHEST GUST SPEED    29   HIGHEST GUST DIRECTION    NW (310)
  AVERAGE WIND SPEED     9.9


SKY COVER
  POSSIBLE SUNSHINE  MM
  AVERAGE SKY COVER 0.4


WEATHER CONDITIONS
 THE FOLLOWING WEATHER WAS RECORDED YESTERDAY.
  NO SIGNIFICANT WEATHER WAS OBSERVED.


RELATIVE HUMIDITY (PERCENT)
 HIGHEST    70           800 PM
 LOWEST     33           100 PM
 AVERAGE    52

..........................................................


THE MARTINSBURG WV CLIMATE NORMALS FOR TODAY
                         NORMAL    RECORD    YEAR
 MAXIMUM TEMPERATURE (F)   64        86      1938
 MINIMUM TEMPERATURE (F)   41        19      1972


SUNRISE AND SUNSET
OCTOBER 20 2014.......SUNRISE   727 AM EDT   SUNSET   626 PM EDT
OCTOBER 21 2014.......SUNRISE   728 AM EDT   SUNSET   624 PM EDT


-  INDICATES NEGATIVE NUMBERS.
R  INDICATES RECORD WAS SET OR TIED.
MM INDICATES DATA IS MISSING.
T  INDICATES TRACE AMOUNT.




$$
