000
CDUS41 KLWX 260539
CLIMRB


CLIMATE REPORT
NATIONAL WEATHER SERVICE BALTIMORE MD/WASHINGTON DC
1234 AM EST MON JAN 26 2015


...................................

...THE MARTINSBURG WV CLIMATE SUMMARY FOR JANUARY 25 2015...

CLIMATE NORMAL PERIOD 1981 TO 2010
CLIMATE RECORD PERIOD 1926 TO 2015


WEATHER ITEM   OBSERVED TIME   RECORD YEAR NORMAL DEPARTURE LAST
                VALUE   (LST)  VALUE       VALUE  FROM      YEAR
                                                  NORMAL
..................................................................
TEMPERATURE (F)
 YESTERDAY
  MAXIMUM         47    137 PM  76    1950  40      7       34
  MINIMUM         37   1159 PM  -4    1936  22     15       13
  AVERAGE         42                        31     11       24

PRECIPITATION (IN)
  YESTERDAY        0.02          1.59 2010   0.08  -0.06      T
  MONTH TO DATE    1.92                      1.94  -0.02     1.04
  SINCE DEC 1      4.69                      4.65   0.04     5.94
  SINCE JAN 1      1.92                      1.94  -0.02     1.04

DEGREE DAYS
 HEATING
  YESTERDAY       23                        34    -11       41
  MONTH TO DATE  842                       850     -8      947
  SINCE DEC 1   1652                      1806   -154     1804
  SINCE JUL 1   2611                      2876   -265     2895

 COOLING
  YESTERDAY        0                         0      0        0
  MONTH TO DATE    0                         0      0        0
  SINCE DEC 1      0                         0      0        0
  SINCE JAN 1      0                         0      0        0
..................................................................


WIND (MPH)
  HIGHEST WIND SPEED    20   HIGHEST WIND DIRECTION     W (270)
  HIGHEST GUST SPEED    25   HIGHEST GUST DIRECTION     W (280)
  AVERAGE WIND SPEED     5.5


SKY COVER
  POSSIBLE SUNSHINE  MM
  AVERAGE SKY COVER 1.0


WEATHER CONDITIONS
 THE FOLLOWING WEATHER WAS RECORDED YESTERDAY.
  LIGHT RAIN
  FOG
  HAZE


RELATIVE HUMIDITY (PERCENT)
 HIGHEST    92          1000 PM
 LOWEST     53           100 PM
 AVERAGE    73

..........................................................


THE MARTINSBURG WV CLIMATE NORMALS FOR TODAY
                         NORMAL    RECORD    YEAR
 MAXIMUM TEMPERATURE (F)   40        79      1950
 MINIMUM TEMPERATURE (F)   22       -10      1948


SUNRISE AND SUNSET
JANUARY 26 2015.......SUNRISE   724 AM EST   SUNSET   525 PM EST
JANUARY 27 2015.......SUNRISE   724 AM EST   SUNSET   526 PM EST


-  INDICATES NEGATIVE NUMBERS.
R  INDICATES RECORD WAS SET OR TIED.
MM INDICATES DATA IS MISSING.
T  INDICATES TRACE AMOUNT.




$$
