000
CDUS44 KHUN 270701
CLIMSL


CLIMATE REPORT
NATIONAL WEATHER SERVICE HUNTSVILLE AL
201 AM CDT THU APR 27 2017


...................................

...THE MUSCLE SHOALS CLIMATE SUMMARY FOR APRIL 26 2017...

CLIMATE NORMAL PERIOD 1981 TO 2010
CLIMATE RECORD PERIOD 1893 TO 2017


WEATHER ITEM   OBSERVED TIME   RECORD YEAR NORMAL DEPARTURE LAST
                VALUE   (LST)  VALUE       VALUE  FROM      YEAR
                                                  NORMAL
..................................................................
TEMPERATURE (F)
 YESTERDAY
  MAXIMUM         81    347 PM  95    1925  76      5       86
  MINIMUM         56    527 AM  30    1919  53      3       60
  AVERAGE         69                        64      5       73

PRECIPITATION (IN)
  YESTERDAY        0.32          2.28 1920   0.15   0.17     0.00
  MONTH TO DATE    2.89                      3.77  -0.88     2.47
  SINCE MAR 1      7.89                      8.53  -0.64     6.99
  SINCE JAN 1     15.13                     17.80  -2.67    14.12

SNOWFALL (IN)
  YESTERDAY        0.0
  MONTH TO DATE    0.0
  SINCE MAR 1      T
  SINCE JUL 1      T
  SNOW DEPTH       0

DEGREE DAYS
 HEATING
  YESTERDAY        0                         3     -3        0
  MONTH TO DATE   58                       150    -92       97
  SINCE MAR 1    378                       528   -150      333
  SINCE JUL 1   2058                      3063  -1005     2334

 COOLING
  YESTERDAY        4                         2      2        8
  MONTH TO DATE   86                        40     46       34
  SINCE MAR 1    111                        52     59       58
  SINCE JAN 1    119                        53     66       58
..................................................................


WIND (MPH)
  HIGHEST WIND SPEED    23   HIGHEST WIND DIRECTION     W (270)
  HIGHEST GUST SPEED    33   HIGHEST GUST DIRECTION     S (160)
  AVERAGE WIND SPEED    10.3


SKY COVER
  POSSIBLE SUNSHINE  MM
  AVERAGE SKY COVER 0.1


WEATHER CONDITIONS
 THE FOLLOWING WEATHER WAS RECORDED YESTERDAY.
  THUNDERSTORM
  HEAVY RAIN
  RAIN
  LIGHT RAIN
  FOG


RELATIVE HUMIDITY (PERCENT)
 HIGHEST    87           600 AM
 LOWEST     42           100 PM
 AVERAGE    65

..........................................................


THE MUSCLE SHOALS CLIMATE NORMALS FOR TODAY
                         NORMAL    RECORD    YEAR
 MAXIMUM TEMPERATURE (F)   76        94      1925
 MINIMUM TEMPERATURE (F)   53        30      1919


SUNRISE AND SUNSET
APRIL 27 2017.........SUNRISE   604 AM CDT   SUNSET   732 PM CDT
APRIL 28 2017.........SUNRISE   603 AM CDT   SUNSET   733 PM CDT


-  INDICATES NEGATIVE NUMBERS.
R  INDICATES RECORD WAS SET OR TIED.
MM INDICATES DATA IS MISSING.
T  INDICATES TRACE AMOUNT.




$$
