000
CDUS44 KHUN 202123
CLIMSL


CLIMATE REPORT
NATIONAL WEATHER SERVICE HUNTSVILLE AL
422 PM CDT MON OCT 20 2014


...................................

...THE MUSCLE SHOALS CLIMATE SUMMARY FOR OCTOBER 20 2014...
VALID TODAY AS OF 0400 PM LOCAL TIME.

CLIMATE NORMAL PERIOD 1981 TO 2010
CLIMATE RECORD PERIOD 1893 TO 2014


WEATHER ITEM   OBSERVED TIME   RECORD YEAR NORMAL DEPARTURE LAST
                VALUE   (LST)  VALUE       VALUE  FROM      YEAR
                                                  NORMAL
..................................................................
TEMPERATURE (F)
 TODAY
  MAXIMUM         73    315 PM  89    1911  73      0       68
                                      1908
  MINIMUM         43    529 AM  28    1917  48     -5       35
  AVERAGE         58                        61     -3       52

PRECIPITATION (IN)
  TODAY            0.00          4.16 1918   0.11  -0.11     0.00
  MONTH TO DATE    6.54                      2.11   4.43     1.38
  SINCE SEP 1      9.25                      5.83   3.42     3.84
  SINCE JAN 1     42.45                     41.54   0.91    46.73

SNOWFALL (IN)
  TODAY            0.0
  MONTH TO DATE    0.0
  SINCE SEP 1      0.0
  SINCE JUL 1      0.0
  SNOW DEPTH       0

DEGREE DAYS
 HEATING
  TODAY            7                         6      1       13
  MONTH TO DATE   47                        75    -28       42
  SINCE SEP 1     47                        90    -43       42
  SINCE JUL 1     47                        90    -43       42

 COOLING
  TODAY            0                         1     -1        0
  MONTH TO DATE   84                        50     34       96
  SINCE SEP 1    391                       309     82      405
  SINCE JAN 1   1844                      1852     -8     1886
..................................................................


WIND (MPH)
  HIGHEST WIND SPEED    10   HIGHEST WIND DIRECTION    NW (300)
  HIGHEST GUST SPEED    14   HIGHEST GUST DIRECTION     W (280)
  AVERAGE WIND SPEED     1.9


SKY COVER
  POSSIBLE SUNSHINE  MM
  AVERAGE SKY COVER 0.4


WEATHER CONDITIONS
 THE FOLLOWING WEATHER WAS RECORDED TODAY.
  FOG
  FOG W/VISIBILITY <= 1/4 MILE


RELATIVE HUMIDITY (PERCENT)
 HIGHEST    96           500 AM
 LOWEST     38           200 PM
 AVERAGE    67

..........................................................


THE MUSCLE SHOALS CLIMATE NORMALS FOR TOMORROW
                         NORMAL    RECORD    YEAR
 MAXIMUM TEMPERATURE (F)   73        89      1963
                                             1924
 MINIMUM TEMPERATURE (F)   48        27      1913


SUNRISE AND SUNSET
OCTOBER 20 2014.......SUNRISE   700 AM CDT   SUNSET   610 PM CDT
OCTOBER 21 2014.......SUNRISE   701 AM CDT   SUNSET   608 PM CDT


-  INDICATES NEGATIVE NUMBERS.
R  INDICATES RECORD WAS SET OR TIED.
MM INDICATES DATA IS MISSING.
T  INDICATES TRACE AMOUNT.




$$
