000
CDUS44 KHUN 290721
CLIMSL


CLIMATE REPORT
NATIONAL WEATHER SERVICE HUNTSVILLE AL
221 AM CDT FRI JUL 29 2016


...................................

...THE MUSCLE SHOALS CLIMATE SUMMARY FOR JULY 28 2016...

CLIMATE NORMAL PERIOD 1981 TO 2010
CLIMATE RECORD PERIOD 1893 TO 2016


WEATHER ITEM   OBSERVED TIME   RECORD YEAR NORMAL DEPARTURE LAST
                VALUE   (LST)  VALUE       VALUE  FROM      YEAR
                                                  NORMAL
..................................................................
TEMPERATURE (F)
 YESTERDAY
  MAXIMUM         83    239 PM 108    1930  91     -8       96
  MINIMUM         73   1157 PM  55    1937  70      3       74
  AVERAGE         78                        81     -3       85

PRECIPITATION (IN)
  YESTERDAY        0.82          5.60 1972   0.12   0.70     0.00
  MONTH TO DATE    4.77                      3.96   0.81     4.19
  SINCE JUN 1      9.46                      8.72   0.74     6.55
  SINCE JAN 1     25.94                     32.22  -6.28    30.44

SNOWFALL (IN)
  YESTERDAY        0.0
  MONTH TO DATE    0.0
  SINCE JUN 1      0.0
  SINCE JUL 1      0.0
  SNOW DEPTH       0

DEGREE DAYS
 HEATING
  YESTERDAY        0                         0      0        0
  MONTH TO DATE    0                         0      0        0
  SINCE JUN 1      0                         1     -1        0
  SINCE JUL 1      0                         0      0        0

 COOLING
  YESTERDAY       13                        16     -3       20
  MONTH TO DATE  514                       434     80      487
  SINCE JUN 1    966                       796    170      945
  SINCE JAN 1   1233                      1040    193     1199
..................................................................


WIND (MPH)
  HIGHEST WIND SPEED    18   HIGHEST WIND DIRECTION    SW (240)
  HIGHEST GUST SPEED    22   HIGHEST GUST DIRECTION    SW (240)
  AVERAGE WIND SPEED     6.8


SKY COVER
  POSSIBLE SUNSHINE  MM
  AVERAGE SKY COVER 0.7


WEATHER CONDITIONS
 THE FOLLOWING WEATHER WAS RECORDED YESTERDAY.
  THUNDERSTORM
  HEAVY RAIN
  RAIN
  LIGHT RAIN
  FOG
  HAZE


RELATIVE HUMIDITY (PERCENT)
 HIGHEST    93          1000 PM
 LOWEST     74           100 PM
 AVERAGE    84

..........................................................


THE MUSCLE SHOALS CLIMATE NORMALS FOR TODAY
                         NORMAL    RECORD    YEAR
 MAXIMUM TEMPERATURE (F)   91       108      1930
 MINIMUM TEMPERATURE (F)   70        55      1937


SUNRISE AND SUNSET
JULY 29 2016..........SUNRISE   559 AM CDT   SUNSET   755 PM CDT
JULY 30 2016..........SUNRISE   559 AM CDT   SUNSET   754 PM CDT


-  INDICATES NEGATIVE NUMBERS.
R  INDICATES RECORD WAS SET OR TIED.
MM INDICATES DATA IS MISSING.
T  INDICATES TRACE AMOUNT.




$$
