000
CDUS44 KHUN 190801
CLIMSL


CLIMATE REPORT
NATIONAL WEATHER SERVICE HUNTSVILLE AL
201 AM CST THU JAN 19 2017


...................................

...THE MUSCLE SHOALS CLIMATE SUMMARY FOR JANUARY 18 2017...

CLIMATE NORMAL PERIOD 1981 TO 2010
CLIMATE RECORD PERIOD 1893 TO 2017


WEATHER ITEM   OBSERVED TIME   RECORD YEAR NORMAL DEPARTURE LAST
                VALUE   (LST)  VALUE       VALUE  FROM      YEAR
                                                  NORMAL
..................................................................
TEMPERATURE (F)
 YESTERDAY
  MAXIMUM         58    418 PM  78    1907  51      7       33
  MINIMUM         51    938 AM   5    1977  31     20       19
                                      1948
                                      1930
  AVERAGE         55                        41     14       26

PRECIPITATION (IN)
  YESTERDAY        0.00          2.20 2001   0.14  -0.14     0.00
  MONTH TO DATE    1.65                      2.63  -0.98     0.46
  SINCE DEC 1      6.99                      8.31  -1.32     7.40
  SINCE JAN 1      1.65                      2.63  -0.98     0.46

SNOWFALL (IN)
  YESTERDAY        0.0
  MONTH TO DATE    T
  SINCE DEC 1      T
  SINCE JUL 1      T
  SNOW DEPTH       0

DEGREE DAYS
 HEATING
  YESTERDAY       10                        24    -14       39
  MONTH TO DATE  269                       432   -163      452
  SINCE DEC 1    837                      1106   -269      805
  SINCE JUL 1   1165                      1668   -503     1170

 COOLING
  YESTERDAY        0                         0      0        0
  MONTH TO DATE    4                         0      4        0
  SINCE DEC 1      6                         1      5       22
  SINCE JAN 1      4                         0      4        0
..................................................................


WIND (MPH)
  HIGHEST WIND SPEED     8   HIGHEST WIND DIRECTION     E (110)
  HIGHEST GUST SPEED    12   HIGHEST GUST DIRECTION     E (70)
  AVERAGE WIND SPEED     3.1


SKY COVER
  POSSIBLE SUNSHINE  MM
  AVERAGE SKY COVER 0.8


WEATHER CONDITIONS
 THE FOLLOWING WEATHER WAS RECORDED YESTERDAY.
  NO SIGNIFICANT WEATHER WAS OBSERVED.


RELATIVE HUMIDITY (PERCENT)
 HIGHEST    83           100 AM
 LOWEST     67           300 PM
 AVERAGE    75

..........................................................


THE MUSCLE SHOALS CLIMATE NORMALS FOR TODAY
                         NORMAL    RECORD    YEAR
 MAXIMUM TEMPERATURE (F)   51        74      1933
 MINIMUM TEMPERATURE (F)   31        -5      1940


SUNRISE AND SUNSET
JANUARY 19 2017.......SUNRISE   656 AM CST   SUNSET   507 PM CST
JANUARY 20 2017.......SUNRISE   656 AM CST   SUNSET   508 PM CST


-  INDICATES NEGATIVE NUMBERS.
R  INDICATES RECORD WAS SET OR TIED.
MM INDICATES DATA IS MISSING.
T  INDICATES TRACE AMOUNT.




$$
