000
CDUS44 KHUN 262120
CLIMSL


CLIMATE REPORT
NATIONAL WEATHER SERVICE HUNTSVILLE AL
420 PM CDT TUE MAY 26 2015


...................................

...THE MUSCLE SHOALS CLIMATE SUMMARY FOR MAY 26 2015...
VALID TODAY AS OF 0400 PM LOCAL TIME.

CLIMATE NORMAL PERIOD 1981 TO 2010
CLIMATE RECORD PERIOD 1893 TO 2015


WEATHER ITEM   OBSERVED TIME   RECORD YEAR NORMAL DEPARTURE LAST
                VALUE   (LST)  VALUE       VALUE  FROM      YEAR
                                                  NORMAL
..................................................................
TEMPERATURE (F)
 TODAY
  MAXIMUM         81    313 PM  97    2012  83     -2       90
  MINIMUM         65    252 AM  42    1925  62      3       67
  AVERAGE         73                        72      1       79

PRECIPITATION (IN)
  TODAY            0.03          3.09 1994   0.16  -0.13      T
  MONTH TO DATE    3.02                      4.28  -1.26     1.76
  SINCE MAR 1     14.62                     13.39   1.23    10.98
  SINCE JAN 1     21.90                     22.66  -0.76    16.67

SNOWFALL (IN)
  TODAY            0.0
  MONTH TO DATE    0.0
  SINCE MAR 1      0.7
  SINCE JUL 1      4.2
  SNOW DEPTH       0

DEGREE DAYS
 HEATING
  TODAY            0                         0      0        0
  MONTH TO DATE   19                        29    -10       42
  SINCE MAR 1    462                       567   -105      624
  SINCE JUL 1   3233                      3102    131     3395

 COOLING
  TODAY            8                         8      0       14
  MONTH TO DATE  148                       138     10      156
  SINCE MAR 1    204                       202      2      201
  SINCE JAN 1    204                       203      1      201
..................................................................


WIND (MPH)
  HIGHEST WIND SPEED    18   HIGHEST WIND DIRECTION    SW (220)
  HIGHEST GUST SPEED    23   HIGHEST GUST DIRECTION     S (200)
  AVERAGE WIND SPEED     8.6


SKY COVER
  POSSIBLE SUNSHINE  MM
  AVERAGE SKY COVER 0.6


WEATHER CONDITIONS
 THE FOLLOWING WEATHER WAS RECORDED TODAY.
  LIGHT RAIN


RELATIVE HUMIDITY (PERCENT)
 HIGHEST    90           600 AM
 LOWEST     62           300 PM
 AVERAGE    76

..........................................................


THE MUSCLE SHOALS CLIMATE NORMALS FOR TOMORROW
                         NORMAL    RECORD    YEAR
 MAXIMUM TEMPERATURE (F)   84        97      2012
 MINIMUM TEMPERATURE (F)   62        39      1961


SUNRISE AND SUNSET
MAY 26 2015...........SUNRISE   541 AM CDT   SUNSET   754 PM CDT
MAY 27 2015...........SUNRISE   540 AM CDT   SUNSET   755 PM CDT


-  INDICATES NEGATIVE NUMBERS.
R  INDICATES RECORD WAS SET OR TIED.
MM INDICATES DATA IS MISSING.
T  INDICATES TRACE AMOUNT.




$$
