000
CDUS44 KHUN 240704
CLIMSL


CLIMATE REPORT
NATIONAL WEATHER SERVICE HUNTSVILLE AL
204 AM CDT SAT JUN 24 2017


...................................

...THE MUSCLE SHOALS CLIMATE SUMMARY FOR JUNE 23 2017...

CLIMATE NORMAL PERIOD 1981 TO 2010
CLIMATE RECORD PERIOD 1893 TO 2017


WEATHER ITEM   OBSERVED TIME   RECORD YEAR NORMAL DEPARTURE LAST
                VALUE   (LST)  VALUE       VALUE  FROM      YEAR
                                                  NORMAL
..................................................................
TEMPERATURE (F)
 YESTERDAY
  MAXIMUM         85    936 AM 101    1930  89     -4       96
  MINIMUM         75   1031 PM  50    1902  68      7       74
  AVERAGE         80                        79      1       85

PRECIPITATION (IN)
  YESTERDAY        1.18          1.60 1928   0.15   1.03     0.00
  MONTH TO DATE    2.12                      3.69  -1.57     3.19
  SINCE JUN 1      2.12                      3.69  -1.57     3.19
  SINCE JAN 1     23.09                     27.19  -4.10    19.67

SNOWFALL (IN)
  YESTERDAY        0.0
  MONTH TO DATE    0.0
  SINCE JUN 1      0.0
  SINCE JUL 1      T
  SNOW DEPTH       0

DEGREE DAYS
 HEATING
  YESTERDAY        0                         0      0        0
  MONTH TO DATE    0                         0      0        0
  SINCE JUN 1      0                         0      0        0
  SINCE JUL 1   2094                      3103  -1009     2360

 COOLING
  YESTERDAY       15                        14      1       20
  MONTH TO DATE  275                       264     11      334
  SINCE JUN 1    275                       264     11      334
  SINCE JAN 1    604                       508     96      601
..................................................................


WIND (MPH)
  HIGHEST WIND SPEED    26   HIGHEST WIND DIRECTION     W (260)
  HIGHEST GUST SPEED    35   HIGHEST GUST DIRECTION     S (180)
  AVERAGE WIND SPEED    11.1


SKY COVER
  POSSIBLE SUNSHINE  MM
  AVERAGE SKY COVER 0.8


WEATHER CONDITIONS
 THE FOLLOWING WEATHER WAS RECORDED YESTERDAY.
  HEAVY RAIN
  RAIN
  LIGHT RAIN
  FOG


RELATIVE HUMIDITY (PERCENT)
 HIGHEST    94           900 PM
 LOWEST     65          1100 AM
 AVERAGE    80

..........................................................


THE MUSCLE SHOALS CLIMATE NORMALS FOR TODAY
                         NORMAL    RECORD    YEAR
 MAXIMUM TEMPERATURE (F)   89       103      1914
 MINIMUM TEMPERATURE (F)   68        53      1974
                                             1961
                                             1915


SUNRISE AND SUNSET
JUNE 24 2017..........SUNRISE   538 AM CDT   SUNSET   808 PM CDT
JUNE 25 2017..........SUNRISE   539 AM CDT   SUNSET   808 PM CDT


-  INDICATES NEGATIVE NUMBERS.
R  INDICATES RECORD WAS SET OR TIED.
MM INDICATES DATA IS MISSING.
T  INDICATES TRACE AMOUNT.




$$
