000
CDUS44 KHUN 022121
CLIMSL


CLIMATE REPORT
NATIONAL WEATHER SERVICE HUNTSVILLE AL
420 PM CDT WED SEP 2 2015


...................................

...THE MUSCLE SHOALS CLIMATE SUMMARY FOR SEPTEMBER 2 2015...
VALID TODAY AS OF 0400 PM LOCAL TIME.

CLIMATE NORMAL PERIOD 1981 TO 2010
CLIMATE RECORD PERIOD 1893 TO 2015


WEATHER ITEM   OBSERVED TIME   RECORD YEAR NORMAL DEPARTURE LAST
                VALUE   (LST)  VALUE       VALUE  FROM      YEAR
                                                  NORMAL
..................................................................
TEMPERATURE (F)
 TODAY
  MAXIMUM         87   1141 AM 101    1980  89     -2       93
  MINIMUM         69    542 AM  48    1919  66      3       71
  AVERAGE         78                        78      0       82

PRECIPITATION (IN)
  TODAY            0.00          1.69 1937   0.11  -0.11     0.04
  MONTH TO DATE    0.00                      0.22  -0.22     0.04
  SINCE SEP 1      0.00                      0.22  -0.22     0.04
  SINCE JAN 1     36.54                     35.93   0.61    33.24

SNOWFALL (IN)
  TODAY            0.0
  MONTH TO DATE    0.0
  SINCE SEP 1      0.0
  SINCE JUL 1      0.0
  SNOW DEPTH       0

DEGREE DAYS
 HEATING
  TODAY            0                         0      0        0
  MONTH TO DATE    0                         0      0        0
  SINCE SEP 1      0                         0      0        0
  SINCE JUL 1      0                         0      0        0

 COOLING
  TODAY           13                        13      0       17
  MONTH TO DATE   24                        26     -2       34
  SINCE SEP 1     24                        26     -2       34
  SINCE JAN 1   1678                      1569    109     1487
..................................................................


WIND (MPH)
  HIGHEST WIND SPEED     7   HIGHEST WIND DIRECTION    SE (150)
  HIGHEST GUST SPEED     8   HIGHEST GUST DIRECTION    SE (150)
  AVERAGE WIND SPEED     0.4


SKY COVER
  POSSIBLE SUNSHINE  MM
  AVERAGE SKY COVER 0.0


WEATHER CONDITIONS
 THE FOLLOWING WEATHER WAS RECORDED TODAY.
  FOG


RELATIVE HUMIDITY (PERCENT)
 HIGHEST    97           100 AM
 LOWEST     57           300 PM
 AVERAGE    77

..........................................................


THE MUSCLE SHOALS CLIMATE NORMALS FOR TOMORROW
                         NORMAL    RECORD    YEAR
 MAXIMUM TEMPERATURE (F)   89       103      1913
 MINIMUM TEMPERATURE (F)   66        48      1919


SUNRISE AND SUNSET
SEPTEMBER  2 2015.....SUNRISE   624 AM CDT   SUNSET   716 PM CDT
SEPTEMBER  3 2015.....SUNRISE   625 AM CDT   SUNSET   714 PM CDT


-  INDICATES NEGATIVE NUMBERS.
R  INDICATES RECORD WAS SET OR TIED.
MM INDICATES DATA IS MISSING.
T  INDICATES TRACE AMOUNT.




$$
