000
CDUS43 KMKX 040717
CLIMSN


CLIMATE REPORT
NATIONAL WEATHER SERVICE IN MILWAUKEE
116 AM CST WED MAR 4 2015


...................................

...THE MADISON WI CLIMATE SUMMARY FOR MARCH 3 2015...

CLIMATE NORMAL PERIOD 1981 TO 2010
CLIMATE RECORD PERIOD 1871 TO 2015


WEATHER ITEM   OBSERVED TIME   RECORD YEAR NORMAL DEPARTURE LAST
                VALUE   (LST)  VALUE       VALUE  FROM      YEAR
                                                  NORMAL
..................................................................
TEMPERATURE (F)
 YESTERDAY
  MAXIMUM         32    159 PM  70    1983  37     -5       16
  MINIMUM         23    627 AM  -8    2014  20      3       -8
                                      1884
  AVERAGE         28                        29     -1        4

PRECIPITATION (IN)
  YESTERDAY        0.11          1.95 1881   0.06   0.05     0.00
  MONTH TO DATE    0.11                      0.18  -0.07     0.07
  SINCE MAR 1      0.11                      0.18  -0.07     0.07
  SINCE JAN 1      1.31                      2.86  -1.55     1.96

SNOWFALL (IN)
  YESTERDAY        0.8           5.0  1953   0.3    0.5      0.0
  MONTH TO DATE    0.8                       0.9   -0.1      1.5
  SINCE MAR 1      0.8                       0.9   -0.1      1.5
  SINCE JUL 1     30.3                      42.0  -11.7     51.5
  SNOW DEPTH       6

DEGREE DAYS
 HEATING
  YESTERDAY       37                        36      1       61
  MONTH TO DATE  130                       110     20      177
  SINCE MAR 1    130                       110     20      177
  SINCE JUL 1   5841                      5596    245     6289

 COOLING
  YESTERDAY        0                         0      0        0
  MONTH TO DATE    0                         0      0        0
  SINCE MAR 1      0                         0      0        0
  SINCE JAN 1      0                         0      0        0
..................................................................


WIND (MPH)
  HIGHEST WIND SPEED    18   HIGHEST WIND DIRECTION    SE (150)
  HIGHEST GUST SPEED    24   HIGHEST GUST DIRECTION     W (290)
  AVERAGE WIND SPEED     9.1


SKY COVER
  POSSIBLE SUNSHINE  MM
  AVERAGE SKY COVER 1.0


WEATHER CONDITIONS
 THE FOLLOWING WEATHER WAS RECORDED YESTERDAY.
  LT FREEZING RAIN
  LIGHT SNOW
  FOG
  HAZE


RELATIVE HUMIDITY (PERCENT)
 HIGHEST    88           900 AM
 LOWEST     62           200 AM
 AVERAGE    75

..........................................................


THE MADISON WI CLIMATE NORMALS FOR TODAY
                         NORMAL    RECORD    YEAR
 MAXIMUM TEMPERATURE (F)   38        69      1983
 MINIMUM TEMPERATURE (F)   21        -9      1884


SUNRISE AND SUNSET
MARCH  4 2015.........SUNRISE   629 AM CST   SUNSET   550 PM CST
MARCH  5 2015.........SUNRISE   627 AM CST   SUNSET   551 PM CST


-  INDICATES NEGATIVE NUMBERS.
R  INDICATES RECORD WAS SET OR TIED.
MM INDICATES DATA IS MISSING.
T  INDICATES TRACE AMOUNT.




$$
