000
CDUS43 KMKX 290651
CLIMSN


CLIMATE REPORT
NATIONAL WEATHER SERVICE IN MILWAUKEE
150 AM CDT FRI JUL 29 2016


...................................

...THE MADISON WI CLIMATE SUMMARY FOR JULY 28 2016...

CLIMATE NORMAL PERIOD 1981 TO 2010
CLIMATE RECORD PERIOD 1871 TO 2016


WEATHER ITEM   OBSERVED TIME   RECORD YEAR NORMAL DEPARTURE LAST
                VALUE   (LST)  VALUE       VALUE  FROM      YEAR
                                                  NORMAL
..................................................................
TEMPERATURE (F)
 YESTERDAY
  MAXIMUM         79    155 PM  98    1916  81     -2       86
  MINIMUM         67   1159 PM  47    1980  61      6       67
                                      1972
                                      1965
  AVERAGE         73                        71      2       77

PRECIPITATION (IN)
  YESTERDAY        0.00          1.02 1952   0.12  -0.12     0.00
  MONTH TO DATE    5.09                      3.80   1.29     3.60
  SINCE JUN 1     10.44                      8.34   2.10     6.75
  SINCE JAN 1     20.23                     20.17   0.06    17.27

SNOWFALL (IN)
  YESTERDAY        0.0           0.0    MM   0.0    0.0      0.0
  MONTH TO DATE    0.0                       0.0    0.0      0.0
  SINCE JUN 1      0.0                       0.0    0.0      0.0
  SINCE JUL 1      0.0                       0.0    0.0      0.0
  SNOW DEPTH       0

DEGREE DAYS
 HEATING
  YESTERDAY        0                         0      0        0
  MONTH TO DATE    4                         0      4       16
  SINCE JUN 1     18                        60    -42       53
  SINCE JUL 1      4                         0      4       16

 COOLING
  YESTERDAY        8                         6      2       12
  MONTH TO DATE  241                       190     51      168
  SINCE JUN 1    390                       310     80      279
  SINCE JAN 1    442                       340    102      329
..................................................................


WIND (MPH)
  HIGHEST WIND SPEED    17   HIGHEST WIND DIRECTION    NE (40)
  HIGHEST GUST SPEED    19   HIGHEST GUST DIRECTION    NE (30)
  AVERAGE WIND SPEED     8.7


SKY COVER
  POSSIBLE SUNSHINE  MM
  AVERAGE SKY COVER 0.8


WEATHER CONDITIONS
 THE FOLLOWING WEATHER WAS RECORDED YESTERDAY.
  FOG


RELATIVE HUMIDITY (PERCENT)
 HIGHEST    93           400 AM
 LOWEST     73           600 PM
 AVERAGE    83

..........................................................


THE MADISON WI CLIMATE NORMALS FOR TODAY
                         NORMAL    RECORD    YEAR
 MAXIMUM TEMPERATURE (F)   81       101      1916
 MINIMUM TEMPERATURE (F)   61        43      1965


SUNRISE AND SUNSET
JULY 29 2016..........SUNRISE   545 AM CDT   SUNSET   822 PM CDT
JULY 30 2016..........SUNRISE   546 AM CDT   SUNSET   821 PM CDT


-  INDICATES NEGATIVE NUMBERS.
R  INDICATES RECORD WAS SET OR TIED.
MM INDICATES DATA IS MISSING.
T  INDICATES TRACE AMOUNT.




$$
