000
CDUS43 KMKX 280647
CLIMSN


CLIMATE REPORT
NATIONAL WEATHER SERVICE IN MILWAUKEE
147 AM CDT WED SEP 28 2016


...................................

...THE MADISON WI CLIMATE SUMMARY FOR SEPTEMBER 27 2016...

CLIMATE NORMAL PERIOD 1981 TO 2010
CLIMATE RECORD PERIOD 1871 TO 2016


WEATHER ITEM   OBSERVED TIME   RECORD YEAR NORMAL DEPARTURE LAST
                VALUE   (LST)  VALUE       VALUE  FROM      YEAR
                                                  NORMAL
..................................................................
TEMPERATURE (F)
 YESTERDAY
  MAXIMUM         61    224 PM  87    1954  67     -6       74
  MINIMUM         48   1159 PM  27    1991  45      3       50
  AVERAGE         55                        56     -1       62

PRECIPITATION (IN)
  YESTERDAY        0.05          1.57 1902   0.09  -0.04     0.00
  MONTH TO DATE    8.27                      2.87   5.40     3.96
  SINCE SEP 1      8.27                      2.87   5.40     3.96
  SINCE JAN 1     36.51                     27.69   8.82    26.75

SNOWFALL (IN)
  YESTERDAY        0.0           0.0    MM   0.0    0.0      0.0
  MONTH TO DATE    0.0                       0.0    0.0      0.0
  SINCE SEP 1      0.0                       0.0    0.0      0.0
  SINCE JUL 1      0.0                       0.0    0.0      0.0
  SNOW DEPTH       0

DEGREE DAYS
 HEATING
  YESTERDAY       10                        10      0        3
  MONTH TO DATE   24                       142   -118       43
  SINCE SEP 1     24                       142   -118       43
  SINCE JUL 1     31                       179   -148       75

 COOLING
  YESTERDAY        0                         1     -1        0
  MONTH TO DATE   76                        51     25      132
  SINCE SEP 1     76                        51     25      132
  SINCE JAN 1    771                       564    207      661
..................................................................


WIND (MPH)
  HIGHEST WIND SPEED    17   HIGHEST WIND DIRECTION    NW (310)
  HIGHEST GUST SPEED    26   HIGHEST GUST DIRECTION    NW (320)
  AVERAGE WIND SPEED     7.5


SKY COVER
  POSSIBLE SUNSHINE  MM
  AVERAGE SKY COVER 0.6


WEATHER CONDITIONS
 THE FOLLOWING WEATHER WAS RECORDED YESTERDAY.
  LIGHT RAIN


RELATIVE HUMIDITY (PERCENT)
 HIGHEST    93          1100 PM
 LOWEST     47          1200 AM
 AVERAGE    70

..........................................................


THE MADISON WI CLIMATE NORMALS FOR TODAY
                         NORMAL    RECORD    YEAR
 MAXIMUM TEMPERATURE (F)   67        89      1971
 MINIMUM TEMPERATURE (F)   45        27      1964


SUNRISE AND SUNSET
SEPTEMBER 28 2016.....SUNRISE   652 AM CDT   SUNSET   643 PM CDT
SEPTEMBER 29 2016.....SUNRISE   653 AM CDT   SUNSET   641 PM CDT


-  INDICATES NEGATIVE NUMBERS.
R  INDICATES RECORD WAS SET OR TIED.
MM INDICATES DATA IS MISSING.
T  INDICATES TRACE AMOUNT.




$$
