000
CDUS43 KMKX 060653
CLIMSN


CLIMATE REPORT
NATIONAL WEATHER SERVICE IN MILWAUKEE
153 AM CDT FRI MAY 6 2016


...................................

...THE MADISON WI CLIMATE SUMMARY FOR MAY 5 2016...

CLIMATE NORMAL PERIOD 1981 TO 2010
CLIMATE RECORD PERIOD 1871 TO 2016


WEATHER ITEM   OBSERVED TIME   RECORD YEAR NORMAL DEPARTURE LAST
                VALUE   (LST)  VALUE       VALUE  FROM      YEAR
                                                  NORMAL
..................................................................
TEMPERATURE (F)
 YESTERDAY
  MAXIMUM         67    444 PM  90    1949  65      2       58
  MINIMUM         34    439 AM  29    1992  43     -9       49
                                      1958
  AVERAGE         51                        54     -3       54

PRECIPITATION (IN)
  YESTERDAY        0.00          1.41 1982   0.11  -0.11     0.38
  MONTH TO DATE    0.07                      0.54  -0.47     0.77
  SINCE MAR 1      6.14                      6.14   0.00     5.91
  SINCE JAN 1      7.64                      8.82  -1.18     7.11

SNOWFALL (IN)
  YESTERDAY        0.0           T    1989   0.0    0.0      0.0
  MONTH TO DATE    0.0                       0.1   -0.1      0.0
  SINCE MAR 1      8.2                       9.7   -1.5      4.2
  SINCE JUL 1     32.7                      50.8  -18.1     33.7
  SNOW DEPTH       0

DEGREE DAYS
 HEATING
  YESTERDAY       14                        11      3       11
  MONTH TO DATE   70                        60     10       25
  SINCE MAR 1   1408                      1581   -173     1454
  SINCE JUL 1   6008                      7067  -1059     7165

 COOLING
  YESTERDAY        0                         0      0        0
  MONTH TO DATE    0                         0      0        3
  SINCE MAR 1      0                         4     -4        3
  SINCE JAN 1      0                         4     -4        3
..................................................................


WIND (MPH)
  HIGHEST WIND SPEED    13   HIGHEST WIND DIRECTION    NE (30)
  HIGHEST GUST SPEED    21   HIGHEST GUST DIRECTION    NE (50)
  AVERAGE WIND SPEED     4.9


SKY COVER
  POSSIBLE SUNSHINE  MM
  AVERAGE SKY COVER 0.1


WEATHER CONDITIONS
 THE FOLLOWING WEATHER WAS RECORDED YESTERDAY.
  NO SIGNIFICANT WEATHER WAS OBSERVED.


RELATIVE HUMIDITY (PERCENT)
 HIGHEST    82           300 AM
 LOWEST     30           600 PM
 AVERAGE    56

..........................................................


THE MADISON WI CLIMATE NORMALS FOR TODAY
                         NORMAL    RECORD    YEAR
 MAXIMUM TEMPERATURE (F)   65        92      1934
 MINIMUM TEMPERATURE (F)   43        25      1992
                                             1970


SUNRISE AND SUNSET
MAY  6 2016...........SUNRISE   544 AM CDT   SUNSET   805 PM CDT
MAY  7 2016...........SUNRISE   542 AM CDT   SUNSET   806 PM CDT


-  INDICATES NEGATIVE NUMBERS.
R  INDICATES RECORD WAS SET OR TIED.
MM INDICATES DATA IS MISSING.
T  INDICATES TRACE AMOUNT.




$$
