000
CDUS43 KMKX 232223
CLIMSN


CLIMATE REPORT
NATIONAL WEATHER SERVICE IN MILWAUKEE
423 PM CST TUE JAN 23 2018


...................................

...THE MADISON WI CLIMATE SUMMARY FOR JANUARY 23 2018...
VALID TODAY AS OF 0400 PM LOCAL TIME.

CLIMATE NORMAL PERIOD 1981 TO 2010
CLIMATE RECORD PERIOD 1871 TO 2018


WEATHER ITEM   OBSERVED TIME   RECORD YEAR NORMAL DEPARTURE LAST
                VALUE   (LST)  VALUE       VALUE  FROM      YEAR
                                                  NORMAL
..................................................................
TEMPERATURE (F)
 TODAY
  MAXIMUM         31    114 AM  50    1909  26      5       40
  MINIMUM         25    830 AM -27    1963  11     14       35
  AVERAGE         28                        19      9       38

PRECIPITATION (IN)
  TODAY            T             0.89 1898   0.03  -0.03      T
  MONTH TO DATE    1.63                      0.91   0.72     1.83
  SINCE DEC 1      2.36                      2.65  -0.29     3.86
  SINCE JAN 1      1.63                      0.91   0.72     1.83

SNOWFALL (IN)
  TODAY            0.5           9.0  1898   0.5    0.0      0.0
  MONTH TO DATE    9.0                       9.6   -0.6      2.1
  SINCE DEC 1     12.7                      23.1  -10.4     24.8
  SINCE JUL 1     13.0                      27.2  -14.2     24.8
  SNOW DEPTH       1

DEGREE DAYS
 HEATING
  TODAY           37                        46     -9       27
  MONTH TO DATE 1084                      1067     17      970
  SINCE DEC 1   2407                      2367     40     2279
  SINCE JUL 1   3766                      3946   -180     3301

 COOLING
  TODAY            0                         0      0        0
  MONTH TO DATE    0                         0      0        0
  SINCE DEC 1      0                         0      0        0
  SINCE JAN 1      0                         0      0        0
..................................................................


WIND (MPH)
  HIGHEST WIND SPEED    20   HIGHEST WIND DIRECTION     N (340)
  HIGHEST GUST SPEED    30   HIGHEST GUST DIRECTION     N (340)
  AVERAGE WIND SPEED    12.8


SKY COVER
  POSSIBLE SUNSHINE  MM
  AVERAGE SKY COVER 1.0


WEATHER CONDITIONS
 THE FOLLOWING WEATHER WAS RECORDED TODAY.
  LIGHT SNOW
  FOG


RELATIVE HUMIDITY (PERCENT)
 HIGHEST    92          1200 AM
 LOWEST     75           800 AM
 AVERAGE    84

..........................................................


THE MADISON WI CLIMATE NORMALS FOR TOMORROW
                         NORMAL    RECORD    YEAR
 MAXIMUM TEMPERATURE (F)   27        55      1981
 MINIMUM TEMPERATURE (F)   11       -24      1936


SUNRISE AND SUNSET
JANUARY 23 2018.......SUNRISE   721 AM CST   SUNSET   458 PM CST
JANUARY 24 2018.......SUNRISE   720 AM CST   SUNSET   459 PM CST


-  INDICATES NEGATIVE NUMBERS.
R  INDICATES RECORD WAS SET OR TIED.
MM INDICATES DATA IS MISSING.
T  INDICATES TRACE AMOUNT.




$$
