000
CDUS45 KMSO 300740
CLIMSO


CLIMATE REPORT
NATIONAL WEATHER SERVICE MISSOULA, MT
139 AM MDT SUN AUG 30 2015


...................................

...THE MISSOULA MT CLIMATE SUMMARY FOR AUGUST 29 2015...

CLIMATE NORMAL PERIOD 1981 TO 2010
CLIMATE RECORD PERIOD 1893 TO 2015


WEATHER ITEM   OBSERVED TIME   RECORD YEAR NORMAL DEPARTURE LAST
                VALUE   (LST)  VALUE       VALUE  FROM      YEAR
                                                  NORMAL
..................................................................
TEMPERATURE (F)
 YESTERDAY
  MAXIMUM         81    322 PM  94    2006  81      0       87
                                      1998
                                      1948
  MINIMUM         55    710 AM  32    1980  47      8       48
  AVERAGE         68                        64      4       68

PRECIPITATION (IN)
  YESTERDAY        T             0.32 1986   0.05  -0.05     0.00
  MONTH TO DATE    0.17                      1.11  -0.94     0.91
  SINCE OCT 1     11.43                     12.88  -1.45    11.70
  SINCE JAN 1      6.12                      9.95  -3.83     9.99

SNOWFALL (IN)
  YESTERDAY        0.0
  MONTH TO DATE    0.0
  SINCE JAN 1     13.3
  SINCE JUL 1      0.0
  SNOW DEPTH       0

DEGREE DAYS
 HEATING
  YESTERDAY        0                         3     -3        0
  MONTH TO DATE   26                        41    -15       32
  SINCE JUN 1     94                       239   -145      215
  SINCE JUL 1     47                        79    -32       38

 COOLING
  YESTERDAY        3                         2      1        3
  MONTH TO DATE  117                       120     -3      135
  SINCE JUN 1    400                       308     92      375
  SINCE JAN 1    400                       314     86      375
..................................................................


WIND (MPH)
  HIGHEST WIND SPEED    20   HIGHEST WIND DIRECTION    NW (320)
  HIGHEST GUST SPEED    28   HIGHEST GUST DIRECTION    NW (310)
  AVERAGE WIND SPEED     7.4


SKY COVER
  POSSIBLE SUNSHINE  MM
  AVERAGE SKY COVER 0.9


WEATHER CONDITIONS
 THE FOLLOWING WEATHER WAS RECORDED YESTERDAY.
  THUNDERSTORM
  LIGHT RAIN
  HAZE


RELATIVE HUMIDITY (PERCENT)
 HIGHEST    72           300 AM
 LOWEST     28           500 PM
 AVERAGE    50

..........................................................


THE MISSOULA MT CLIMATE NORMALS FOR TODAY
                         NORMAL    RECORD    YEAR
 MAXIMUM TEMPERATURE (F)   80        96      1955
                                             1940
 MINIMUM TEMPERATURE (F)   47        33      1965
                                             1910


SUNRISE AND SUNSET
AUGUST 30 2015........SUNRISE   653 AM MDT   SUNSET   820 PM MDT
AUGUST 31 2015........SUNRISE   654 AM MDT   SUNSET   818 PM MDT


-  INDICATES NEGATIVE NUMBERS.
R  INDICATES RECORD WAS SET OR TIED.
MM INDICATES DATA IS MISSING.
T  INDICATES TRACE AMOUNT.




$$
