000
CDUS45 KMSO 280739
CLIMSO


CLIMATE REPORT
NATIONAL WEATHER SERVICE MISSOULA, MT
1238 AM MST WED JAN 28 2015


...................................

...THE MISSOULA MT CLIMATE SUMMARY FOR JANUARY 27 2015...

CLIMATE NORMAL PERIOD 1981 TO 2010
CLIMATE RECORD PERIOD 1893 TO 2015


WEATHER ITEM   OBSERVED TIME   RECORD YEAR NORMAL DEPARTURE LAST
                VALUE   (LST)  VALUE       VALUE  FROM      YEAR
                                                  NORMAL
..................................................................
TEMPERATURE (F)
 YESTERDAY
  MAXIMUM         37    427 PM  54    1934  35      2       38
  MINIMUM         21    750 AM -31    1957  20      1       17
  AVERAGE         29                        27      2       28

PRECIPITATION (IN)
  YESTERDAY        0.00          0.31 1905   0.02  -0.02     0.00
  MONTH TO DATE    1.22                      0.75   0.47     0.39
  SINCE OCT 1      6.53                      3.68   2.85     2.10
  SINCE JAN 1      1.22                      0.75   0.47     0.39

SNOWFALL (IN)
  YESTERDAY        0.0
  MONTH TO DATE    9.4
  SINCE JAN 1      9.4
  SINCE JUL 1     30.0
  SNOW DEPTH       1

DEGREE DAYS
 HEATING
  YESTERDAY       36                        38     -2       37
  MONTH TO DATE 1060                      1066     -6      940
  SINCE DEC 1   2249                      2342    -93     2242
  SINCE JUL 1   4005                      4238   -233     4097

 COOLING
  YESTERDAY        0                         0      0        0
  MONTH TO DATE    0                         0      0        0
  SINCE DEC 1      0                         0      0        0
  SINCE JAN 1      0                         0      0        0
..................................................................


WIND (MPH)
  HIGHEST WIND SPEED     6   HIGHEST WIND DIRECTION     W (290)
  HIGHEST GUST SPEED     7   HIGHEST GUST DIRECTION    NW (300)
  AVERAGE WIND SPEED     0.9


SKY COVER
  POSSIBLE SUNSHINE  MM
  AVERAGE SKY COVER 0.1


WEATHER CONDITIONS
 THE FOLLOWING WEATHER WAS RECORDED YESTERDAY.
  FOG
  HAZE


RELATIVE HUMIDITY (PERCENT)
 HIGHEST   100           300 AM
 LOWEST     76           300 PM
 AVERAGE    88

..........................................................


THE MISSOULA MT CLIMATE NORMALS FOR TODAY
                         NORMAL    RECORD    YEAR
 MAXIMUM TEMPERATURE (F)   35        52      1984
 MINIMUM TEMPERATURE (F)   20       -18      1972


SUNRISE AND SUNSET
JANUARY 28 2015.......SUNRISE   806 AM MST   SUNSET   533 PM MST
JANUARY 29 2015.......SUNRISE   805 AM MST   SUNSET   535 PM MST


-  INDICATES NEGATIVE NUMBERS.
R  INDICATES RECORD WAS SET OR TIED.
MM INDICATES DATA IS MISSING.
T  INDICATES TRACE AMOUNT.




$$
