000
CDUS45 KMSO 240740
CLIMSO


CLIMATE REPORT
NATIONAL WEATHER SERVICE MISSOULA, MT
139 AM MDT THU APR 24 2014


...................................

...THE MISSOULA MT CLIMATE SUMMARY FOR APRIL 23 2014...

CLIMATE NORMAL PERIOD 1981 TO 2010
CLIMATE RECORD PERIOD 1893 TO 2014


WEATHER ITEM   OBSERVED TIME   RECORD YEAR NORMAL DEPARTURE LAST
                VALUE   (LST)  VALUE       VALUE  FROM      YEAR
                                                  NORMAL
..................................................................
TEMPERATURE (F)
 YESTERDAY
  MAXIMUM         52    216 PM  85    2012  60     -8       51
  MINIMUM         36    553 AM  20    2013  34      2       20
  AVERAGE         44                        47     -3       36

PRECIPITATION (IN)
  YESTERDAY        0.04          0.79 1925   0.04   0.00      T
  MONTH TO DATE    0.39                      0.93  -0.54     0.58
  SINCE OCT 1      7.21                      6.41   0.80     7.43
  SINCE JAN 1      5.50                      3.48   2.02     2.64

SNOWFALL (IN)
  YESTERDAY        0.0
  MONTH TO DATE    T
  SINCE JAN 1     51.8
  SINCE JUL 1     65.7
  SNOW DEPTH       0

DEGREE DAYS
 HEATING
  YESTERDAY       21                        18      3       29
  MONTH TO DATE  470                       463      7      543
  SINCE MAR 1   1338                      1277     61     1368
  SINCE JUL 1   6848                      6646    202     6359

 COOLING
  YESTERDAY        0                         0      0        0
  MONTH TO DATE    0                         0      0        0
  SINCE MAR 1      0                         0      0        0
  SINCE JAN 1      0                         0      0        0
..................................................................


WIND (MPH)
  HIGHEST WIND SPEED    31   HIGHEST WIND DIRECTION    SW (240)
  HIGHEST GUST SPEED    38   HIGHEST GUST DIRECTION    SW (240)
  AVERAGE WIND SPEED     8.6


SKY COVER
  POSSIBLE SUNSHINE  MM
  AVERAGE SKY COVER 0.8


WEATHER CONDITIONS
 THE FOLLOWING WEATHER WAS RECORDED YESTERDAY.
  LIGHT RAIN


RELATIVE HUMIDITY (PERCENT)
 HIGHEST    85          1000 PM
 LOWEST     38           400 PM
 AVERAGE    62

..........................................................


THE MISSOULA MT CLIMATE NORMALS FOR TODAY
                         NORMAL    RECORD    YEAR
 MAXIMUM TEMPERATURE (F)   61        87      1910
 MINIMUM TEMPERATURE (F)   34        20      2002


SUNRISE AND SUNSET
APRIL 24 2014.........SUNRISE   632 AM MDT   SUNSET   837 PM MDT
APRIL 25 2014.........SUNRISE   631 AM MDT   SUNSET   839 PM MDT


-  INDICATES NEGATIVE NUMBERS.
R  INDICATES RECORD WAS SET OR TIED.
MM INDICATES DATA IS MISSING.
T  INDICATES TRACE AMOUNT.




$$
