000
CDUS45 KMSO 250739
CLIMSO


CLIMATE REPORT
NATIONAL WEATHER SERVICE MISSOULA, MT
1238 AM MST THU DEC 25 2014


...................................

...THE MISSOULA MT CLIMATE SUMMARY FOR DECEMBER 24 2014...

CLIMATE NORMAL PERIOD 1981 TO 2010
CLIMATE RECORD PERIOD 1893 TO 2014


WEATHER ITEM   OBSERVED TIME   RECORD YEAR NORMAL DEPARTURE LAST
                VALUE   (LST)  VALUE       VALUE  FROM      YEAR
                                                  NORMAL
..................................................................
TEMPERATURE (F)
 YESTERDAY
  MAXIMUM         36    551 PM  49    1938  30      6       39
                                      1899
  MINIMUM         30    841 AM -19    1944  16     14       20
  AVERAGE         33                        23     10       30

PRECIPITATION (IN)
  YESTERDAY        0.11          0.83 1902   0.03   0.08      T
  MONTH TO DATE    0.85                      0.81   0.04     1.07
  SINCE OCT 1      4.90                      2.70   2.20     1.66
  SINCE JAN 1     15.20                     13.90   1.30     9.39

SNOWFALL (IN)
  YESTERDAY        0.6
  MONTH TO DATE    3.1
  SINCE JAN 1     65.0
  SINCE JUL 1     13.1
  SNOW DEPTH       0

DEGREE DAYS
 HEATING
  YESTERDAY       32                        42    -10       35
  MONTH TO DATE  847                       982   -135     1059
  SINCE DEC 1    847                       982   -135     1059
  SINCE JUL 1   2603                      2878   -275     2914

 COOLING
  YESTERDAY        0                         0      0        0
  MONTH TO DATE    0                         0      0        0
  SINCE DEC 1      0                         0      0        0
  SINCE JAN 1    390                       332     58      579
..................................................................


WIND (MPH)
  HIGHEST WIND SPEED    16   HIGHEST WIND DIRECTION    NW (320)
  HIGHEST GUST SPEED    21   HIGHEST GUST DIRECTION    NW (310)
  AVERAGE WIND SPEED     5.3


SKY COVER
  POSSIBLE SUNSHINE  MM
  AVERAGE SKY COVER 1.0


WEATHER CONDITIONS
 THE FOLLOWING WEATHER WAS RECORDED YESTERDAY.
  RAIN
  LIGHT RAIN
  LIGHT SNOW
  FOG


RELATIVE HUMIDITY (PERCENT)
 HIGHEST    96           800 PM
 LOWEST     78          1000 AM
 AVERAGE    87

..........................................................


THE MISSOULA MT CLIMATE NORMALS FOR TODAY
                         NORMAL    RECORD    YEAR
 MAXIMUM TEMPERATURE (F)   30        52      1908
 MINIMUM TEMPERATURE (F)   16       -18      1948


SUNRISE AND SUNSET
DECEMBER 25 2014......SUNRISE   821 AM MST   SUNSET   452 PM MST
DECEMBER 26 2014......SUNRISE   821 AM MST   SUNSET   453 PM MST


-  INDICATES NEGATIVE NUMBERS.
R  INDICATES RECORD WAS SET OR TIED.
MM INDICATES DATA IS MISSING.
T  INDICATES TRACE AMOUNT.




$$
