000
CDUS43 KMPX 260033
CLIMSP


CLIMATE REPORT
NATIONAL WEATHER SERVICE CHANHASSEN MN
632 PM CST SUN FEB 25 2018


...................................

...THE TWIN CITIES MN CLIMATE SUMMARY FOR FEBRUARY 25 2018...
VALID TODAY AS OF 0600 PM LOCAL TIME.

CLIMATE NORMAL PERIOD 1981 TO 2010
CLIMATE RECORD PERIOD 1871 TO 2018


WEATHER ITEM   OBSERVED TIME   RECORD YEAR NORMAL DEPARTURE LAST
                VALUE   (LST)  VALUE       VALUE  FROM      YEAR
                                                  NORMAL
..................................................................
TEMPERATURE (F)
 TODAY
  MAXIMUM         30    521 PM  58    1976  32     -2       34
  MINIMUM         15    818 AM -23    1967  17     -2       14
  AVERAGE         23                        25     -2       24

PRECIPITATION (IN)
  TODAY            T             0.63 1944   0.03  -0.03     0.00
  MONTH TO DATE    1.33                      0.65   0.68     0.64
  SINCE DEC 1      3.67                      2.71   0.96     3.76
  SINCE JAN 1      2.88                      1.55   1.33     1.62

SNOWFALL (IN)
  TODAY            T             4.1  1994   0.3   -0.3      0.0
  MONTH TO DATE   15.9                       6.8    9.1      0.3
  SINCE DEC 1     42.7                      30.9   11.8     24.5
  SINCE JUL 1     43.4                      40.8    2.6     26.8
  SNOW DEPTH      10

DEGREE DAYS
 HEATING
  TODAY           42                        40      2       41
  MONTH TO DATE 1270                      1118    152      849
  SINCE DEC 1   4184                      4053    131     3567
  SINCE JUL 1   5594                      5672    -78     4611

 COOLING
  TODAY            0                         0      0        0
  MONTH TO DATE    0                         0      0        0
  SINCE DEC 1      0                         0      0        0
  SINCE JAN 1      0                         0      0        0
..................................................................


WIND (MPH)
  HIGHEST WIND SPEED    25   HIGHEST WIND DIRECTION     W (270)
  HIGHEST GUST SPEED    35   HIGHEST GUST DIRECTION     W (280)
  AVERAGE WIND SPEED    14.1


SKY COVER
  POSSIBLE SUNSHINE  MM
  AVERAGE SKY COVER 0.6


WEATHER CONDITIONS
 THE FOLLOWING WEATHER WAS RECORDED TODAY.
  LIGHT SNOW
  FOG


RELATIVE HUMIDITY (PERCENT)
 HIGHEST    92           200 AM
 LOWEST     67          1000 AM
 AVERAGE    80

..........................................................


THE TWIN CITIES MN CLIMATE NORMALS FOR TOMORROW
                         NORMAL    RECORD    YEAR
 MAXIMUM TEMPERATURE (F)   33        64      1896
 MINIMUM TEMPERATURE (F)   17       -21      1897


SUNRISE AND SUNSET
FEBRUARY 25 2018......SUNRISE   657 AM CST   SUNSET   555 PM CST
FEBRUARY 26 2018......SUNRISE   656 AM CST   SUNSET   556 PM CST


-  INDICATES NEGATIVE NUMBERS.
R  INDICATES RECORD WAS SET OR TIED.
MM INDICATES DATA IS MISSING.
T  INDICATES TRACE AMOUNT.




$$
