000
CDUS43 KMPX 180028
CLIMSP


CLIMATE REPORT
NATIONAL WEATHER SERVICE CHANHASSEN MN
728 PM CDT THU APR 17 2014


...................................

...THE TWIN CITIES MN CLIMATE SUMMARY FOR APRIL 17 2014...
VALID TODAY AS OF 0700 PM LOCAL TIME.

CLIMATE NORMAL PERIOD 1981 TO 2010
CLIMATE RECORD PERIOD 1871 TO 2014


WEATHER ITEM   OBSERVED TIME   RECORD YEAR NORMAL DEPARTURE LAST
                VALUE   (LST)  VALUE       VALUE  FROM      YEAR
                                                  NORMAL
..................................................................
TEMPERATURE (F)
 TODAY
  MAXIMUM         42    530 PM  85    1985  59    -17       42
  MINIMUM         28    325 AM  10    1875  38    -10       35
  AVERAGE         35                        48    -13       39

PRECIPITATION (IN)
  TODAY            T             1.44 1975   0.09  -0.09     0.26
  MONTH TO DATE    1.63                      1.37   0.26     2.99
  SINCE MAR 1      2.45                      3.26  -0.81     5.03
  SINCE JAN 1      5.28                      4.93   0.35     7.22

SNOWFALL (IN)
  TODAY            T             2.7  1939   0.1   -0.1       T
  MONTH TO DATE    7.0                       1.7    5.3      6.8
  SINCE MAR 1     11.7                      12.0   -0.3     20.6
  SINCE JUL 1     69.8                      53.7   16.1     56.1
  SNOW DEPTH       T

DEGREE DAYS
 HEATING
  TODAY           30                        17     13       26
  MONTH TO DATE  422                       353     69      479
  SINCE MAR 1   1639                      1351    288     1645
  SINCE JUL 1   8092                      7141    951     7179

 COOLING
  TODAY            0                         0      0        0
  MONTH TO DATE    0                         0      0        0
  SINCE MAR 1      0                         0      0        0
  SINCE JAN 1      0                         0      0        0
..................................................................


WIND (MPH)
  HIGHEST WIND SPEED    21   HIGHEST WIND DIRECTION     N (350)
  HIGHEST GUST SPEED    27   HIGHEST GUST DIRECTION     N (350)
  AVERAGE WIND SPEED    10.9


SKY COVER
  POSSIBLE SUNSHINE  MM
  AVERAGE SKY COVER 0.9


WEATHER CONDITIONS
 THE FOLLOWING WEATHER WAS RECORDED TODAY.
  LT FREEZING RAIN
  SNOW
  LIGHT SNOW
  FOG


RELATIVE HUMIDITY (PERCENT)
 HIGHEST   100          1200 AM
 LOWEST     53           400 PM
 AVERAGE    77

..........................................................


THE TWIN CITIES MN CLIMATE NORMALS FOR TOMORROW
                         NORMAL    RECORD    YEAR
 MAXIMUM TEMPERATURE (F)   59        89      1985
 MINIMUM TEMPERATURE (F)   38        21      1953


SUNRISE AND SUNSET
APRIL 17 2014.........SUNRISE   625 AM CDT   SUNSET   801 PM CDT
APRIL 18 2014.........SUNRISE   623 AM CDT   SUNSET   802 PM CDT


-  INDICATES NEGATIVE NUMBERS.
R  INDICATES RECORD WAS SET OR TIED.
MM INDICATES DATA IS MISSING.
T  INDICATES TRACE AMOUNT.




$$
