000
CDUS41 KBTV 300543
CLIMSS


CLIMATE REPORT
NATIONAL WEATHER SERVICE BURLINGTON VT
138 AM EDT SUN AUG 30 2015


...................................

...THE MASSENA NY CLIMATE SUMMARY FOR AUGUST 29 2015...

CLIMATE NORMAL PERIOD 1981 TO 2010
CLIMATE RECORD PERIOD 1948 TO 2015


WEATHER ITEM   OBSERVED TIME   RECORD YEAR NORMAL DEPARTURE LAST
                VALUE   (LST)  VALUE       VALUE  FROM      YEAR
                                                  NORMAL
..................................................................
TEMPERATURE (F)
 YESTERDAY
  MAXIMUM         77   1156 AM  92    1953  76      1       74
  MINIMUM         50    332 AM  39    1982  53     -3       47
  AVERAGE         64                        64      0       61

PRECIPITATION (IN)
  YESTERDAY        T             1.77        0.11  -0.11     0.00
  MONTH TO DATE    3.24                      3.30  -0.06     3.35
  SINCE JUN 1     11.78                     10.39   1.39    13.75
  SINCE JAN 1     17.77                     22.32  -4.55    23.68

DEGREE DAYS
 HEATING
  YESTERDAY        1                         3     -2        4
  MONTH TO DATE   12                        45    -33       38
  SINCE JUN 1    135                       164    -29       98
  SINCE JUL 1     34                        68    -34       60

 COOLING
  YESTERDAY        0                         2     -2        0
  MONTH TO DATE  118                        96     22       72
  SINCE JUN 1    321                       316      5      263
  SINCE JAN 1    366                       330     36      278
..................................................................


WIND (MPH)
  HIGHEST WIND SPEED    14   HIGHEST WIND DIRECTION    SW (230)
  HIGHEST GUST SPEED    18   HIGHEST GUST DIRECTION    SW (230)
  AVERAGE WIND SPEED     5.2


SKY COVER
  AVERAGE SKY COVER 0.0


WEATHER CONDITIONS
 THE FOLLOWING WEATHER WAS RECORDED YESTERDAY.
  LIGHT RAIN
  FOG


RELATIVE HUMIDITY (PERCENT)
 HIGHEST    96           300 AM
 LOWEST     56          1200 PM
 AVERAGE    76

..........................................................


THE MASSENA NY CLIMATE NORMALS FOR TODAY
                         NORMAL    RECORD    YEAR
 MAXIMUM TEMPERATURE (F)   75        93      1991
 MINIMUM TEMPERATURE (F)   53        35      2000


SUNRISE AND SUNSET
AUGUST 30 2015........SUNRISE   619 AM EDT   SUNSET   741 PM EDT
AUGUST 31 2015........SUNRISE   620 AM EDT   SUNSET   739 PM EDT


-  INDICATES NEGATIVE NUMBERS.
R  INDICATES RECORD WAS SET OR TIED.
MM INDICATES DATA IS MISSING.
T  INDICATES TRACE AMOUNT.




$$
