828
CDUS41 KBTV 240539
CLIMSS

CLIMATE REPORT
NATIONAL WEATHER SERVICE BURLINGTON VT
136 AM EDT TUE MAY 24 2016

...................................

...THE MASSENA NY CLIMATE SUMMARY FOR MAY 23 2016...

CLIMATE NORMAL PERIOD 1981 TO 2010
CLIMATE RECORD PERIOD 1948 TO 2016


WEATHER ITEM   OBSERVED TIME   RECORD YEAR NORMAL DEPARTURE LAST
                VALUE   (LST)  VALUE       VALUE  FROM      YEAR
                                                  NORMAL
..................................................................
TEMPERATURE (F)
 YESTERDAY
  MAXIMUM         82    414 PM  94    1975  69     13       60
  MINIMUM         45    437 AM  27    2015  46     -1       27
                                      1967
  AVERAGE         64                        57      7       44

PRECIPITATION (IN)
  YESTERDAY        0.00          0.71        0.10  -0.10     0.00
  MONTH TO DATE    0.79                      2.25  -1.46     0.54
  SINCE MAR 1      4.68                      7.16  -2.48     3.56
  SINCE JAN 1      9.34                     11.11  -1.77     4.98

DEGREE DAYS
 HEATING
  YESTERDAY        1                         8     -7       21
  MONTH TO DATE  285                       262     23      159
  SINCE MAR 1   2051                      2057     -6     2094
  SINCE JUL 1   7097                      8044   -947     8260

 COOLING
  YESTERDAY        0                         1     -1        0
  MONTH TO DATE    0                         4     -4       20
  SINCE MAR 1      0                         5     -5       20
  SINCE JAN 1      0                         5     -5       20
..................................................................


WIND (MPH)
  HIGHEST WIND SPEED     9   HIGHEST WIND DIRECTION     N (340)
  HIGHEST GUST SPEED    14   HIGHEST GUST DIRECTION     W (280)
  AVERAGE WIND SPEED     1.2


SKY COVER
  AVERAGE SKY COVER 0.0


WEATHER CONDITIONS
 THE FOLLOWING WEATHER WAS RECORDED YESTERDAY.
  HAZE


RELATIVE HUMIDITY (PERCENT)
 HIGHEST    93           200 AM
 LOWEST     23           300 PM
 AVERAGE    58

..........................................................


THE MASSENA NY CLIMATE NORMALS FOR TODAY
                         NORMAL    RECORD    YEAR
 MAXIMUM TEMPERATURE (F)   69        88      1966
 MINIMUM TEMPERATURE (F)   46        29      1956


SUNRISE AND SUNSET
MAY 24 2016...........SUNRISE   521 AM EDT   SUNSET   832 PM EDT
MAY 25 2016...........SUNRISE   521 AM EDT   SUNSET   833 PM EDT


-  INDICATES NEGATIVE NUMBERS.
R  INDICATES RECORD WAS SET OR TIED.
MM INDICATES DATA IS MISSING.
T  INDICATES TRACE AMOUNT.

$$
