000
CDUS41 KBTV 200553
CLIMSS


CLIMATE REPORT
NATIONAL WEATHER SERVICE BURLINGTON VT
1246 AM EST MON FEB 20 2017


...................................

...THE MASSENA NY CLIMATE SUMMARY FOR FEBRUARY 19 2017...

CLIMATE NORMAL PERIOD 1981 TO 2010
CLIMATE RECORD PERIOD 1948 TO 2017


WEATHER ITEM   OBSERVED TIME   RECORD YEAR NORMAL DEPARTURE LAST
                VALUE   (LST)  VALUE       VALUE  FROM      YEAR
                                                  NORMAL
..................................................................
TEMPERATURE (F)
 YESTERDAY
  MAXIMUM         48    223 PM  57    1994  29     19       32
  MINIMUM         33   1159 PM -19    1967   8     25      -10
  AVERAGE         41                        19     22       11

PRECIPITATION (IN)
  YESTERDAY        0.00          0.79        0.06  -0.06     0.01
  MONTH TO DATE    1.30                      1.15   0.15     2.09
  SINCE DEC 1      5.20                      5.76  -0.56     5.27
  SINCE JAN 1      2.87                      3.33  -0.46     2.62

DEGREE DAYS
 HEATING
  YESTERDAY       24                        46    -22       54
  MONTH TO DATE  814                       920   -106      882
  SINCE DEC 1   3257                      3814   -557     3167
  SINCE JUL 1   4663                      5583   -920     4641

 COOLING
  YESTERDAY        0                         0      0        0
  MONTH TO DATE    0                         0      0        0
  SINCE DEC 1      0                         0      0        0
  SINCE JAN 1      0                         0      0        0
..................................................................


WIND (MPH)
  HIGHEST WIND SPEED    22   HIGHEST WIND DIRECTION     W (270)
  HIGHEST GUST SPEED    28   HIGHEST GUST DIRECTION     W (290)
  AVERAGE WIND SPEED    11.5


SKY COVER
  AVERAGE SKY COVER 0.4


WEATHER CONDITIONS
 THE FOLLOWING WEATHER WAS RECORDED YESTERDAY.
  NO SIGNIFICANT WEATHER WAS OBSERVED.


RELATIVE HUMIDITY (PERCENT)
 HIGHEST    85           600 AM
 LOWEST     54           200 PM
 AVERAGE    70

..........................................................


THE MASSENA NY CLIMATE NORMALS FOR TODAY
                         NORMAL    RECORD    YEAR
 MAXIMUM TEMPERATURE (F)   29        63      1994
 MINIMUM TEMPERATURE (F)    9       -18      1993


SUNRISE AND SUNSET
FEBRUARY 20 2017......SUNRISE   652 AM EST   SUNSET   535 PM EST
FEBRUARY 21 2017......SUNRISE   650 AM EST   SUNSET   536 PM EST


-  INDICATES NEGATIVE NUMBERS.
R  INDICATES RECORD WAS SET OR TIED.
MM INDICATES DATA IS MISSING.
T  INDICATES TRACE AMOUNT.




$$
