000
CDUS41 KBTV 300534
CLIMSS


CLIMATE REPORT
NATIONAL WEATHER SERVICE BURLINGTON VT
133 AM EDT TUE JUN 30 2015


...................................

...THE MASSENA NY CLIMATE SUMMARY FOR JUNE 29 2015...

CLIMATE NORMAL PERIOD 1981 TO 2010
CLIMATE RECORD PERIOD 1948 TO 2015


WEATHER ITEM   OBSERVED TIME   RECORD YEAR NORMAL DEPARTURE LAST
                VALUE   (LST)  VALUE       VALUE  FROM      YEAR
                                                  NORMAL
..................................................................
TEMPERATURE (F)
 YESTERDAY
  MAXIMUM         69    536 PM  93    1959  79    -10       88
  MINIMUM         55    424 AM  39    1988  57     -2       59
  AVERAGE         62                        68     -6       74

PRECIPITATION (IN)
  YESTERDAY        0.03          1.15        0.12  -0.09     0.01
  MONTH TO DATE    5.10                      3.40   1.70     4.93
  SINCE JUN 1      5.10                      3.40   1.70     4.93
  SINCE JAN 1     11.09                     15.33  -4.24    14.86

DEGREE DAYS
 HEATING
  YESTERDAY        3                         1      2        0
  MONTH TO DATE  100                        94      6       38
  SINCE JUN 1    100                        94      6       38
  SINCE JUL 1   8381                      8195    186     8601

 COOLING
  YESTERDAY        0                         4     -4        9
  MONTH TO DATE   47                        70    -23       71
  SINCE JUN 1     47                        70    -23       71
  SINCE JAN 1     92                        84      8       86
..................................................................


WIND (MPH)
  HIGHEST WIND SPEED    15   HIGHEST WIND DIRECTION     W (260)
  HIGHEST GUST SPEED    19   HIGHEST GUST DIRECTION     W (260)
  AVERAGE WIND SPEED     5.6


SKY COVER
  AVERAGE SKY COVER 0.8


WEATHER CONDITIONS
 THE FOLLOWING WEATHER WAS RECORDED YESTERDAY.
  RAIN
  LIGHT RAIN
  FOG


RELATIVE HUMIDITY (PERCENT)
 HIGHEST   100          1200 AM
 LOWEST     63           600 PM
 AVERAGE    82

..........................................................


THE MASSENA NY CLIMATE NORMALS FOR TODAY
                         NORMAL    RECORD    YEAR
 MAXIMUM TEMPERATURE (F)   79        93      1964
 MINIMUM TEMPERATURE (F)   57        46      1975


SUNRISE AND SUNSET
JUNE 30 2015..........SUNRISE   516 AM EDT   SUNSET   850 PM EDT
JULY  1 2015..........SUNRISE   517 AM EDT   SUNSET   850 PM EDT


-  INDICATES NEGATIVE NUMBERS.
R  INDICATES RECORD WAS SET OR TIED.
MM INDICATES DATA IS MISSING.
T  INDICATES TRACE AMOUNT.




$$
