000
CDUS41 KBTV 210546
CLIMSS


CLIMATE REPORT
NATIONAL WEATHER SERVICE BURLINGTON VT
144 AM EDT MON AUG 21 2017


...................................

...THE MASSENA NY CLIMATE SUMMARY FOR AUGUST 20 2017...

CLIMATE NORMAL PERIOD 1981 TO 2010
CLIMATE RECORD PERIOD 1948 TO 2017


WEATHER ITEM   OBSERVED TIME   RECORD YEAR NORMAL DEPARTURE LAST
                VALUE   (LST)  VALUE       VALUE  FROM      YEAR
                                                  NORMAL
..................................................................
TEMPERATURE (F)
 YESTERDAY
  MAXIMUM         80    256 PM  91    1955  77      3       90
  MINIMUM         60    551 AM  41    1953  55      5       55
  AVERAGE         70                        66      4       73

PRECIPITATION (IN)
  YESTERDAY        0.00          1.60        0.10  -0.10     0.00
  MONTH TO DATE    2.89                      2.34   0.55     1.63
  SINCE JUN 1     14.23                      9.43   4.80     9.29
  SINCE JAN 1     28.88                     21.36   7.52    18.63

DEGREE DAYS
 HEATING
  YESTERDAY        0                         2     -2        0
  MONTH TO DATE    4                        24    -20        0
  SINCE JUN 1    109                       143    -34       74
  SINCE JUL 1     15                        47    -32        9

 COOLING
  YESTERDAY        5                         3      2        8
  MONTH TO DATE   90                        74     16      148
  SINCE JUN 1    293                       294     -1      376
  SINCE JAN 1    309                       308      1      422
..................................................................


WIND (MPH)
  HIGHEST WIND SPEED    16   HIGHEST WIND DIRECTION    SW (220)
  HIGHEST GUST SPEED    21   HIGHEST GUST DIRECTION    SW (220)
  AVERAGE WIND SPEED     8.7


SKY COVER
  AVERAGE SKY COVER 0.2


WEATHER CONDITIONS
 THE FOLLOWING WEATHER WAS RECORDED YESTERDAY.
  NO SIGNIFICANT WEATHER WAS OBSERVED.


RELATIVE HUMIDITY (PERCENT)
 HIGHEST   100           600 AM
 LOWEST     56          1200 PM
 AVERAGE    78

..........................................................


THE MASSENA NY CLIMATE NORMALS FOR TODAY
                         NORMAL    RECORD    YEAR
 MAXIMUM TEMPERATURE (F)   77        91      1995
 MINIMUM TEMPERATURE (F)   55        41      1957


SUNRISE AND SUNSET
AUGUST 21 2017........SUNRISE   609 AM EDT   SUNSET   755 PM EDT
AUGUST 22 2017........SUNRISE   610 AM EDT   SUNSET   754 PM EDT


-  INDICATES NEGATIVE NUMBERS.
R  INDICATES RECORD WAS SET OR TIED.
MM INDICATES DATA IS MISSING.
T  INDICATES TRACE AMOUNT.




$$
