000
CDUS41 KBTV 250535
CLIMSS


CLIMATE REPORT
NATIONAL WEATHER SERVICE BURLINGTON VT
131 AM EDT SAT MAR 25 2017


...................................

...THE MASSENA NY CLIMATE SUMMARY FOR MARCH 24 2017...

CLIMATE NORMAL PERIOD 1981 TO 2010
CLIMATE RECORD PERIOD 1948 TO 2017


WEATHER ITEM   OBSERVED TIME   RECORD YEAR NORMAL DEPARTURE LAST
                VALUE   (LST)  VALUE       VALUE  FROM      YEAR
                                                  NORMAL
..................................................................
TEMPERATURE (F)
 YESTERDAY
  MAXIMUM         33   1048 PM  67    1979  41     -8       31
  MINIMUM         26    634 AM -11    2014  22      4       21
  AVERAGE         30                        32     -2       26

PRECIPITATION (IN)
  YESTERDAY        0.64          0.80        0.07   0.57     0.04
  MONTH TO DATE    1.65                      1.58   0.07     1.27
  SINCE MAR 1      1.65                      1.58   0.07     1.27
  SINCE JAN 1      5.08                      5.53  -0.45     5.93

DEGREE DAYS
 HEATING
  YESTERDAY       35                        33      2       39
  MONTH TO DATE 1034                       926    108      823
  SINCE MAR 1   1034                       926    108      823
  SINCE JUL 1   5960                      6913   -953     5869

 COOLING
  YESTERDAY        0                         0      0        0
  MONTH TO DATE    0                         0      0        0
  SINCE MAR 1      0                         0      0        0
  SINCE JAN 1      0                         0      0        0
..................................................................


WIND (MPH)
  HIGHEST WIND SPEED     9   HIGHEST WIND DIRECTION     S (160)
  HIGHEST GUST SPEED    12   HIGHEST GUST DIRECTION     S (160)
  AVERAGE WIND SPEED     2.7


SKY COVER
  AVERAGE SKY COVER 1.0


WEATHER CONDITIONS
 THE FOLLOWING WEATHER WAS RECORDED YESTERDAY.
  RAIN
  LIGHT RAIN
  HEAVY SNOW
  SNOW
  LIGHT SNOW
  FOG
  FOG W/VISIBILITY <= 1/4 MILE


RELATIVE HUMIDITY (PERCENT)
 HIGHEST   100          1100 PM
 LOWEST     47           200 AM
 AVERAGE    74

..........................................................


THE MASSENA NY CLIMATE NORMALS FOR TODAY
                         NORMAL    RECORD    YEAR
 MAXIMUM TEMPERATURE (F)   42        73      1996
 MINIMUM TEMPERATURE (F)   23        -2      2014


SUNRISE AND SUNSET
MARCH 25 2017.........SUNRISE   653 AM EDT   SUNSET   719 PM EDT
MARCH 26 2017.........SUNRISE   651 AM EDT   SUNSET   720 PM EDT


-  INDICATES NEGATIVE NUMBERS.
R  INDICATES RECORD WAS SET OR TIED.
MM INDICATES DATA IS MISSING.
T  INDICATES TRACE AMOUNT.




$$
