000
CDUS41 KBTV 200535
CLIMSS


CLIMATE REPORT
NATIONAL WEATHER SERVICE BURLINGTON VT
134 AM EDT MON OCT 20 2014


...................................

...THE MASSENA NY CLIMATE SUMMARY FOR OCTOBER 19 2014...

CLIMATE NORMAL PERIOD 1981 TO 2010
CLIMATE RECORD PERIOD 1948 TO 2014


WEATHER ITEM   OBSERVED TIME   RECORD YEAR NORMAL DEPARTURE LAST
                VALUE   (LST)  VALUE       VALUE  FROM      YEAR
                                                  NORMAL
..................................................................
TEMPERATURE (F)
 YESTERDAY
  MAXIMUM         44        MM  81    2007  55    -11       62
  MINIMUM         35   1000 PM  21    2009  35      0       41
                                      2008
                                      1972
  AVERAGE         40                        45     -5       52

PRECIPITATION (IN)
  YESTERDAY        T             1.46        0.11  -0.11     0.11
  MONTH TO DATE    1.71                      2.07  -0.36     1.87
  SINCE SEP 1      2.92                      5.72  -2.80     7.31
  SINCE JAN 1     28.38                     28.26   0.12    30.43

DEGREE DAYS
 HEATING
  YESTERDAY       25                        20      5       13
  MONTH TO DATE  206                       317   -111      174
  SINCE SEP 1    413                       542   -129      419
  SINCE JUL 1    473                       617   -144      475

 COOLING
  YESTERDAY        0                         0      0        0
  MONTH TO DATE    7                         0      7        0
  SINCE SEP 1     48                        25     23       31
  SINCE JAN 1    336                       361    -25      418
..................................................................


WIND (MPH)
  HIGHEST WIND SPEED    16   HIGHEST WIND DIRECTION     W (290)
  HIGHEST GUST SPEED    23   HIGHEST GUST DIRECTION     W (290)
  AVERAGE WIND SPEED    11.0


SKY COVER
  AVERAGE SKY COVER 0.9


WEATHER CONDITIONS
 THE FOLLOWING WEATHER WAS RECORDED YESTERDAY.
  LIGHT RAIN


RELATIVE HUMIDITY (PERCENT)
 HIGHEST    79           400 AM
 LOWEST     53           100 PM
 AVERAGE    66

..........................................................


THE MASSENA NY CLIMATE NORMALS FOR TODAY
                         NORMAL    RECORD    YEAR
 MAXIMUM TEMPERATURE (F)   55        78      1995
 MINIMUM TEMPERATURE (F)   35        16      1972


SUNRISE AND SUNSET
OCTOBER 20 2014.......SUNRISE   721 AM EDT   SUNSET   606 PM EDT
OCTOBER 21 2014.......SUNRISE   723 AM EDT   SUNSET   605 PM EDT


-  INDICATES NEGATIVE NUMBERS.
R  INDICATES RECORD WAS SET OR TIED.
MM INDICATES DATA IS MISSING.
T  INDICATES TRACE AMOUNT.




$$
