000
CDUS41 KBTV 270526
CLIMSS


CLIMATE REPORT
NATIONAL WEATHER SERVICE BURLINGTON VT
125 AM EDT WED MAY 27 2015


...................................

...THE MASSENA NY CLIMATE SUMMARY FOR MAY 26 2015...

CLIMATE NORMAL PERIOD 1981 TO 2010
CLIMATE RECORD PERIOD 1948 TO 2015


WEATHER ITEM   OBSERVED TIME   RECORD YEAR NORMAL DEPARTURE LAST
                VALUE   (LST)  VALUE       VALUE  FROM      YEAR
                                                  NORMAL
..................................................................
TEMPERATURE (F)
 YESTERDAY
  MAXIMUM         85    154 PM  96    2010  70     15       80
  MINIMUM         67   1007 PM  32    1972  47     20       57
  AVERAGE         76                        58     18       69

PRECIPITATION (IN)
  YESTERDAY        0.01          1.43        0.10  -0.09     0.06
  MONTH TO DATE    0.90                      2.56  -1.66     2.10
  SINCE MAR 1      3.92                      7.47  -3.55     7.18
  SINCE JAN 1      5.34                     11.42  -6.08     9.92

DEGREE DAYS
 HEATING
  YESTERDAY        0                         7     -7        0
  MONTH TO DATE  160                       285   -125      231
  SINCE MAR 1   2095                      2080     15     2358
  SINCE JUL 1   8261                      8067    194     8527

 COOLING
  YESTERDAY       11                         1     10        4
  MONTH TO DATE   33                         7     26       15
  SINCE MAR 1     33                         8     25       15
  SINCE JAN 1     33                         8     25       15
..................................................................


WIND (MPH)
  HIGHEST WIND SPEED    24   HIGHEST WIND DIRECTION    SW (230)
  HIGHEST GUST SPEED    33   HIGHEST GUST DIRECTION     W (250)
  AVERAGE WIND SPEED    13.0


SKY COVER
  AVERAGE SKY COVER 0.2


WEATHER CONDITIONS
 THE FOLLOWING WEATHER WAS RECORDED YESTERDAY.
  LIGHT RAIN


RELATIVE HUMIDITY (PERCENT)
 HIGHEST    87          1200 AM
 LOWEST     44           400 PM
 AVERAGE    66

..........................................................


THE MASSENA NY CLIMATE NORMALS FOR TODAY
                         NORMAL    RECORD    YEAR
 MAXIMUM TEMPERATURE (F)   70        89      1978
 MINIMUM TEMPERATURE (F)   47        30      1954


SUNRISE AND SUNSET
MAY 27 2015...........SUNRISE   520 AM EDT   SUNSET   834 PM EDT
MAY 28 2015...........SUNRISE   519 AM EDT   SUNSET   835 PM EDT


-  INDICATES NEGATIVE NUMBERS.
R  INDICATES RECORD WAS SET OR TIED.
MM INDICATES DATA IS MISSING.
T  INDICATES TRACE AMOUNT.




$$
