000
CDUS41 KBTV 100537
CLIMSS


CLIMATE REPORT
NATIONAL WEATHER SERVICE BURLINGTON VT
1233 AM EST WED FEB 10 2016


...................................

...THE MASSENA NY CLIMATE SUMMARY FOR FEBRUARY 9 2016...

CLIMATE NORMAL PERIOD 1981 TO 2010
CLIMATE RECORD PERIOD 1948 TO 2016


WEATHER ITEM   OBSERVED TIME   RECORD YEAR NORMAL DEPARTURE LAST
                VALUE   (LST)  VALUE       VALUE  FROM      YEAR
                                                  NORMAL
..................................................................
TEMPERATURE (F)
 YESTERDAY
  MAXIMUM         23    410 PM  54    1990  27     -4       11
  MINIMUM         18    752 AM -31    1959   6     12        5
  AVERAGE         21                        16      5        8

PRECIPITATION (IN)
  YESTERDAY        T             0.37        0.06  -0.06      T
  MONTH TO DATE    0.59                      0.52   0.07     0.12
  SINCE DEC 1      3.77                      5.13  -1.36     2.38
  SINCE JAN 1      1.12                      2.70  -1.58     1.40

DEGREE DAYS
 HEATING
  YESTERDAY       44                        49     -5       57
  MONTH TO DATE  310                       445   -135      543
  SINCE DEC 1   2595                      3339   -744     3402
  SINCE JUL 1   4069                      5108  -1039     4963

 COOLING
  YESTERDAY        0                         0      0        0
  MONTH TO DATE    0                         0      0        0
  SINCE DEC 1      0                         0      0        0
  SINCE JAN 1      0                         0      0        0
..................................................................


WIND (MPH)
  HIGHEST WIND SPEED    20   HIGHEST WIND DIRECTION    NE (60)
  HIGHEST GUST SPEED    25   HIGHEST GUST DIRECTION    NE (60)
  AVERAGE WIND SPEED    11.9


SKY COVER
  AVERAGE SKY COVER 1.0


WEATHER CONDITIONS
 THE FOLLOWING WEATHER WAS RECORDED YESTERDAY.
  LIGHT SNOW
  FOG
  HAZE


RELATIVE HUMIDITY (PERCENT)
 HIGHEST    84          1100 PM
 LOWEST     71          1100 AM
 AVERAGE    78

..........................................................


THE MASSENA NY CLIMATE NORMALS FOR TODAY
                         NORMAL    RECORD    YEAR
 MAXIMUM TEMPERATURE (F)   27        50      1966
 MINIMUM TEMPERATURE (F)    6       -27      1951


SUNRISE AND SUNSET
FEBRUARY 10 2016......SUNRISE   708 AM EST   SUNSET   520 PM EST
FEBRUARY 11 2016......SUNRISE   707 AM EST   SUNSET   521 PM EST


-  INDICATES NEGATIVE NUMBERS.
R  INDICATES RECORD WAS SET OR TIED.
MM INDICATES DATA IS MISSING.
T  INDICATES TRACE AMOUNT.




$$
