302
CDUS42 KKEY 070531
CLIMTH


CLIMATE REPORT
NATIONAL WEATHER SERVICE KEY WEST, FL
1231 AM EST WED DEC 7 2016


...................................

...THE MARATHON CLIMATE SUMMARY FOR DECEMBER 6 2016...

CLIMATE NORMAL PERIOD 1981 TO 2010

WEATHER ITEM   OBSERVED TIME   NORMAL DEPARTURE LAST
                VALUE   (LST)  VALUE  FROM      YEAR
                                      NORMAL
......................................................
TEMPERATURE (F)
 YESTERDAY
  MAXIMUM         88    132 PM  78     10       80
  MINIMUM         80    719 AM  68     12       72
  AVERAGE         84            73     11       76

PRECIPITATION (IN)
  YESTERDAY        0.00          0.07  -0.07     3.25
  MONTH TO DATE    0.53          0.40   0.13     6.82
  SINCE DEC 1      0.53          0.40   0.13     6.82
  SINCE JAN 1     36.53         44.55  -8.02    33.39

SNOWFALL (IN)
  YESTERDAY        0.0
  MONTH TO DATE    0.0
  SINCE DEC 1      0.0
  SINCE JUL 1      0.0
  SNOW DEPTH       0

DEGREE DAYS
 HEATING
  YESTERDAY        0             0      0        0
  MONTH TO DATE    0             0      0        0
  SINCE DEC 1      0             0      0        0
  SINCE JUL 1      0             1     -1        0

 COOLING
  YESTERDAY       19             9     10       11
  MONTH TO DATE  102            54     48       71
  SINCE DEC 1    102            54     48       71
  SINCE JAN 1   5067          4818    249     5497
......................................................


WIND (MPH)
  HIGHEST WIND SPEED    14   HIGHEST WIND DIRECTION     S (160)
  HIGHEST GUST SPEED    19   HIGHEST GUST DIRECTION     S (160)
  AVERAGE WIND SPEED     5.9


SKY COVER
  POSSIBLE SUNSHINE  MM
  AVERAGE SKY COVER 0.1


WEATHER CONDITIONS
 THE FOLLOWING WEATHER WAS RECORDED YESTERDAY.
  NO SIGNIFICANT WEATHER WAS OBSERVED.


RELATIVE HUMIDITY (PERCENT)
 HIGHEST    91
 LOWEST     70
 AVERAGE    81

..........................................................


THE MARATHON CLIMATE NORMALS FOR TODAY
                         NORMAL
 MAXIMUM TEMPERATURE (F)   78
 MINIMUM TEMPERATURE (F)   68


SUNRISE AND SUNSET
DECEMBER  7 2016......SUNRISE   656 AM EST   SUNSET   536 PM EST
DECEMBER  8 2016......SUNRISE   657 AM EST   SUNSET   536 PM EST


-  INDICATES NEGATIVE NUMBERS.
R  INDICATES RECORD WAS SET OR TIED.
MM INDICATES DATA IS MISSING.
T  INDICATES TRACE AMOUNT.




$$
