000
CDUS42 KKEY 230531
CLIMTH


CLIMATE REPORT
NATIONAL WEATHER SERVICE KEY WEST, FL
129 AM EDT SAT SEP 23 2017


...................................

...THE MARATHON CLIMATE SUMMARY FOR SEPTEMBER 22 2017...

CLIMATE NORMAL PERIOD 1981 TO 2010
CLIMATE RECORD PERIOD 9999 TO 9999


WEATHER ITEM   OBSERVED TIME   NORMAL DEPARTURE LAST
                VALUE   (LST)  VALUE  FROM      YEAR
                                      NORMAL
......................................................
TEMPERATURE (F)
 YESTERDAY
  MAXIMUM         90   1123 AM  89      1       92
  MINIMUM         78    440 PM  78      0       81
  AVERAGE         84            84      0       87

PRECIPITATION (IN)
  YESTERDAY       MM             0.25  MM         T
  MONTH TO DATE    2.05          6.06  -4.01     0.61
  SINCE SEP 1      2.05          6.06  -4.01     0.61
  SINCE JAN 1     20.72         34.88 -14.16    29.80

SNOWFALL (IN)
  YESTERDAY        0.0
  MONTH TO DATE    0.0
  SINCE SEP 1      0.0
  SINCE JUL 1      0.0
  SNOW DEPTH       0

DEGREE DAYS
 HEATING
  YESTERDAY        0             0      0        0
  MONTH TO DATE    0             0      0        0
  SINCE SEP 1      0             0      0        0
  SINCE JUL 1      0             0      0        0

 COOLING
  YESTERDAY       19            19      0       22
  MONTH TO DATE  406           421    -15      453
  SINCE SEP 1    406           421    -15      453
  SINCE JAN 1   4353          3807    546     3933
......................................................


WIND (MPH)
  HIGHEST WIND SPEED    22   HIGHEST WIND DIRECTION     N (360)
  HIGHEST GUST SPEED    31   HIGHEST GUST DIRECTION     N (360)
  AVERAGE WIND SPEED     7.8


SKY COVER
  POSSIBLE SUNSHINE  MM
  AVERAGE SKY COVER 0.1


WEATHER CONDITIONS
 THE FOLLOWING WEATHER WAS RECORDED YESTERDAY.
  THUNDERSTORM
  HEAVY RAIN
  LIGHT RAIN
  FOG
  HAZE


RELATIVE HUMIDITY (PERCENT)
 HIGHEST    79
 LOWEST     61
 AVERAGE    70

..........................................................


THE MARATHON CLIMATE NORMALS FOR TODAY
                         NORMAL
 MAXIMUM TEMPERATURE (F)   89
 MINIMUM TEMPERATURE (F)   78


SUNRISE AND SUNSET
SEPTEMBER 23 2017.....SUNRISE   713 AM EDT   SUNSET   719 PM EDT
SEPTEMBER 24 2017.....SUNRISE   714 AM EDT   SUNSET   718 PM EDT


-  INDICATES NEGATIVE NUMBERS.
R  INDICATES RECORD WAS SET OR TIED.
MM INDICATES DATA IS MISSING.
T  INDICATES TRACE AMOUNT.




$$
