000
CDUS42 KKEY 050534
CLIMTH

CLIMATE REPORT NATIONAL WEATHER SERVICE KEY WEST, FL

1232 AM EST THU MAR 5 2015


...THE MARATHON CLIMATE SUMMARY FOR MARCH 4 2015...

CLIMATE NORMAL PERIOD 1981 TO 2010
CLIMATE RECORD PERIOD 9999 TO 9999


WEATHER ITEM   OBSERVED TIME   NORMAL DEPARTURE LAST
                VALUE   (LST)  VALUE  FROM      YEAR
                                      NORMAL
......................................................
TEMPERATURE (F)
 YESTERDAY
  MAXIMUM         83    242 PM  78      5       80
  MINIMUM         75    708 AM  67      8       65
  AVERAGE         79            73      6       73

PRECIPITATION (IN)
  YESTERDAY        0.00          0.09  -0.09     0.08
  MONTH TO DATE    0.01          0.29  -0.28     0.08
  SINCE MAR 1      0.01          0.29  -0.28     0.08
  SINCE JAN 1      2.24          4.11  -1.87     3.77

SNOWFALL (IN)
  YESTERDAY        0.0
  MONTH TO DATE    0.0
  SINCE MAR 1      0.0
  SINCE JUL 1      0.0
  SNOW DEPTH       0

DEGREE DAYS
 HEATING
  YESTERDAY        0             0      0        0
  MONTH TO DATE    0             0      0        0
  SINCE MAR 1      0             0      0        0
  SINCE JUL 1     50            75    -25       35

 COOLING
  YESTERDAY       14             8      6        8
  MONTH TO DATE   54            32     22       39
  SINCE MAR 1     54            32     22       39
  SINCE JAN 1    441           414     27      545
......................................................


WIND (MPH)
  HIGHEST WIND SPEED    14   HIGHEST WIND DIRECTION    SE (120)
  HIGHEST GUST SPEED    25   HIGHEST GUST DIRECTION     E (110)
  AVERAGE WIND SPEED     9.3


SKY COVER
  POSSIBLE SUNSHINE  MM
  AVERAGE SKY COVER 0.1


WEATHER CONDITIONS
 THE FOLLOWING WEATHER WAS RECORDED YESTERDAY.
  NO SIGNIFICANT WEATHER WAS OBSERVED.


RELATIVE HUMIDITY (PERCENT)
 HIGHEST    87
 LOWEST     65
 AVERAGE    76

..........................................................


THE MARATHON CLIMATE NORMALS FOR TODAY
                         NORMAL
 MAXIMUM TEMPERATURE (F)   78
 MINIMUM TEMPERATURE (F)   67


SUNRISE AND SUNSET
MARCH  5 2015.........SUNRISE   643 AM EST   SUNSET   629 PM EST
MARCH  6 2015.........SUNRISE   642 AM EST   SUNSET   629 PM EST


-  INDICATES NEGATIVE NUMBERS.
R  INDICATES RECORD WAS SET OR TIED.
MM INDICATES DATA IS MISSING.
T  INDICATES TRACE AMOUNT.




$$
