000
CDUS42 KKEY 020529 RRA
CLIMTH

CLIMATE REPORT
NATIONAL WEATHER SERVICE KEY WEST, FL
127 AM EDT WED SEP 2 2015


...................................

...THE MARATHON CLIMATE SUMMARY FOR SEPTEMBER 1 2015...

CLIMATE NORMAL PERIOD 1981 TO 2010


WEATHER ITEM   OBSERVED TIME   NORMAL DEPARTURE LAST
                VALUE   (LST)  VALUE  FROM      YEAR
                                      NORMAL
......................................................
TEMPERATURE (F)
 YESTERDAY
  MAXIMUM         92    209 PM  91      1       91
  MINIMUM         82   1201 AM  79      3       79
  AVERAGE         87            85      2       85

PRECIPITATION (IN)
  YESTERDAY        0.00          0.25  -0.25     0.06
  MONTH TO DATE    0.00          0.25  -0.25     0.06
  SINCE SEP 1      0.00          0.25  -0.25     0.06
  SINCE JAN 1     14.11         29.07 -14.96    20.00

SNOWFALL (IN)
  YESTERDAY        0.0
  MONTH TO DATE    0.0
  SINCE SEP 1      0.0
  SINCE JUL 1      0.0
  SNOW DEPTH       0

DEGREE DAYS
 HEATING
  YESTERDAY        0             0      0        0
  MONTH TO DATE    0             0      0        0
  SINCE SEP 1      0             0      0        0
  SINCE JUL 1      0             0      0        0

 COOLING
  YESTERDAY       22            20      2       20
  MONTH TO DATE   22            20      2       20
  SINCE SEP 1     22            20      2       20
  SINCE JAN 1   3838          3406    432     3704
......................................................


WIND (MPH)
  HIGHEST WIND SPEED    12   HIGHEST WIND DIRECTION    NE (60)
  HIGHEST GUST SPEED    14   HIGHEST GUST DIRECTION     E (70)
  AVERAGE WIND SPEED     5.8


SKY COVER
  POSSIBLE SUNSHINE  MM
  AVERAGE SKY COVER 0.1


WEATHER CONDITIONS
 THE FOLLOWING WEATHER WAS RECORDED YESTERDAY.
  NO SIGNIFICANT WEATHER WAS OBSERVED.


RELATIVE HUMIDITY (PERCENT)
 HIGHEST    88
 LOWEST     66
 AVERAGE    77

..........................................................


THE MARATHON CLIMATE NORMALS FOR TODAY
                         NORMAL
 MAXIMUM TEMPERATURE (F)   90
 MINIMUM TEMPERATURE (F)   79


SUNRISE AND SUNSET
SEPTEMBER  2 2015.....SUNRISE   706 AM EDT   SUNSET   742 PM EDT
SEPTEMBER  3 2015.....SUNRISE   706 AM EDT   SUNSET   741 PM EDT


-  INDICATES NEGATIVE NUMBERS.
R  INDICATES RECORD WAS SET OR TIED.
MM INDICATES DATA IS MISSING.
T  INDICATES TRACE AMOUNT.

$$

CLR
