000
CDUS43 KILX 240654
CLIMTO


CLIMATE REPORT
NATIONAL WEATHER SERVICE LINCOLN IL
153 AM CDT WED MAY 24 2017


...................................

...THE MATTOON IL AIRPORT CLIMATE SUMMARY FOR MAY 23 2017...

CLIMATE NORMAL PERIOD 1981 TO 2010
CLIMATE RECORD PERIOD 9999 TO 9999


WEATHER ITEM   OBSERVED TIME   RECORD YEAR NORMAL DEPARTURE LAST
                VALUE   (LST)  VALUE       VALUE  FROM      YEAR
                                                  NORMAL
..................................................................
TEMPERATURE (F)
 YESTERDAY
  MAXIMUM         71   1250 PM  MM      MM  76     -5       79
  MINIMUM         57   1159 PM  MM      MM  55      2       51
  AVERAGE         64                        65     -1       65

PRECIPITATION (IN)
  YESTERDAY        0.09         MM      MM   0.13  -0.04     0.00
  MONTH TO DATE    6.40                      3.45   2.95     1.57
  SINCE MAR 1     14.42                      9.45   4.97    10.05
  SINCE JAN 1     16.25                     13.43   2.82    10.78

DEGREE DAYS
 HEATING
  YESTERDAY        1                         3     -2        0
  MONTH TO DATE  128                       111     17      156
  SINCE MAR 1   1015                      1169   -154     1012
  SINCE JUL 1   4396                      5373   -977     4534

 COOLING
  YESTERDAY        0                         3     -3        0
  MONTH TO DATE   57                        45     12        8
  SINCE MAR 1     78                        59     19       15
  SINCE JAN 1     78                        59     19       15
..................................................................


WIND (MPH)
  HIGHEST WIND SPEED    16   HIGHEST WIND DIRECTION    NW (300)
  HIGHEST GUST SPEED    22   HIGHEST GUST DIRECTION    NW (300)
  AVERAGE WIND SPEED     5.4


SKY COVER
  POSSIBLE SUNSHINE  MM
  AVERAGE SKY COVER 0.7


WEATHER CONDITIONS
 THE FOLLOWING WEATHER WAS RECORDED YESTERDAY.
  LIGHT RAIN
  FOG


RELATIVE HUMIDITY (PERCENT)
 HIGHEST   100           900 PM
 LOWEST     47          1200 PM
 AVERAGE    74

..........................................................


THE MATTOON IL AIRPORT CLIMATE NORMALS FOR TODAY
                         NORMAL    RECORD    YEAR
 MAXIMUM TEMPERATURE (F)   76        MM        MM
 MINIMUM TEMPERATURE (F)   55        MM        MM


SUNRISE AND SUNSET
MAY 24 2017...........SUNRISE   532 AM CDT   SUNSET   808 PM CDT
MAY 25 2017...........SUNRISE   531 AM CDT   SUNSET   809 PM CDT


-  INDICATES NEGATIVE NUMBERS.
R  INDICATES RECORD WAS SET OR TIED.
MM INDICATES DATA IS MISSING.
T  INDICATES TRACE AMOUNT.




$$
