000
CDUS43 KILX 200649
CLIMTO


CLIMATE REPORT
NATIONAL WEATHER SERVICE LINCOLN IL
1243 AM CST TUE FEB 20 2018


...................................

...THE MATTOON IL AIRPORT CLIMATE SUMMARY FOR FEBRUARY 19 2018...

CLIMATE NORMAL PERIOD 1981 TO 2010
CLIMATE RECORD PERIOD 9999 TO 9999


WEATHER ITEM   OBSERVED TIME   RECORD YEAR NORMAL DEPARTURE LAST
                VALUE   (LST)  VALUE       VALUE  FROM      YEAR
                                                  NORMAL
..................................................................
TEMPERATURE (F)
 YESTERDAY
  MAXIMUM         63   1159 PM  MM      MM  41     22       61
  MINIMUM         47   1247 AM  MM      MM  25     22       48
  AVERAGE         55                        33     22       55

PRECIPITATION (IN)
  YESTERDAY        0.45         MM      MM   0.06   0.39     0.00
  MONTH TO DATE    0.60                      1.25  -0.65     0.04
  SINCE DEC 1      1.49                      6.23  -4.74     2.29
  SINCE JAN 1      1.20                      3.46  -2.26     1.76

DEGREE DAYS
 HEATING
  YESTERDAY       10                        32    -22       10
  MONTH TO DATE  670                       659     11      492
  SINCE DEC 1   2979                      2876    103     2540
  SINCE JUL 1   3909                      3935    -26     3251

 COOLING
  YESTERDAY        0                         0      0        0
  MONTH TO DATE    0                         0      0        0
  SINCE DEC 1      0                         0      0        0
  SINCE JAN 1      0                         0      0        0
..................................................................


WIND (MPH)
  HIGHEST WIND SPEED    26   HIGHEST WIND DIRECTION     S (200)
  HIGHEST GUST SPEED    36   HIGHEST GUST DIRECTION     S (200)
  AVERAGE WIND SPEED    14.2


SKY COVER
  POSSIBLE SUNSHINE  MM
  AVERAGE SKY COVER 1.0


WEATHER CONDITIONS
 THE FOLLOWING WEATHER WAS RECORDED YESTERDAY.
  THUNDERSTORM
  RAIN
  LIGHT RAIN
  FOG


RELATIVE HUMIDITY (PERCENT)
 HIGHEST   100          1100 AM
 LOWEST     65          1200 AM
 AVERAGE    83

..........................................................


THE MATTOON IL AIRPORT CLIMATE NORMALS FOR TODAY
                         NORMAL    RECORD    YEAR
 MAXIMUM TEMPERATURE (F)   42        MM        MM
 MINIMUM TEMPERATURE (F)   26        MM        MM


SUNRISE AND SUNSET
FEBRUARY 20 2018......SUNRISE   639 AM CST   SUNSET   536 PM CST
FEBRUARY 21 2018......SUNRISE   637 AM CST   SUNSET   537 PM CST


-  INDICATES NEGATIVE NUMBERS.
R  INDICATES RECORD WAS SET OR TIED.
MM INDICATES DATA IS MISSING.
T  INDICATES TRACE AMOUNT.




$$
