000
CDUS43 KILX 282157
CLIMTO


CLIMATE REPORT
NATIONAL WEATHER SERVICE LINCOLN IL
456 PM CDT WED JUN 28 2017


...................................

...THE MATTOON IL AIRPORT CLIMATE SUMMARY FOR JUNE 28 2017...
VALID TODAY AS OF 0400 PM LOCAL TIME.

CLIMATE NORMAL PERIOD 1981 TO 2010
CLIMATE RECORD PERIOD 9999 TO 9999


WEATHER ITEM   OBSERVED TIME   RECORD YEAR NORMAL DEPARTURE LAST
                VALUE   (LST)  VALUE       VALUE  FROM      YEAR
                                                  NORMAL
..................................................................
TEMPERATURE (F)
 TODAY
  MAXIMUM         82    252 PM  MM      MM  85     -3       82
  MINIMUM         57    349 AM  MM      MM  65     -8       58
  AVERAGE         70                        75     -5       70

PRECIPITATION (IN)
  TODAY            0.00         MM      MM   0.13  -0.13     0.00
  MONTH TO DATE    2.80                      3.97  -1.17     2.14
  SINCE JUN 1      2.80                      3.97  -1.17     2.14
  SINCE JAN 1     19.18                     18.32   0.86    13.88

DEGREE DAYS
 HEATING
  TODAY            0                         0      0        0
  MONTH TO DATE    1                        14    -13        0
  SINCE JUN 1      1                        14    -13        0
  SINCE JUL 1   4406                      5404   -998     4534

 COOLING
  TODAY            5                        10     -5        5
  MONTH TO DATE  233                       202     31      311
  SINCE JUN 1    233                       202     31      311
  SINCE JAN 1    339                       290     49      386
..................................................................


WIND (MPH)
  HIGHEST WIND SPEED    20   HIGHEST WIND DIRECTION     S (170)
  HIGHEST GUST SPEED    30   HIGHEST GUST DIRECTION     S (160)
  AVERAGE WIND SPEED    10.4


SKY COVER
  POSSIBLE SUNSHINE  MM
  AVERAGE SKY COVER 0.0


WEATHER CONDITIONS
 THE FOLLOWING WEATHER WAS RECORDED TODAY.
  NO SIGNIFICANT WEATHER WAS OBSERVED.


RELATIVE HUMIDITY (PERCENT)
 HIGHEST    80          1200 AM
 LOWEST     58          1200 PM
 AVERAGE    69

..........................................................


THE MATTOON IL AIRPORT CLIMATE NORMALS FOR TOMORROW
                         NORMAL    RECORD    YEAR
 MAXIMUM TEMPERATURE (F)   85        MM        MM
 MINIMUM TEMPERATURE (F)   65        MM        MM


SUNRISE AND SUNSET
JUNE 28 2017..........SUNRISE   528 AM CDT   SUNSET   824 PM CDT
JUNE 29 2017..........SUNRISE   529 AM CDT   SUNSET   824 PM CDT


-  INDICATES NEGATIVE NUMBERS.
R  INDICATES RECORD WAS SET OR TIED.
MM INDICATES DATA IS MISSING.
T  INDICATES TRACE AMOUNT.




$$
