979
CDUS41 KBTV 030534
CLIMVL


CLIMATE REPORT
NATIONAL WEATHER SERVICE BURLINGTON VT
129 AM EDT TUE MAY 3 2016


...................................

...THE MORRISVILLE VT CLIMATE SUMMARY FOR MAY 2 2016...

CLIMATE NORMAL PERIOD 1981 TO 2010
CLIMATE RECORD PERIOD 9999 TO 9999


WEATHER ITEM   OBSERVED TIME   NORMAL DEPARTURE LAST
                VALUE   (LST)  VALUE  FROM      YEAR
                                      NORMAL
......................................................
TEMPERATURE (F)
 YESTERDAY
  MAXIMUM         46    515 PM  62    -16       72
  MINIMUM         39    502 AM  36      3       32
  AVERAGE         43            49     -6       52

PRECIPITATION (IN)
  YESTERDAY        0.23          0.08   0.15     0.00
  MONTH TO DATE    0.23          0.17   0.06     0.00
  SINCE MAR 1      3.05          4.24  -1.19     1.50
  SINCE JAN 1      6.20          8.52  -2.32     2.62

DEGREE DAYS
 HEATING
  YESTERDAY       22            16      6       13
  MONTH TO DATE   45            32     13       28
  SINCE MAR 1   1822          1852    -30     2044
  SINCE JUL 1   6395          7812  -1417     7726

 COOLING
  YESTERDAY        0             0      0        0
  MONTH TO DATE    0             0      0        0
  SINCE MAR 1      0             1     -1        0
  SINCE JAN 1      0             1     -1        0
......................................................


WIND (MPH)
  HIGHEST WIND SPEED    10   HIGHEST WIND DIRECTION     S (160)
  HIGHEST GUST SPEED    13   HIGHEST GUST DIRECTION    SE (140)
  AVERAGE WIND SPEED     2.1


SKY COVER
  AVERAGE SKY COVER 1.0


WEATHER CONDITIONS
 THE FOLLOWING WEATHER WAS RECORDED YESTERDAY.
  RAIN
  LIGHT RAIN
  FOG


RELATIVE HUMIDITY (PERCENT)
 HIGHEST    96          1000 PM
 LOWEST     82           800 AM
 AVERAGE    89

..........................................................


THE MORRISVILLE VT CLIMATE NORMALS FOR TODAY
                         NORMAL    RECORD    YEAR
 MAXIMUM TEMPERATURE (F)   63        86      2001
 MINIMUM TEMPERATURE (F)   37        22      1987


SUNRISE AND SUNSET
MAY  3 2016...........SUNRISE   537 AM EDT   SUNSET   758 PM EDT
MAY  4 2016...........SUNRISE   536 AM EDT   SUNSET   759 PM EDT


-  INDICATES NEGATIVE NUMBERS.
R  INDICATES RECORD WAS SET OR TIED.
MM INDICATES DATA IS MISSING.
T  INDICATES TRACE AMOUNT.




$$
