000
CDUS41 KBTV 030531
CLIMVL


CLIMATE REPORT
NATIONAL WEATHER SERVICE BURLINGTON VT
1228 AM EST SAT DEC 3 2016


...................................

...THE MORRISVILLE VT CLIMATE SUMMARY FOR DECEMBER 2 2016...

CLIMATE NORMAL PERIOD 1981 TO 2010
CLIMATE RECORD PERIOD 9999 TO 9999


WEATHER ITEM   OBSERVED TIME   NORMAL DEPARTURE LAST
                VALUE   (LST)  VALUE  FROM      YEAR
                                      NORMAL
......................................................
TEMPERATURE (F)
 YESTERDAY
  MAXIMUM         44   1217 PM  37      7       MM
  MINIMUM         33    707 PM  20     13       MM
  AVERAGE         39            28     11       MM

PRECIPITATION (IN)
  YESTERDAY        0.23          0.10   0.13     0.21
  MONTH TO DATE    0.70          0.19   0.51     0.48
  SINCE DEC 1      0.70          0.19   0.51     0.48
  SINCE JAN 1     19.13         33.55 -14.42    20.98

DEGREE DAYS
 HEATING
  YESTERDAY       26            37    -11       MM
  MONTH TO DATE   47            73    -26       39
  SINCE DEC 1     47            73    -26       39
  SINCE JUL 1   1638          1901   -263     1454

 COOLING
  YESTERDAY        0             0      0       MM
  MONTH TO DATE    0             0      0        0
  SINCE DEC 1      0             0      0        0
  SINCE JAN 1    322           265     57      503
......................................................


WIND (MPH)
  HIGHEST WIND SPEED    15   HIGHEST WIND DIRECTION     S (200)
  HIGHEST GUST SPEED    20   HIGHEST GUST DIRECTION    SW (210)
  AVERAGE WIND SPEED     5.2


SKY COVER
  AVERAGE SKY COVER 0.9


WEATHER CONDITIONS
 THE FOLLOWING WEATHER WAS RECORDED YESTERDAY.
  HEAVY RAIN
  RAIN
  LIGHT RAIN
  LIGHT SNOW
  FOG


RELATIVE HUMIDITY (PERCENT)
 HIGHEST    92           400 PM
 LOWEST     79           200 AM
 AVERAGE    86

..........................................................


THE MORRISVILLE VT CLIMATE NORMALS FOR TODAY
                         NORMAL    RECORD    YEAR
 MAXIMUM TEMPERATURE (F)   37        58      2009
 MINIMUM TEMPERATURE (F)   19         5      2002


SUNRISE AND SUNSET
DECEMBER  3 2016......SUNRISE   710 AM EST   SUNSET   411 PM EST
DECEMBER  4 2016......SUNRISE   711 AM EST   SUNSET   411 PM EST


-  INDICATES NEGATIVE NUMBERS.
R  INDICATES RECORD WAS SET OR TIED.
MM INDICATES DATA IS MISSING.
T  INDICATES TRACE AMOUNT.




$$
