000
CDUS41 KBTV 180530
CLIMVL


CLIMATE REPORT
NATIONAL WEATHER SERVICE BURLINGTON VT
1227 AM EST WED JAN 18 2017


...................................

...THE MORRISVILLE VT CLIMATE SUMMARY FOR JANUARY 17 2017...

CLIMATE NORMAL PERIOD 1981 TO 2010
CLIMATE RECORD PERIOD 9999 TO 9999


WEATHER ITEM   OBSERVED TIME   NORMAL DEPARTURE LAST
                VALUE   (LST)  VALUE  FROM      YEAR
                                      NORMAL
......................................................
TEMPERATURE (F)
 YESTERDAY
  MAXIMUM         37    804 PM  26     11       31
  MINIMUM         14    736 AM   5      9       21
  AVERAGE         26            15     11       26

PRECIPITATION (IN)
  YESTERDAY        0.05          0.08  -0.03      T
  MONTH TO DATE    0.69          1.50  -0.81     0.69
  SINCE DEC 1      3.90          4.14  -0.24     2.63
  SINCE JAN 1      0.69          1.50  -0.81     0.69

DEGREE DAYS
 HEATING
  YESTERDAY       39            50    -11       39
  MONTH TO DATE  744           828    -84      730
  SINCE DEC 1   2014          2138   -124     1577
  SINCE JUL 1   3605          3966   -361     2992

 COOLING
  YESTERDAY        0             0      0        0
  MONTH TO DATE    0             0      0        0
  SINCE DEC 1      0             0      0        0
  SINCE JAN 1      0             0      0        0
......................................................


WIND (MPH)
  HIGHEST WIND SPEED    17   HIGHEST WIND DIRECTION     S (170)
  HIGHEST GUST SPEED    23   HIGHEST GUST DIRECTION     S (160)
  AVERAGE WIND SPEED     2.3


SKY COVER
  AVERAGE SKY COVER 0.4


WEATHER CONDITIONS
 THE FOLLOWING WEATHER WAS RECORDED YESTERDAY.
  LIGHT SNOW
  FOG


RELATIVE HUMIDITY (PERCENT)
 HIGHEST    92          1000 PM
 LOWEST     48           800 PM
 AVERAGE    70

..........................................................


THE MORRISVILLE VT CLIMATE NORMALS FOR TODAY
                         NORMAL    RECORD    YEAR
 MAXIMUM TEMPERATURE (F)   26        45      1999
 MINIMUM TEMPERATURE (F)    5       -27      2003


SUNRISE AND SUNSET
JANUARY 18 2017.......SUNRISE   722 AM EST   SUNSET   441 PM EST
JANUARY 19 2017.......SUNRISE   721 AM EST   SUNSET   442 PM EST


-  INDICATES NEGATIVE NUMBERS.
R  INDICATES RECORD WAS SET OR TIED.
MM INDICATES DATA IS MISSING.
T  INDICATES TRACE AMOUNT.




$$
