000
CDUS41 KBTV 250527
CLIMVL


CLIMATE REPORT
NATIONAL WEATHER SERVICE BURLINGTON VT
125 AM EDT THU AUG 25 2016


...................................

...THE MORRISVILLE VT CLIMATE SUMMARY FOR AUGUST 24 2016...

CLIMATE NORMAL PERIOD 1981 TO 2010
CLIMATE RECORD PERIOD 9999 TO 9999


WEATHER ITEM   OBSERVED TIME   NORMAL DEPARTURE LAST
                VALUE   (LST)  VALUE  FROM      YEAR
                                      NORMAL
......................................................
TEMPERATURE (F)
 YESTERDAY
  MAXIMUM         83    354 PM  77      6       85
  MINIMUM         52    503 AM  52      0       64
  AVERAGE         68            64      4       75

PRECIPITATION (IN)
  YESTERDAY        0.00          0.12  -0.12      T
  MONTH TO DATE    2.58          3.27  -0.69     1.00
  SINCE JUN 1      8.16         11.38  -3.22    10.53
  SINCE JAN 1     15.21         23.00  -7.79    15.78

DEGREE DAYS
 HEATING
  YESTERDAY        0             3     -3        0
  MONTH TO DATE   21            44    -23        5
  SINCE JUN 1    185           197    -12      133
  SINCE JUL 1     54            74    -20       28

 COOLING
  YESTERDAY        3             2      1       10
  MONTH TO DATE   94            64     30      142
  SINCE JUN 1    234           224     10      339
  SINCE JAN 1    263           232     31      392
......................................................


WIND (MPH)
  HIGHEST WIND SPEED    10   HIGHEST WIND DIRECTION    SW (220)
  HIGHEST GUST SPEED    14   HIGHEST GUST DIRECTION     S (200)
  AVERAGE WIND SPEED     3.5


SKY COVER
  AVERAGE SKY COVER 0.0


WEATHER CONDITIONS
 THE FOLLOWING WEATHER WAS RECORDED YESTERDAY.
  NO SIGNIFICANT WEATHER WAS OBSERVED.


RELATIVE HUMIDITY (PERCENT)
 HIGHEST    93          1200 AM
 LOWEST     46           400 PM
 AVERAGE    70

..........................................................


THE MORRISVILLE VT CLIMATE NORMALS FOR TODAY
                         NORMAL    RECORD    YEAR
 MAXIMUM TEMPERATURE (F)   76        89      2007
 MINIMUM TEMPERATURE (F)   52        34      1989


SUNRISE AND SUNSET
AUGUST 25 2016........SUNRISE   605 AM EDT   SUNSET   739 PM EDT
AUGUST 26 2016........SUNRISE   607 AM EDT   SUNSET   737 PM EDT


-  INDICATES NEGATIVE NUMBERS.
R  INDICATES RECORD WAS SET OR TIED.
MM INDICATES DATA IS MISSING.
T  INDICATES TRACE AMOUNT.




$$
