000
CDUS41 KBTV 220606
CLIMVL


CLIMATE REPORT
NATIONAL WEATHER SERVICE BURLINGTON VT
206 AM EDT TUE JUL 22 2014


...................................

...THE MORRISVILLE VT CLIMATE SUMMARY FOR JULY 21 2014...

CLIMATE NORMAL PERIOD 1981 TO 2010
CLIMATE RECORD PERIOD 9999 TO 9999


WEATHER ITEM   OBSERVED TIME   NORMAL DEPARTURE LAST
                VALUE   (LST)  VALUE  FROM      YEAR
                                      NORMAL
......................................................
TEMPERATURE (F)
 YESTERDAY
  MAXIMUM         83    447 PM  80      3       MM
  MINIMUM         52    401 AM  56     -4       MM
  AVERAGE         68            68      0       MM

PRECIPITATION (IN)
  YESTERDAY        0.00          0.14  -0.14     0.00
  MONTH TO DATE    3.56          2.93   0.63     4.45
  SINCE JUN 1      7.45          6.91   0.54    13.07
  SINCE JAN 1     21.05         18.53   2.52    25.08

DEGREE DAYS
 HEATING
  YESTERDAY        0             1     -1       MM
  MONTH TO DATE   12            22    -10        0
  SINCE JUN 1     84           145    -61      130
  SINCE JUL 1     12            22    -10        0

 COOLING
  YESTERDAY        3             4     -1       MM
  MONTH TO DATE   88            77     11      158
  SINCE JUN 1    128           125      3      234
  SINCE JAN 1    133           133      0      254
......................................................


WIND (MPH)
  HIGHEST WIND SPEED     8   HIGHEST WIND DIRECTION     E (110)
  HIGHEST GUST SPEED    11   HIGHEST GUST DIRECTION    SE (120)
  AVERAGE WIND SPEED     1.4


SKY COVER
  AVERAGE SKY COVER 0.4


WEATHER CONDITIONS
 THE FOLLOWING WEATHER WAS RECORDED YESTERDAY.
  NO SIGNIFICANT WEATHER WAS OBSERVED.


RELATIVE HUMIDITY (PERCENT)
 HIGHEST    93          1200 AM
 LOWEST     40           300 PM
 AVERAGE    67

..........................................................


THE MORRISVILLE VT CLIMATE NORMALS FOR TODAY
                         NORMAL    RECORD    YEAR
 MAXIMUM TEMPERATURE (F)   80        MM        MM
 MINIMUM TEMPERATURE (F)   56        MM        MM


SUNRISE AND SUNSET
JULY 22 2014..........SUNRISE   526 AM EDT   SUNSET   827 PM EDT
JULY 23 2014..........SUNRISE   527 AM EDT   SUNSET   826 PM EDT


-  INDICATES NEGATIVE NUMBERS.
R  INDICATES RECORD WAS SET OR TIED.
MM INDICATES DATA IS MISSING.
T  INDICATES TRACE AMOUNT.




$$
