000
CDUS41 KBTV 230550
CLIMVL


CLIMATE REPORT
NATIONAL WEATHER SERVICE BURLINGTON VT
147 AM EDT WED APR 23 2014


...................................

...THE MORRISVILLE VT CLIMATE SUMMARY FOR APRIL 22 2014...

CLIMATE NORMAL PERIOD 1981 TO 2010
CLIMATE RECORD PERIOD 9999 TO 9999


WEATHER ITEM   OBSERVED TIME   NORMAL DEPARTURE LAST
                VALUE   (LST)  VALUE  FROM      YEAR
                                      NORMAL
......................................................
TEMPERATURE (F)
 YESTERDAY
  MAXIMUM         67   1147 AM  58      9       55
  MINIMUM         43    523 AM  33     10       20
  AVERAGE         55            45     10       38

PRECIPITATION (IN)
  YESTERDAY        0.20          0.07   0.13     0.00
  MONTH TO DATE    2.15          1.80   0.35     2.48
  SINCE MAR 1      4.82          3.47   1.35     4.25
  SINCE JAN 1      9.42          7.75   1.67     6.96

DEGREE DAYS
 HEATING
  YESTERDAY       10            20    -10       27
  MONTH TO DATE  538           548    -10      566
  SINCE MAR 1   1990          1675    315     1604
  SINCE JUL 1   8044          7635    409     7136

 COOLING
  YESTERDAY        0             0      0        0
  MONTH TO DATE    0             0      0        0
  SINCE MAR 1      0             0      0        0
  SINCE JAN 1      0             0      0        0
......................................................


WIND (MPH)
  HIGHEST WIND SPEED    13   HIGHEST WIND DIRECTION    SW (210)
  HIGHEST GUST SPEED    19   HIGHEST GUST DIRECTION    SW (210)
  AVERAGE WIND SPEED     1.8


SKY COVER
  AVERAGE SKY COVER 0.9


WEATHER CONDITIONS
 THE FOLLOWING WEATHER WAS RECORDED YESTERDAY.
  LIGHT RAIN
  FOG


RELATIVE HUMIDITY (PERCENT)
 HIGHEST    93           300 PM
 LOWEST     26          1100 AM
 AVERAGE    60

..........................................................


THE MORRISVILLE VT CLIMATE NORMALS FOR TODAY
                         NORMAL    RECORD    YEAR
 MAXIMUM TEMPERATURE (F)   58        MM        MM
 MINIMUM TEMPERATURE (F)   33        MM        MM


SUNRISE AND SUNSET
APRIL 23 2014.........SUNRISE   553 AM EDT   SUNSET   745 PM EDT
APRIL 24 2014.........SUNRISE   552 AM EDT   SUNSET   746 PM EDT


-  INDICATES NEGATIVE NUMBERS.
R  INDICATES RECORD WAS SET OR TIED.
MM INDICATES DATA IS MISSING.
T  INDICATES TRACE AMOUNT.




$$
